000
CDAK48 PACD 230054
CLICDB


CLIMATE REPORT
NATIONAL WEATHER SERVICE ANCHORAGE, AK
454 PM AKDT THU JUN 22 2017


...................................

...THE COLD BAY CLIMATE SUMMARY FOR JUNE 22 2017...
VALID TODAY AS OF 0400 PM LOCAL TIME.

CLIMATE NORMAL PERIOD 1981 TO 2010
CLIMATE RECORD PERIOD 1942 TO 2017


WEATHER ITEM   OBSERVED TIME   RECORD YEAR NORMAL DEPARTURE LAST
                VALUE   (LST)  VALUE       VALUE  FROM      YEAR
                                                  NORMAL
..................................................................
TEMPERATURE (F)
 TODAY
  MAXIMUM         52    232 PM  60    2016  52      0       60
                                      2002
  MINIMUM         45    929 AM  27    2006  43      2       48
  AVERAGE         49                        48      1       54

PRECIPITATION (IN)
  TODAY            T             2.76 2001   0.09  -0.09      T
  MONTH TO DATE    1.39                      2.06  -0.67     1.27
  SINCE JUN 1      1.39                      2.06  -0.67     1.27
  SINCE JAN 1     11.36                     15.92  -4.56    13.68

SNOWFALL (IN)
  TODAY            0.0          MM      MM   0.0    0.0     MM
  MONTH TO DATE    0.0                       0.0    0.0      0.0
  SINCE JUN 1      0.0                       0.0    0.0      0.0
  SINCE JUL 1     39.5                      73.1  -33.6     38.3
  SNOW DEPTH       0

DEGREE DAYS
 HEATING
  TODAY           16                        17     -1       11
  MONTH TO DATE  382                       429    -47      356
  SINCE JUN 1    382                       429    -47      356
  SINCE JUL 1   8704                      9425   -721     7768

 COOLING
  TODAY            0                         0      0        0
  MONTH TO DATE    0                         0      0        0
  SINCE JUN 1      0                         0      0        0
  SINCE JAN 1      0                         0      0        0
..................................................................


WIND (MPH)
  RESULTANT WIND SPEED   7   RESULTANT WIND DIRECTION  NW (330)
  HIGHEST WIND SPEED    13   HIGHEST WIND DIRECTION     N (340)
  HIGHEST GUST SPEED    14   HIGHEST GUST DIRECTION    NW (320)
  AVERAGE WIND SPEED     7.5



WEATHER CONDITIONS
 THE FOLLOWING WEATHER WAS RECORDED TODAY.
  LIGHT RAIN


RELATIVE HUMIDITY (PERCENT)
 HIGHEST    86
 LOWEST     71
 AVERAGE    79

..........................................................


THE COLD BAY CLIMATE NORMALS FOR TOMORROW
                         NORMAL    RECORD    YEAR
 MAXIMUM TEMPERATURE (F)   53        66      1953
 MINIMUM TEMPERATURE (F)   43        33      1956


SUNRISE AND SUNSET
JUNE 22 2017..........SUNRISE   610 AM AKDT  SUNSET  1136 PM AKDT
JUNE 23 2017..........SUNRISE   611 AM AKDT  SUNSET  1136 PM AKDT


-  INDICATES NEGATIVE NUMBERS.
R  INDICATES RECORD WAS SET OR TIED.
MM INDICATES DATA IS MISSING.
T  INDICATES TRACE AMOUNT.




$$
