000
CDAK48 PAFC 081306
CLICDB

CLIMATE REPORT
NATIONAL WEATHER SERVICE ANCHORAGE, AK
405 AM AKST THU DEC 8 2016


...................................

...THE COLD BAY CLIMATE SUMMARY FOR DECEMBER 7 2016...

CLIMATE NORMAL PERIOD 1981 TO 2010
CLIMATE RECORD PERIOD 1942 TO 2016


WEATHER ITEM   OBSERVED TIME   RECORD YEAR NORMAL DEPARTURE LAST
                VALUE   (LST)  VALUE       VALUE  FROM      YEAR
                                                  NORMAL
..................................................................
TEMPERATURE (F)
 YESTERDAY
  MAXIMUM         28    238 AM  47    2013  37     -9       38
  MINIMUM         24   1159 PM   8    1999  28     -4       30
  AVERAGE         26                        32     -6       34

PRECIPITATION (IN)
  YESTERDAY        0.07          1.30 2000   0.16  -0.09     0.66
  MONTH TO DATE    0.74                      1.14  -0.40     1.87
  SINCE DEC 1      0.74                      1.14  -0.40     1.87
  SINCE JAN 1     36.74                     38.35  -1.61    33.28

SNOWFALL (IN)
  YESTERDAY        0.7           4.2  2015   0.4    0.3      4.2
  MONTH TO DATE    3.4                       2.8    0.6      4.2
  SINCE DEC 1      3.4                       2.8    0.6      4.2
  SINCE JUL 1      5.2                      15.4  -10.2      9.5
  SNOW DEPTH       1

DEGREE DAYS
 HEATING
  YESTERDAY       39                        33      6       31
  MONTH TO DATE  242                       228     14      200
  SINCE DEC 1    242                       228     14      200
  SINCE JUL 1   2592                      3248   -656     2693

 COOLING
  YESTERDAY        0                         0      0        0
  MONTH TO DATE    0                         0      0        0
  SINCE DEC 1      0                         0      0        0
  SINCE JAN 1      0                         0      0        0
..................................................................


WIND (MPH)
  RESULTANT WIND SPEED  22   RESULTANT WIND DIRECTION   N (350)
  HIGHEST WIND SPEED    33   HIGHEST WIND DIRECTION     N (350)
  HIGHEST GUST SPEED    40   HIGHEST GUST DIRECTION     N (350)
  AVERAGE WIND SPEED    22.1



WEATHER CONDITIONS
 THE FOLLOWING WEATHER WAS RECORDED YESTERDAY.
  LIGHT SNOW
  FOG
  BLOWING SNOW


RELATIVE HUMIDITY (PERCENT)
 HIGHEST   100
 LOWEST     75
 AVERAGE    88

..........................................................


THE COLD BAY CLIMATE NORMALS FOR TODAY
                         NORMAL    RECORD    YEAR
 MAXIMUM TEMPERATURE (F)   37        47      2013
 MINIMUM TEMPERATURE (F)   28         5      1975


SUNRISE AND SUNSET
DECEMBER  8 2016......SUNRISE  1004 AM AKST  SUNSET   522 PM AKST
DECEMBER  9 2016......SUNRISE  1006 AM AKST  SUNSET   521 PM AKST

CIVIL TWILIGHT
DECEMBER 8 2016         START    920 AM GMT     END    608 PM GMT
DECEMBER 9 2016         START    921 AM GMT     END    607 PM GMT



-  INDICATES NEGATIVE NUMBERS.
R  INDICATES RECORD WAS SET OR TIED.
MM INDICATES DATA IS MISSING.
T  INDICATES TRACE AMOUNT.




$$
&&
------------------------------------------------------
AMOUNT OF DAYLIGHT TODAY  (HOUR:MIN)........ 7:18
GAIN/LOSS SINCE YESTERDAY (HOUR:MIN:SEC)....-0:01:38

$$
