000
CDAK48 PACD 300005
CLICDB

CLIMATE REPORT
NATIONAL WEATHER SERVICE COLD BAY, AK
405 PM AKDT FRI APR 29 2016

...................................
...THE COLD BAY AP CLIMATE SUMMARY FOR APRIL 29 2016...
VALID TODAY AS OF 2:00 PM LOCAL TIME

CLIMATE NORMAL PERIOD  1981 TO  2010
CLIMATE RECORD PERIOD  1942 TO  2016

WEATHER ITEM   OBSERVED TIME    RECORD YEAR NORMAL DEPARTURE LAST
               VALUE    (LST)   VALUE       VALUE  FROM      YEAR
                                                   NORMAL
...................................................................
TEMPERATURE
TODAY
 MAXIMUM            49  0254 PM    53  1981     42       7     43
 MINIMUM            28  0416 AM    21  1971     32      -4     37
 AVERAGE            39                          37       2     40

PRECIPITATION
(INCHES)
 TODAY               T           0.55  2004   0.08   -0.08   0.12
 MONTH TO DATE    2.95                        2.35    0.60   1.89
 SINCE MAR 1      4.14                        5.05   -0.91   5.04
 SINCE JAN 1     10.63                       11.19   -0.56   7.55

SNOWFALL
(INCHES)
 TODAY             0.0            1.1  1959    0.1    -0.1    0.0
 MONTH TO DATE     0.7                         6.5    -5.8    8.0
 SINCE MAR 1       8.2                        19.5   -11.3   13.6
 SINCE JUL 1      50.1                        71.7   -21.6   22.3
 SNOW DEPTH (IN)     0                                          0

DEGREE DAYS
 HEATING
  TODAY             26                          28      -2     25
  MONTH TO DATE    721                         902    -181    882
  SINCE MAR 1     1709                        1981    -272   1824
  SINCE JUL 1     7434                        8205    -771   7197

 COOLING
  TODAY              0                           0       0      0
  MONTH TO DATE      0                           0       0      0
  SINCE MAR 1        0                           0       0      0
  SINCE JAN 1        0                           0       0      0
...................................................................

WIND (MPH)
 HIGHEST WIND SPEED    13     HIGHEST WIND DIRECTION    340
 HIGHEST GUST SPEED    18     HIGHEST GUST DIRECTION     10
 AVERAGE WIND SPEED    MM

WEATHER CONDITIONS
 THE FOLLOWING WEATHER WAS RECORDED TODAY.
  FOG
  RAIN
...................................................................

THE COLD BAY CLIMATE NORMALS FOR TOMORROW
                        NORMAL    RECORD   YEAR
 MAXIMUM TEMPERATURE      42        55     1958
 MINIMUM TEMPERATURE      32        21     2013

SUNRISE AND SUNSET
 APR 29 2016..........SUNRISE  7:13 AM      SUNSET 10:25 PM
 APR 30 2016..........SUNRISE  7:11 AM      SUNSET 10:27 PM

-  INDICATES NEGATIVE NUMBERS.
R  INDICATES RECORD HAS BEEN SET OR TIED.
MM INDICATES DATA IS MISSING.
T  INDICATES TRACE OF PRECIPITATION.

&&
-------------------------------------------------------------------

AMOUNT OF DAYLIGHT TODAY  (HOUR:MIN)........15 HOURS 12 MINUTES
GAIN SINCE YESTERDAY  (HOUR:MIN:SEC)........+0:04:09

$$
DAB APR 16
