542
CDAK48 PACD 241149
CLICDB

CLIMATE REPORT
NATIONAL WEATHER SERVICE COLD BAY, AK
349 AM AKDT SUN JUL 24 2016

...................................
...THE COLD BAY AP CLIMATE SUMMARY FOR JULY 23 2016...

CLIMATE NORMAL PERIOD  1981 TO  2010
CLIMATE RECORD PERIOD  1942 TO  2016

WEATHER ITEM   OBSERVED TIME    RECORD YEAR NORMAL DEPARTURE LAST
               VALUE    (LST)   VALUE       VALUE  FROM      YEAR
                                                   NORMAL
...................................................................
TEMPERATURE
YESTERDAY
 MAXIMUM            56  1238 PM    66  1977     56       0     52
 MINIMUM            50  1152 PM    38  2000     47       3     47
 AVERAGE            53                          52       1     50

PRECIPITATION
(INCHES)
 YESTERDAY        0.01           0.42  1990   0.08   -0.07   0.22
 MONTH TO DATE    1.21                        1.77   -0.56   1.93
 SINCE JUN 1      2.94                        4.49   -1.55   3.04
 SINCE JAN 1     15.36                       18.35   -2.99  15.89

SNOWFALL
(INCHES)
 YESTERDAY         0.0            0.0  2016    0.0     0.0    0.0
 MONTH TO DATE     0.0                         0.0     0.0    0.0
 SINCE JUN 1       0.0                         0.0     0.0    0.0
 SINCE JUL 1       0.0                         0.0     0.0    0.0
 SNOW DEPTH (IN)     0                                          0

DEGREE DAYS
 HEATING
  YESTERDAY         12                          13      -1     15
  MONTH TO DATE    225                         334    -109    301
  SINCE JUN 1      692                         896    -204    761
  SINCE JUL 1      225                         334    -109    301

 COOLING
  YESTERDAY          0                           0       0      0
  MONTH TO DATE      0                           0       0      0
  SINCE JUN 1        0                           0       0      0
  SINCE JAN 1        0                           0       0      0
...................................................................

WIND (MPH)
 HIGHEST WIND SPEED    28     HIGHEST WIND DIRECTION    270
 HIGHEST GUST SPEED    33     HIGHEST GUST DIRECTION    250
 AVERAGE WIND SPEED  19.8


WEATHER CONDITIONS
 THE FOLLOWING WEATHER WAS RECORDED YESTERDAY.
  FOG
  RAIN

...................................................................

THE COLD BAY CLIMATE NORMALS FOR TODAY
                           NORMAL    RECORD   YEAR
 MAXIMUM TEMPERATURE (F)     56        68     1968
 MINIMUM TEMPERATURE (F)     47        38     1989

SUNRISE AND SUNSET
 JUL 24 2016..........SUNRISE  6:47 AM      SUNSET 11:08 PM
 JUL 25 2016..........SUNRISE  6:48 AM      SUNSET 11:06 PM

-  INDICATES NEGATIVE NUMBERS.
R  INDICATES RECORD HAS BEEN SET OR TIED.
MM INDICATES DATA IS MISSING.
T  INDICATES TRACE OF PRECIPITATION.

&&
-------------------------------------------------------------------

AMOUNT OF DAYLIGHT TODAY  (HOUR:MIN)........16 HOURS 21 MINUTES
LOSS SINCE YESTERDAY (HOUR:MIN:SEC).........-0:03:20

$$
RCS JUL 16
