000
CDAK48 PACD 112323
CLICDB

CLIMATE REPORT
NATIONAL WEATHER SERVICE COLD BAY, AK
323 PM AKDT FRI JUL 11 2014

...................................
...THE COLD BAY AP CLIMATE SUMMARY FOR JULY 11 2014...
VALID TODAY AS OF 2:00 PM LOCAL TIME

CLIMATE NORMAL PERIOD  1981 TO  2010
CLIMATE RECORD PERIOD  1955 TO  2014

WEATHER ITEM   OBSERVED TIME    RECORD YEAR NORMAL DEPARTURE LAST
               VALUE    (LST)   VALUE       VALUE  FROM      YEAR
                                                   NORMAL
...................................................................
TEMPERATURE
TODAY
 MAXIMUM            59  0159 PM    67  2009     55       4     63
 MINIMUM            50  0708 AM    36  1987     46       4     51
 AVERAGE            55                          51       4     57

PRECIPITATION
(INCHES)
 TODAY            0.01           1.12  1966   0.07   -0.06   0.11
 MONTH TO DATE    0.41                        0.82   -0.41   1.25
 SINCE JUN 1      1.46                        3.54   -2.08   4.07
 SINCE JAN 1     13.44                       17.40   -3.96  17.98

SNOWFALL
(INCHES)
 TODAY             0.0            0.0  2014    0.0     0.0    0.0
 MONTH TO DATE     0.0                         0.0     0.0    0.0
 SINCE JUN 1       0.0                         0.0     0.0    0.0
 SINCE JUL 1       0.0                         0.0     0.0    0.0
 SNOW DEPTH (IN)     0                                          0

DEGREE DAYS
 HEATING
  TODAY             10                          15      -5      8
  MONTH TO DATE    105                         168     -63    154
  SINCE JUN 1      550                         730    -180    663
  SINCE JUL 1      105                         168     -63    154

 COOLING
  TODAY              0                           0       0      0
  MONTH TO DATE      0                           0       0      0
  SINCE JUN 1        0                           0       0      0
  SINCE JAN 1        0                           0       0      0
...................................................................

WIND (MPH)
 HIGHEST WIND SPEED    16     HIGHEST WIND DIRECTION    280
 HIGHEST GUST SPEED    19     HIGHEST GUST DIRECTION    280
 AVERAGE WIND SPEED    MM


WEATHER CONDITIONS
 THE FOLLOWING WEATHER WAS RECORDED TODAY.
  FOG
  RAIN


...................................................................

THE COLD BAY CLIMATE NORMALS FOR TOMORROW
                        NORMAL    RECORD   YEAR
 MAXIMUM TEMPERATURE      55        70     1960
 MINIMUM TEMPERATURE      46        40     1966

SUNRISE AND SUNSET
 JUL 11 2014..........SUNRISE  6:26 AM      SUNSET 11:27 PM
 JUL 12 2014..........SUNRISE  6:28 AM      SUNSET 11:26 PM

-  INDICATES NEGATIVE NUMBERS.
R  INDICATES RECORD HAS BEEN SET OR TIED.
MM INDICATES DATA IS MISSING.
T  INDICATES TRACE OF PRECIPITATION.

&&
-------------------------------------------------------------------

AMOUNT OF DAYLIGHT TODAY  (HOUR:MIN)........17 HOURS 1 MINUTES
LOSS SINCE YESTERDAY (HOUR:MIN:SEC).........-0:02:17

$$
JEG JUL 14
