000
CDUS45 KSLC 051227
CLICDC


CLIMATE REPORT
NATIONAL WEATHER SERVICE SALT LAKE CITY UT
526 AM MST MON DEC 5 2016


...................................

...THE CEDAR CITY UT CLIMATE SUMMARY FOR DECEMBER 4 2016...

CLIMATE NORMAL PERIOD 1981 TO 2010
CLIMATE RECORD PERIOD 1928 TO 2016


WEATHER ITEM   OBSERVED TIME   RECORD YEAR NORMAL DEPARTURE LAST
                VALUE   (LST)  VALUE       VALUE  FROM      YEAR
                                                  NORMAL
..................................................................
TEMPERATURE (F)
 YESTERDAY
  MAXIMUM         51    250 PM  66    1958  44      7       53
  MINIMUM         14    757 AM -11    2013  17     -3       27
  AVERAGE         33                        30      3       40

PRECIPITATION (IN)
  YESTERDAY        0.00          0.33 2001   0.03  -0.03     0.00
  MONTH TO DATE    T                         0.10  -0.10     0.00
  SINCE OCT 1      1.71                      2.37  -0.66     2.23
  SINCE JAN 1      9.63                     10.57  -0.94    12.02

DEGREE DAYS
 HEATING
  YESTERDAY       32                        35     -3       25
  MONTH TO DATE  146                       137      9      127
  SINCE DEC 1    146                       137      9      127
  SINCE JUL 1   1243                      1579   -336     1359

 COOLING
  YESTERDAY        0                         0      0        0
  MONTH TO DATE    0                         0      0        0
  SINCE DEC 1      0                         0      0        0
  SINCE JAN 1    826                       588    238      706
..................................................................


WIND (MPH)
  RESULTANT WIND SPEED   4   RESULTANT WIND DIRECTION   S (200)
  HIGHEST WIND SPEED    16   HIGHEST WIND DIRECTION     S (200)
  HIGHEST GUST SPEED    22   HIGHEST GUST DIRECTION     S (200)
  AVERAGE WIND SPEED     6.7



WEATHER CONDITIONS
 THE FOLLOWING WEATHER WAS RECORDED YESTERDAY.
  NO SIGNIFICANT WEATHER WAS OBSERVED.


RELATIVE HUMIDITY (PERCENT)
 HIGHEST    80           800 AM
 LOWEST     24           200 PM
 AVERAGE    52

..........................................................


THE CEDAR CITY UT CLIMATE NORMALS FOR TODAY
                         NORMAL    RECORD    YEAR
 MAXIMUM TEMPERATURE (F)   43        64      1995
 MINIMUM TEMPERATURE (F)   17       -18      2013


SUNRISE AND SUNSET
DECEMBER  5 2016......SUNRISE   733 AM MST   SUNSET   513 PM MST
DECEMBER  6 2016......SUNRISE   734 AM MST   SUNSET   513 PM MST


-  INDICATES NEGATIVE NUMBERS.
R  INDICATES RECORD WAS SET OR TIED.
MM INDICATES DATA IS MISSING.
T  INDICATES TRACE AMOUNT.




$$
