000
CDUS45 KSLC 211236
CLICDC


CLIMATE REPORT
NATIONAL WEATHER SERVICE SALT LAKE CITY UT
536 AM MST SAT JAN 21 2017


...................................

...THE CEDAR CITY UT CLIMATE SUMMARY FOR JANUARY 20 2017...

CLIMATE NORMAL PERIOD 1981 TO 2010
CLIMATE RECORD PERIOD 1928 TO 2017


WEATHER ITEM   OBSERVED TIME   RECORD YEAR NORMAL DEPARTURE LAST
                VALUE   (LST)  VALUE       VALUE  FROM      YEAR
                                                  NORMAL
..................................................................
TEMPERATURE (F)
 YESTERDAY
  MAXIMUM         34   1108 AM  76    2014  42     -8       45
  MINIMUM         17    405 AM  -8    1988  17      0       23
  AVERAGE         26                        29     -3       34

PRECIPITATION (IN)
  YESTERDAY        0.01          0.18 1949   0.02  -0.01     0.00
  MONTH TO DATE    0.60                      0.56   0.04     0.11
  SINCE OCT 1      3.43                      3.67  -0.24     3.67
  SINCE JAN 1      0.60                      0.56   0.04     0.11

DEGREE DAYS
 HEATING
  YESTERDAY       39                        36      3       31
  MONTH TO DATE  669                       727    -58      748
  SINCE DEC 1   1782                      1847    -65     1911
  SINCE JUL 1   2879                      3289   -410     3143

 COOLING
  YESTERDAY        0                         0      0        0
  MONTH TO DATE    0                         0      0        0
  SINCE DEC 1      0                         0      0        0
  SINCE JAN 1      0                         0      0        0
..................................................................


WIND (MPH)
  RESULTANT WIND SPEED   6   RESULTANT WIND DIRECTION  SW (210)
  HIGHEST WIND SPEED    22   HIGHEST WIND DIRECTION    SW (220)
  HIGHEST GUST SPEED    28   HIGHEST GUST DIRECTION    SW (220)
  AVERAGE WIND SPEED     8.6



WEATHER CONDITIONS
 THE FOLLOWING WEATHER WAS RECORDED YESTERDAY.
  LIGHT SNOW
  FOG


RELATIVE HUMIDITY (PERCENT)
 HIGHEST   100           900 PM
 LOWEST     81           900 AM
 AVERAGE    91

..........................................................


THE CEDAR CITY UT CLIMATE NORMALS FOR TODAY
                         NORMAL    RECORD    YEAR
 MAXIMUM TEMPERATURE (F)   42        63      2014
 MINIMUM TEMPERATURE (F)   17        -4      1955


SUNRISE AND SUNSET
JANUARY 21 2017.......SUNRISE   744 AM MST   SUNSET   544 PM MST
JANUARY 22 2017.......SUNRISE   743 AM MST   SUNSET   545 PM MST


-  INDICATES NEGATIVE NUMBERS.
R  INDICATES RECORD WAS SET OR TIED.
MM INDICATES DATA IS MISSING.
T  INDICATES TRACE AMOUNT.




$$
