000
CDUS45 KSLC 301230
CLICDC


CLIMATE REPORT
NATIONAL WEATHER SERVICE SALT LAKE CITY UT
630 AM MDT TUE JUN 30 2015


...................................

...THE CEDAR CITY UT CLIMATE SUMMARY FOR JUNE 29 2015...

CLIMATE NORMAL PERIOD 1981 TO 2010
CLIMATE RECORD PERIOD 1928 TO 2015


WEATHER ITEM   OBSERVED TIME   RECORD YEAR NORMAL DEPARTURE LAST
                VALUE   (LST)  VALUE       VALUE  FROM      YEAR
                                                  NORMAL
..................................................................
TEMPERATURE (F)
 YESTERDAY
  MAXIMUM         97    157 PM 100    2013  88      9       94
  MINIMUM         65    232 AM  40    1969  53     12       56
  AVERAGE         81                        70     11       75

PRECIPITATION (IN)
  YESTERDAY        0.00          0.39 1995   0.02  -0.02     0.00
  MONTH TO DATE    0.72                      0.52   0.20      T
  SINCE OCT 1      9.66                      8.67   0.99     5.37
  SINCE JAN 1      7.53                      5.56   1.97     3.43

DEGREE DAYS
 HEATING
  YESTERDAY        0                         1     -1        0
  MONTH TO DATE   25                        77    -52       27
  SINCE JUN 1     25                        77    -52       27
  SINCE JUL 1   5363                      6256   -893     6116

 COOLING
  YESTERDAY       16                         6     10       10
  MONTH TO DATE  173                        87     86       89
  SINCE JUN 1    173                        87     86       89
  SINCE JAN 1    175                        95     80      114
..................................................................


WIND (MPH)
  RESULTANT WIND SPEED   3   RESULTANT WIND DIRECTION  SE (130)
  HIGHEST WIND SPEED    16   HIGHEST WIND DIRECTION     N (10)
  HIGHEST GUST SPEED    22   HIGHEST GUST DIRECTION     N (10)
  AVERAGE WIND SPEED     6.3



WEATHER CONDITIONS
 THE FOLLOWING WEATHER WAS RECORDED YESTERDAY.
  THUNDERSTORM


RELATIVE HUMIDITY (PERCENT)
 HIGHEST    42           300 AM
 LOWEST     13           100 PM
 AVERAGE    28

..........................................................


THE CEDAR CITY UT CLIMATE NORMALS FOR TODAY
                         NORMAL    RECORD    YEAR
 MAXIMUM TEMPERATURE (F)   88       101      2013
 MINIMUM TEMPERATURE (F)   53        31      1968


SUNRISE AND SUNSET
JUNE 30 2015..........SUNRISE   614 AM MDT   SUNSET   858 PM MDT
JULY  1 2015..........SUNRISE   614 AM MDT   SUNSET   858 PM MDT


-  INDICATES NEGATIVE NUMBERS.
R  INDICATES RECORD WAS SET OR TIED.
MM INDICATES DATA IS MISSING.
T  INDICATES TRACE AMOUNT.




$$
