000
CDUS45 KSLC 291233
CLICDC


CLIMATE REPORT
NATIONAL WEATHER SERVICE SALT LAKE CITY UT
633 AM MDT THU SEP 29 2016


...................................

...THE CEDAR CITY UT CLIMATE SUMMARY FOR SEPTEMBER 28 2016...

CLIMATE NORMAL PERIOD 1981 TO 2010
CLIMATE RECORD PERIOD 1928 TO 2016


WEATHER ITEM   OBSERVED TIME   RECORD YEAR NORMAL DEPARTURE LAST
                VALUE   (LST)  VALUE       VALUE  FROM      YEAR
                                                  NORMAL
..................................................................
TEMPERATURE (F)
 YESTERDAY
  MAXIMUM         73   1222 PM  91    2010  74     -1       84
  MINIMUM         45    502 AM  24    2013  40      5       54
  AVERAGE         59                        57      2       69

PRECIPITATION (IN)
  YESTERDAY        0.04          0.98 1962   0.03   0.01     0.00
  MONTH TO DATE    0.67                      0.61   0.06     0.88
  SINCE OCT 1     11.47                     11.26   0.21    11.92
  SINCE JAN 1      7.91                      8.15  -0.24     9.79

DEGREE DAYS
 HEATING
  YESTERDAY        6                         9     -3        0
  MONTH TO DATE  106                       117    -11       28
  SINCE SEP 1    106                       117    -11       28
  SINCE JUL 1    110                       126    -16       29

 COOLING
  YESTERDAY        0                         0      0        4
  MONTH TO DATE   31                        36     -5       78
  SINCE SEP 1     31                        36     -5       78
  SINCE JAN 1    824                       585    239      701
..................................................................


WIND (MPH)
  RESULTANT WIND SPEED   1   RESULTANT WIND DIRECTION   S (200)
  HIGHEST WIND SPEED    30   HIGHEST WIND DIRECTION    SW (210)
  HIGHEST GUST SPEED    38   HIGHEST GUST DIRECTION    SW (220)
  AVERAGE WIND SPEED     5.4



WEATHER CONDITIONS
 THE FOLLOWING WEATHER WAS RECORDED YESTERDAY.
  THUNDERSTORM
  LIGHT RAIN


RELATIVE HUMIDITY (PERCENT)
 HIGHEST    89          1000 PM
 LOWEST     33          1100 AM
 AVERAGE    61

..........................................................


THE CEDAR CITY UT CLIMATE NORMALS FOR TODAY
                         NORMAL    RECORD    YEAR
 MAXIMUM TEMPERATURE (F)   73        90      2010
 MINIMUM TEMPERATURE (F)   39        25      1985


SUNRISE AND SUNSET
SEPTEMBER 29 2016.....SUNRISE   727 AM MDT   SUNSET   718 PM MDT
SEPTEMBER 30 2016.....SUNRISE   728 AM MDT   SUNSET   716 PM MDT


-  INDICATES NEGATIVE NUMBERS.
R  INDICATES RECORD WAS SET OR TIED.
MM INDICATES DATA IS MISSING.
T  INDICATES TRACE AMOUNT.




$$
