000
CDUS45 KSLC 211245
CLICDC


CLIMATE REPORT
NATIONAL WEATHER SERVICE SALT LAKE CITY UT
644 AM MDT SUN SEP 21 2014


...................................

...THE CEDAR CITY UT CLIMATE SUMMARY FOR SEPTEMBER 20 2014...

CLIMATE NORMAL PERIOD 1981 TO 2010
CLIMATE RECORD PERIOD 1928 TO 2014


WEATHER ITEM   OBSERVED TIME   RECORD YEAR NORMAL DEPARTURE LAST
                VALUE   (LST)  VALUE       VALUE  FROM      YEAR
                                                  NORMAL
..................................................................
TEMPERATURE (F)
 YESTERDAY
  MAXIMUM         81    157 PM  87    1951  77      4       80
  MINIMUM         51    644 AM  28    1978  43      8       38
  AVERAGE         66                        60      6       59

PRECIPITATION (IN)
  YESTERDAY        0.08          0.14 1952   0.02   0.06     0.00
  MONTH TO DATE    1.26                      0.42   0.84     1.75
  SINCE OCT 1      8.31                     11.07  -2.76    15.71
  SINCE JAN 1      6.37                      7.96  -1.59    13.00

DEGREE DAYS
 HEATING
  YESTERDAY        0                         6     -6        6
  MONTH TO DATE   10                        59    -49       45
  SINCE SEP 1     10                        59    -49       45
  SINCE JUL 1     16                        68    -52       48

 COOLING
  YESTERDAY        1                         1      0        0
  MONTH TO DATE   55                        36     19       35
  SINCE SEP 1     55                        36     19       35
  SINCE JAN 1    601                       585     16      667
..................................................................


WIND (MPH)
  RESULTANT WIND SPEED   3   RESULTANT WIND DIRECTION  SE (120)
  HIGHEST WIND SPEED    25   HIGHEST WIND DIRECTION     S (200)
  HIGHEST GUST SPEED    32   HIGHEST GUST DIRECTION     S (200)
  AVERAGE WIND SPEED     5.5



WEATHER CONDITIONS
 THE FOLLOWING WEATHER WAS RECORDED YESTERDAY.
  THUNDERSTORM
  LIGHT RAIN


RELATIVE HUMIDITY (PERCENT)
 HIGHEST    84          1100 PM
 LOWEST     36          1200 PM
 AVERAGE    60

..........................................................


THE CEDAR CITY UT CLIMATE NORMALS FOR TODAY
                         NORMAL    RECORD    YEAR
 MAXIMUM TEMPERATURE (F)   77        88      1966
 MINIMUM TEMPERATURE (F)   43        28      2006
                                             1965


SUNRISE AND SUNSET
SEPTEMBER 21 2014.....SUNRISE   719 AM MDT   SUNSET   731 PM MDT
SEPTEMBER 22 2014.....SUNRISE   720 AM MDT   SUNSET   729 PM MDT


-  INDICATES NEGATIVE NUMBERS.
R  INDICATES RECORD WAS SET OR TIED.
MM INDICATES DATA IS MISSING.
T  INDICATES TRACE AMOUNT.




$$
