000
CDUS45 KSLC 250051
CLICDC


CLIMATE REPORT
NATIONAL WEATHER SERVICE SALT LAKE CITY UT
551 PM MST WED DEC 24 2014


...................................

...THE CEDAR CITY UT CLIMATE SUMMARY FOR DECEMBER 24 2014...
VALID TODAY AS OF 0500 PM LOCAL TIME.

CLIMATE NORMAL PERIOD 1981 TO 2010
CLIMATE RECORD PERIOD 1928 TO 2014


WEATHER ITEM   OBSERVED TIME   RECORD YEAR NORMAL DEPARTURE LAST
                VALUE   (LST)  VALUE       VALUE  FROM      YEAR
                                                  NORMAL
..................................................................
TEMPERATURE (F)
 TODAY
  MAXIMUM         44    131 PM  60    1964  41      3       45
  MINIMUM         15    520 AM -21    1990  16     -1       18
  AVERAGE         30                        28      2       32

PRECIPITATION (IN)
  TODAY            0.00          0.45 1971   0.03  -0.03     0.00
  MONTH TO DATE    0.44                      0.64  -0.20     0.91
  SINCE OCT 1      1.79                      2.91  -1.12     1.94
  SINCE JAN 1      9.47                     11.11  -1.64    14.98

DEGREE DAYS
 HEATING
  TODAY           35                        37     -2       33
  MONTH TO DATE  642                       863   -221     1071
  SINCE DEC 1    642                       863   -221     1071
  SINCE JUL 1   1833                      2305   -472     2599

 COOLING
  TODAY            0                         0      0        0
  MONTH TO DATE    0                         0      0        0
  SINCE DEC 1      0                         0      0        0
  SINCE JAN 1    607                       588     19      667
..................................................................


WIND (MPH)
  RESULTANT WIND SPEED   5   RESULTANT WIND DIRECTION   S (190)
  HIGHEST WIND SPEED    25   HIGHEST WIND DIRECTION     S (200)
  HIGHEST GUST SPEED    31   HIGHEST GUST DIRECTION     S (200)
  AVERAGE WIND SPEED     6.0



WEATHER CONDITIONS
 THE FOLLOWING WEATHER WAS RECORDED TODAY.
  NO SIGNIFICANT WEATHER WAS OBSERVED.


RELATIVE HUMIDITY (PERCENT)
 HIGHEST    88          1200 AM
 LOWEST     29           100 PM
 AVERAGE    59

..........................................................


THE CEDAR CITY UT CLIMATE NORMALS FOR TOMORROW
                         NORMAL    RECORD    YEAR
 MAXIMUM TEMPERATURE (F)   41        62      1980
 MINIMUM TEMPERATURE (F)   16       -16      1962


SUNRISE AND SUNSET
DECEMBER 24 2014......SUNRISE   745 AM MST   SUNSET   519 PM MST
DECEMBER 25 2014......SUNRISE   746 AM MST   SUNSET   519 PM MST


-  INDICATES NEGATIVE NUMBERS.
R  INDICATES RECORD WAS SET OR TIED.
MM INDICATES DATA IS MISSING.
T  INDICATES TRACE AMOUNT.




$$
