000
CDUS45 KSLC 230025
CLICDC


CLIMATE REPORT
NATIONAL WEATHER SERVICE SALT LAKE CITY UT
625 PM MDT FRI AUG 22 2014


...................................

...THE CEDAR CITY UT CLIMATE SUMMARY FOR AUGUST 22 2014...
VALID TODAY AS OF 0500 PM LOCAL TIME.

CLIMATE NORMAL PERIOD 1981 TO 2010
CLIMATE RECORD PERIOD 1928 TO 2014


WEATHER ITEM   OBSERVED TIME   RECORD YEAR NORMAL DEPARTURE LAST
                VALUE   (LST)  VALUE       VALUE  FROM      YEAR
                                                  NORMAL
..................................................................
TEMPERATURE (F)
 TODAY
  MAXIMUM         80    142 PM  93    2011  86     -6       85
                                      2007
                                      2006
  MINIMUM         50    602 AM  42    1968  54     -4       58
  AVERAGE         65                        70     -5       72

PRECIPITATION (IN)
  TODAY            0.00          0.39 1968   0.04  -0.04     0.00
  MONTH TO DATE    1.09                      0.85   0.24     0.38
  SINCE OCT 1      6.90                     10.37  -3.47    12.41
  SINCE JAN 1      4.96                      7.26  -2.30     9.70

DEGREE DAYS
 HEATING
  TODAY            0                         0      0        0
  MONTH TO DATE    3                         0      3        0
  SINCE JUN 1     30                        79    -49       11
  SINCE JUL 1      3                         3      0        0

 COOLING
  TODAY            0                         5     -5        7
  MONTH TO DATE  103                       155    -52      154
  SINCE JUN 1    498                       500     -2      606
  SINCE JAN 1    523                       508     15      608
..................................................................


WIND (MPH)
  RESULTANT WIND SPEED   8   RESULTANT WIND DIRECTION  SW (220)
  HIGHEST WIND SPEED    22   HIGHEST WIND DIRECTION    SW (220)
  HIGHEST GUST SPEED    28   HIGHEST GUST DIRECTION    SW (220)
  AVERAGE WIND SPEED     9.7



WEATHER CONDITIONS
 THE FOLLOWING WEATHER WAS RECORDED TODAY.
  NO SIGNIFICANT WEATHER WAS OBSERVED.


RELATIVE HUMIDITY (PERCENT)
 HIGHEST    89           400 AM
 LOWEST     27           400 PM
 AVERAGE    58

..........................................................


THE CEDAR CITY UT CLIMATE NORMALS FOR TOMORROW
                         NORMAL    RECORD    YEAR
 MAXIMUM TEMPERATURE (F)   86        95      2011
 MINIMUM TEMPERATURE (F)   54        36      1968


SUNRISE AND SUNSET
AUGUST 22 2014........SUNRISE   654 AM MDT   SUNSET   816 PM MDT
AUGUST 23 2014........SUNRISE   655 AM MDT   SUNSET   814 PM MDT


-  INDICATES NEGATIVE NUMBERS.
R  INDICATES RECORD WAS SET OR TIED.
MM INDICATES DATA IS MISSING.
T  INDICATES TRACE AMOUNT.




$$
