000
CDUS45 KSLC 201226
CLICDC


CLIMATE REPORT
NATIONAL WEATHER SERVICE SALT LAKE CITY UT
626 AM MDT WED SEP 20 2017


...................................

...THE CEDAR CITY UT CLIMATE SUMMARY FOR SEPTEMBER 19 2017...

CLIMATE NORMAL PERIOD 1981 TO 2010
CLIMATE RECORD PERIOD 1928 TO 2017


WEATHER ITEM   OBSERVED TIME   RECORD YEAR NORMAL DEPARTURE LAST
                VALUE   (LST)  VALUE       VALUE  FROM      YEAR
                                                  NORMAL
..................................................................
TEMPERATURE (F)
 YESTERDAY
  MAXIMUM         76    312 PM  90    1956  78     -2       87
  MINIMUM         51   1154 PM  24    1971  43      8       45
  AVERAGE         64                        60      4       66

PRECIPITATION (IN)
  YESTERDAY        0.00          0.84 1972   0.02  -0.02     0.00
  MONTH TO DATE    0.80                      0.40   0.40     0.22
  SINCE OCT 1     11.24                     11.05   0.19    11.02
  SINCE JAN 1      8.41                      7.94   0.47     7.46

DEGREE DAYS
 HEATING
  YESTERDAY        1                         5     -4        0
  MONTH TO DATE   34                        53    -19       36
  SINCE SEP 1     34                        53    -19       36
  SINCE JUL 1     34                        62    -28       40

 COOLING
  YESTERDAY        0                         1     -1        1
  MONTH TO DATE   73                        35     38       28
  SINCE SEP 1     73                        35     38       28
  SINCE JAN 1    865                       584    281      821
..................................................................


WIND (MPH)
  RESULTANT WIND SPEED  16   RESULTANT WIND DIRECTION   S (200)
  HIGHEST WIND SPEED    26   HIGHEST WIND DIRECTION     S (200)
  HIGHEST GUST SPEED    35   HIGHEST GUST DIRECTION     S (200)
  AVERAGE WIND SPEED    16.8



WEATHER CONDITIONS
 THE FOLLOWING WEATHER WAS RECORDED YESTERDAY.
  NO SIGNIFICANT WEATHER WAS OBSERVED.


RELATIVE HUMIDITY (PERCENT)
 HIGHEST    51          1100 PM
 LOWEST     23           100 PM
 AVERAGE    37

..........................................................


THE CEDAR CITY UT CLIMATE NORMALS FOR TODAY
                         NORMAL    RECORD    YEAR
 MAXIMUM TEMPERATURE (F)   77        87      1951
 MINIMUM TEMPERATURE (F)   43        28      1978


SUNRISE AND SUNSET
SEPTEMBER 20 2017.....SUNRISE   719 AM MDT   SUNSET   732 PM MDT
SEPTEMBER 21 2017.....SUNRISE   720 AM MDT   SUNSET   730 PM MDT


-  INDICATES NEGATIVE NUMBERS.
R  INDICATES RECORD WAS SET OR TIED.
MM INDICATES DATA IS MISSING.
T  INDICATES TRACE AMOUNT.




$$
