000
CDUS45 KSLC 240032
CLICDC


CLIMATE REPORT
NATIONAL WEATHER SERVICE SALT LAKE CITY UT
532 PM MST TUE JAN 23 2018


...................................

...THE CEDAR CITY UT CLIMATE SUMMARY FOR JANUARY 23 2018...
VALID TODAY AS OF 0500 PM LOCAL TIME.

CLIMATE NORMAL PERIOD 1981 TO 2010
CLIMATE RECORD PERIOD 1928 TO 2018


WEATHER ITEM   OBSERVED TIME   RECORD YEAR NORMAL DEPARTURE LAST
                VALUE   (LST)  VALUE       VALUE  FROM      YEAR
                                                  NORMAL
..................................................................
TEMPERATURE (F)
 TODAY
  MAXIMUM         38    354 PM  59    1970  42     -4       37
  MINIMUM          4    804 AM -15    1962  17    -13       22
  AVERAGE         21                        30     -9       30

PRECIPITATION (IN)
  TODAY            0.00          0.42 1978   0.03  -0.03     0.35
  MONTH TO DATE    1.03                      0.64   0.39     1.08
  SINCE OCT 1      1.58                      3.75  -2.17     3.91
  SINCE JAN 1      1.03                      0.64   0.39     1.08

DEGREE DAYS
 HEATING
  TODAY           44                        35      9       35
  MONTH TO DATE  681                       834   -153      775
  SINCE DEC 1   1677                      1954   -277     1888
  SINCE JUL 1   2876                      3396   -520     2985

 COOLING
  TODAY            0                         0      0        0
  MONTH TO DATE    0                         0      0        0
  SINCE DEC 1      0                         0      0        0
  SINCE JAN 1      0                         0      0        0
..................................................................


WIND (MPH)
  RESULTANT WIND SPEED   1   RESULTANT WIND DIRECTION   E (70)
  HIGHEST WIND SPEED     7   HIGHEST WIND DIRECTION     E (80)
  HIGHEST GUST SPEED     7   HIGHEST GUST DIRECTION     E (80)
  AVERAGE WIND SPEED     0.9



WEATHER CONDITIONS
 THE FOLLOWING WEATHER WAS RECORDED TODAY.
  NO SIGNIFICANT WEATHER WAS OBSERVED.


RELATIVE HUMIDITY (PERCENT)
 HIGHEST    92           900 AM
 LOWEST     52           300 PM
 AVERAGE    72

..........................................................


THE CEDAR CITY UT CLIMATE NORMALS FOR TOMORROW
                         NORMAL    RECORD    YEAR
 MAXIMUM TEMPERATURE (F)   42        59      1998
 MINIMUM TEMPERATURE (F)   17       -13      1962


SUNRISE AND SUNSET
JANUARY 23 2018.......SUNRISE   743 AM MST   SUNSET   546 PM MST
JANUARY 24 2018.......SUNRISE   742 AM MST   SUNSET   547 PM MST


-  INDICATES NEGATIVE NUMBERS.
R  INDICATES RECORD WAS SET OR TIED.
MM INDICATES DATA IS MISSING.
T  INDICATES TRACE AMOUNT.




$$
