000
CDUS45 KCYS 280737
CLICDR


CLIMATE REPORT
NATIONAL WEATHER SERVICE CHEYENNE WY
1236 AM MST WED JAN 28 2015


...................................

...THE CHADRON NE AIRPORT CLIMATE SUMMARY FOR JANUARY 27 2015...

CLIMATE NORMAL PERIOD 1981 TO 2010
CLIMATE RECORD PERIOD 1895 TO 2015


WEATHER ITEM   OBSERVED TIME   RECORD YEAR NORMAL DEPARTURE LAST
                VALUE   (LST)  VALUE       VALUE  FROM      YEAR
                                                  NORMAL
..................................................................
TEMPERATURE (F)
 YESTERDAY
  MAXIMUM         69R   257 PM  67    1935  39     30       22
  MINIMUM         31    536 AM -23    2009  11     20        4
  AVERAGE         50                        25     25       13

PRECIPITATION (IN)
  YESTERDAY        0.00          1.05 1944   0.01  -0.01     0.00
  MONTH TO DATE    0.02                      0.30  -0.28     0.15
  SINCE JAN 1      0.02                      0.30  -0.28     0.15

DEGREE DAYS
 HEATING
  YESTERDAY       15                        40    -25       52
  MONTH TO DATE 1075                      1097    -22      962
  SINCE DEC 1   2260                      2355    -95     2389
  SINCE JUL 1   3865                      4039   -174     4025

 COOLING
  YESTERDAY        0                         0      0        0
  MONTH TO DATE    0                         0      0        0
  SINCE DEC 1      0                         0      0        0
  SINCE JAN 1      0                         0      0        0
..................................................................


WIND (MPH)
  HIGHEST WIND SPEED    10   HIGHEST WIND DIRECTION    SW (210)
  HIGHEST GUST SPEED    13   HIGHEST GUST DIRECTION    SW (230)
  AVERAGE WIND SPEED     6.3


SKY COVER
  AVERAGE SKY COVER 0.0


WEATHER CONDITIONS
 THE FOLLOWING WEATHER WAS RECORDED YESTERDAY.
  NO SIGNIFICANT WEATHER WAS OBSERVED.


RELATIVE HUMIDITY (PERCENT)
 HIGHEST    82           500 AM
 LOWEST     23           300 PM
 AVERAGE    53

..........................................................


THE CHADRON NE AIRPORT CLIMATE NORMALS FOR TODAY
                         NORMAL    RECORD    YEAR
 MAXIMUM TEMPERATURE (F)   39        59      1954
                                             1931
 MINIMUM TEMPERATURE (F)   11       -23      1980


SUNRISE AND SUNSET
JANUARY 28 2015.......SUNRISE   711 AM MST   SUNSET   500 PM MST
JANUARY 29 2015.......SUNRISE   710 AM MST   SUNSET   501 PM MST


-  INDICATES NEGATIVE NUMBERS.
R  INDICATES RECORD WAS SET OR TIED.
MM INDICATES DATA IS MISSING.
T  INDICATES TRACE AMOUNT.




$$
