000
CDUS45 KCYS 300730
CLICDR


CLIMATE REPORT
NATIONAL WEATHER SERVICE CHEYENNE WY
129 AM MDT TUE JUN 30 2015


...................................

...THE CHADRON NE AIRPORT CLIMATE SUMMARY FOR JUNE 29 2015...

CLIMATE NORMAL PERIOD 1981 TO 2010
CLIMATE RECORD PERIOD 1895 TO 2015


WEATHER ITEM   OBSERVED TIME   RECORD YEAR NORMAL DEPARTURE LAST
                VALUE   (LST)  VALUE       VALUE  FROM      YEAR
                                                  NORMAL
..................................................................
TEMPERATURE (F)
 YESTERDAY
  MAXIMUM         91    243 PM 108    2002  86      5       84
  MINIMUM         58    245 AM  41    1945  54      4       47
  AVERAGE         75                        70      5       66

PRECIPITATION (IN)
  YESTERDAY        0.01          1.37 1986   0.09  -0.08     0.00
  MONTH TO DATE    4.64                      3.16   1.48     2.75
  SINCE JAN 1     13.91                     10.10   3.81    11.13

DEGREE DAYS
 HEATING
  YESTERDAY        0                         1     -1        0
  MONTH TO DATE    9                        80    -71       83
  SINCE JUN 1      9                        80    -71       83
  SINCE JUL 1   6560                      7145   -585     7293

 COOLING
  YESTERDAY       10                         6      4        1
  MONTH TO DATE  121                       101     20       54
  SINCE JUN 1    121                       101     20       54
  SINCE JAN 1    121                       121      0       85
..................................................................


WIND (MPH)
  HIGHEST WIND SPEED    18   HIGHEST WIND DIRECTION    SW (230)
  HIGHEST GUST SPEED    23   HIGHEST GUST DIRECTION    SW (230)
  AVERAGE WIND SPEED     4.5


SKY COVER
  AVERAGE SKY COVER 0.1


WEATHER CONDITIONS
 THE FOLLOWING WEATHER WAS RECORDED YESTERDAY.
  LIGHT RAIN


RELATIVE HUMIDITY (PERCENT)
 HIGHEST    93          1200 AM
 LOWEST     34           200 PM
 AVERAGE    64

..........................................................


THE CHADRON NE AIRPORT CLIMATE NORMALS FOR TODAY
                         NORMAL    RECORD    YEAR
 MAXIMUM TEMPERATURE (F)   87       103      1980
                                             1953
 MINIMUM TEMPERATURE (F)   55        43      1995
                                             1959


SUNRISE AND SUNSET
JUNE 30 2015..........SUNRISE   517 AM MDT   SUNSET   835 PM MDT
JULY  1 2015..........SUNRISE   518 AM MDT   SUNSET   835 PM MDT


-  INDICATES NEGATIVE NUMBERS.
R  INDICATES RECORD WAS SET OR TIED.
MM INDICATES DATA IS MISSING.
T  INDICATES TRACE AMOUNT.




$$
