000
CDUS45 KCYS 260726
CLICDR


CLIMATE REPORT
NATIONAL WEATHER SERVICE CHEYENNE WY
126 AM MDT SAT JUL 26 2014


...................................

...THE CHADRON NE AIRPORT CLIMATE SUMMARY FOR JULY 25 2014...

CLIMATE NORMAL PERIOD 1981 TO 2010
CLIMATE RECORD PERIOD 1895 TO 2014


WEATHER ITEM   OBSERVED TIME   RECORD YEAR NORMAL DEPARTURE LAST
                VALUE   (LST)  VALUE       VALUE  FROM      YEAR
                                                  NORMAL
..................................................................
TEMPERATURE (F)
 YESTERDAY
  MAXIMUM         90    445 PM 109    2003  91     -1       84
  MINIMUM         62    449 AM  46    1924  59      3       58
  AVERAGE         76                        75      1       71

PRECIPITATION (IN)
  YESTERDAY        0.00          2.08 1923   0.06  -0.06     0.00
  MONTH TO DATE    0.64                      1.76  -1.12     1.47
  SINCE JAN 1     11.77                     11.94  -0.17    10.31

DEGREE DAYS
 HEATING
  YESTERDAY        0                         0      0        0
  MONTH TO DATE   11                         5      6        0
  SINCE JUN 1     94                        86      8       58
  SINCE JUL 1     11                         5      6        0

 COOLING
  YESTERDAY       11                        10      1        6
  MONTH TO DATE  231                       216     15      285
  SINCE JUN 1    285                       324    -39      397
  SINCE JAN 1    316                       344    -28      425
..................................................................


WIND (MPH)
  HIGHEST WIND SPEED    29   HIGHEST WIND DIRECTION     S (180)
  HIGHEST GUST SPEED    37   HIGHEST GUST DIRECTION     S (190)
  AVERAGE WIND SPEED    10.7


SKY COVER
  AVERAGE SKY COVER 0.0


WEATHER CONDITIONS
 THE FOLLOWING WEATHER WAS RECORDED YESTERDAY.
  NO SIGNIFICANT WEATHER WAS OBSERVED.


RELATIVE HUMIDITY (PERCENT)
 HIGHEST    78           300 AM
 LOWEST     17           900 AM
 AVERAGE    48

..........................................................


THE CHADRON NE AIRPORT CLIMATE NORMALS FOR TODAY
                         NORMAL    RECORD    YEAR
 MAXIMUM TEMPERATURE (F)   91       104      1935
 MINIMUM TEMPERATURE (F)   59        43      1971


SUNRISE AND SUNSET
JULY 26 2014..........SUNRISE   538 AM MDT   SUNSET   820 PM MDT
JULY 27 2014..........SUNRISE   539 AM MDT   SUNSET   819 PM MDT


-  INDICATES NEGATIVE NUMBERS.
R  INDICATES RECORD WAS SET OR TIED.
MM INDICATES DATA IS MISSING.
T  INDICATES TRACE AMOUNT.




$$
