000
CDUS44 KLUB 130126
CLICDS


CLIMATE REPORT
NATIONAL WEATHER SERVICE LUBBOCK, TX
826 PM CDT SAT JUL 12 2014


...................................

...THE CHILDRESS CLIMATE SUMMARY FOR JULY 12 2014...
VALID TODAY AS OF 0800 PM LOCAL TIME.

CLIMATE NORMAL PERIOD 1981 TO 2010
CLIMATE RECORD PERIOD 1893 TO 2014


WEATHER ITEM   OBSERVED TIME   RECORD YEAR NORMAL DEPARTURE LAST
                VALUE   (LST)  VALUE       VALUE  FROM      YEAR
                                                  NORMAL
..................................................................
TEMPERATURE (F)
 TODAY
  MAXIMUM         99    447 PM 107    2001  96      3      103
  MINIMUM         70    616 AM  59    1897  71     -1       76
  AVERAGE         85                        83      2       90

PRECIPITATION (IN)
  TODAY            0.00          1.10 1945   0.05  -0.05     0.00
  MONTH TO DATE    0.66                      0.85  -0.19      T
  SINCE JUN 1      5.38                      4.80   0.58     3.33
  SINCE JAN 1     11.61                     13.37  -1.76     8.12

SNOWFALL (IN)
  TODAY            0.0          MM      MM   0.0    0.0      0.0
  MONTH TO DATE    0.0                       0.0    0.0      0.0
  SINCE JUN 1      0.0                       0.0    0.0      0.0
  SINCE JUL 1      0.0                       0.0    0.0      0.0
  SNOW DEPTH       0

DEGREE DAYS
 HEATING
  TODAY            0                         0      0        0
  MONTH TO DATE    0                         0      0        0
  SINCE JUN 1      0                         2     -2        0
  SINCE JUL 1      0                         0      0        0

 COOLING
  TODAY           20                        18      2       25
  MONTH TO DATE  204                       214    -10      223
  SINCE JUN 1    649                       635     14      725
  SINCE JAN 1   1013                       947     66     1076
..................................................................


WIND (MPH)
  RESULTANT WIND SPEED  14   RESULTANT WIND DIRECTION   S (200)
  HIGHEST WIND SPEED    26   HIGHEST WIND DIRECTION    SW (220)
  HIGHEST GUST SPEED    34   HIGHEST GUST DIRECTION    SW (220)
  AVERAGE WIND SPEED    14.7


SKY COVER
  AVERAGE SKY COVER 0.0


WEATHER CONDITIONS
 THE FOLLOWING WEATHER WAS RECORDED TODAY.
  NO SIGNIFICANT WEATHER WAS OBSERVED.


RELATIVE HUMIDITY (PERCENT)
 HIGHEST    70           600 AM
 LOWEST     17           500 PM
 AVERAGE    44

..........................................................


THE CHILDRESS CLIMATE NORMALS FOR TOMORROW
                         NORMAL    RECORD    YEAR
 MAXIMUM TEMPERATURE (F)   96       108      1937
                                             1933
 MINIMUM TEMPERATURE (F)   71        60      1990
                                             1987
                                             1897


SUNRISE AND SUNSET
JULY 12 2014..........SUNRISE   638 AM CDT   SUNSET   855 PM CDT
JULY 13 2014..........SUNRISE   639 AM CDT   SUNSET   855 PM CDT


-  INDICATES NEGATIVE NUMBERS.
R  INDICATES RECORD WAS SET OR TIED.
MM INDICATES DATA IS MISSING.
T  INDICATES TRACE AMOUNT.




$$
