000
CDUS44 KLUB 220226
CLICDS


CLIMATE REPORT
NATIONAL WEATHER SERVICE LUBBOCK, TX
825 PM CST SAT JAN 21 2017


...................................

...THE CHILDRESS CLIMATE SUMMARY FOR JANUARY 21 2017...
VALID TODAY AS OF 0800 PM LOCAL TIME.

CLIMATE NORMAL PERIOD 1981 TO 2010
CLIMATE RECORD PERIOD 1893 TO 2017


WEATHER ITEM   OBSERVED TIME   RECORD YEAR NORMAL DEPARTURE LAST
                VALUE   (LST)  VALUE       VALUE  FROM      YEAR
                                                  NORMAL
..................................................................
TEMPERATURE (F)
 TODAY
  MAXIMUM         65    338 PM  83    1986  55     10       50
  MINIMUM         46    520 AM  -2    1930  28     18       31
  AVERAGE         56                        42     14       41

PRECIPITATION (IN)
  TODAY            T             2.17 1968   0.03  -0.03     0.00
  MONTH TO DATE    1.72                      0.43   1.29     0.51
  SINCE DEC 1      3.01                      1.34   1.67     1.36
  SINCE JAN 1      1.72                      0.43   1.29     0.51

SNOWFALL (IN)
  TODAY            0.0          MM      MM   0.1   -0.1      0.0
  MONTH TO DATE    1.5                       1.8   -0.3      1.2
  SINCE DEC 1      1.5                       3.5   -2.0      6.2
  SINCE JUL 1      1.5                       4.4   -2.9      7.0
  SNOW DEPTH       0

DEGREE DAYS
 HEATING
  TODAY            9                        23    -14       24
  MONTH TO DATE  471                       501    -30      546
  SINCE DEC 1   1158                      1214    -56     1137
  SINCE JUL 1   1425                      1774   -349     1590

 COOLING
  TODAY            0                         0      0        0
  MONTH TO DATE    0                         0      0        0
  SINCE DEC 1      0                         0      0        0
  SINCE JAN 1      0                         0      0        0
..................................................................


WIND (MPH)
  RESULTANT WIND SPEED  10   RESULTANT WIND DIRECTION  SW (220)
  HIGHEST WIND SPEED    29   HIGHEST WIND DIRECTION    SW (230)
  HIGHEST GUST SPEED    37   HIGHEST GUST DIRECTION    SW (230)
  AVERAGE WIND SPEED    12.0


SKY COVER
  AVERAGE SKY COVER 0.5


WEATHER CONDITIONS
 THE FOLLOWING WEATHER WAS RECORDED TODAY.
  LIGHT RAIN


RELATIVE HUMIDITY (PERCENT)
 HIGHEST    71           900 AM
 LOWEST     37           400 PM
 AVERAGE    54

..........................................................


THE CHILDRESS CLIMATE NORMALS FOR TOMORROW
                         NORMAL    RECORD    YEAR
 MAXIMUM TEMPERATURE (F)   55        84      1967
 MINIMUM TEMPERATURE (F)   28        -1      1966


SUNRISE AND SUNSET
JANUARY 21 2017.......SUNRISE   745 AM CST   SUNSET   600 PM CST
JANUARY 22 2017.......SUNRISE   745 AM CST   SUNSET   601 PM CST


-  INDICATES NEGATIVE NUMBERS.
R  INDICATES RECORD WAS SET OR TIED.
MM INDICATES DATA IS MISSING.
T  INDICATES TRACE AMOUNT.




$$
