000
CDUS44 KLUB 200628
CLICDS


CLIMATE REPORT
NATIONAL WEATHER SERVICE LUBBOCK, TX
128 AM CDT SUN AUG 20 2017


...................................

...THE CHILDRESS CLIMATE SUMMARY FOR AUGUST 19 2017...

CLIMATE NORMAL PERIOD 1981 TO 2010
CLIMATE RECORD PERIOD 1893 TO 2017


WEATHER ITEM   OBSERVED TIME   RECORD YEAR NORMAL DEPARTURE LAST
                VALUE   (LST)  VALUE       VALUE  FROM      YEAR
                                                  NORMAL
..................................................................
TEMPERATURE (F)
 YESTERDAY
  MAXIMUM         97    333 PM 109    1943  95      2       96
  MINIMUM         72    612 AM  60    2015  69      3       67
                                      1943
                                      1939
  AVERAGE         85                        82      3       82

PRECIPITATION (IN)
  YESTERDAY        0.00          1.07 2015   0.08  -0.08     0.42
  MONTH TO DATE    1.98                      1.61   0.37     1.48
  SINCE JUN 1      7.52                      7.51   0.01     8.37
  SINCE JAN 1     16.79                     16.08   0.71    20.23

SNOWFALL (IN)
  YESTERDAY        0.0          MM      MM   0.0    0.0      0.0
  MONTH TO DATE    0.0                       0.0    0.0      0.0
  SINCE JUN 1      0.0                       0.0    0.0      0.0
  SINCE JUL 1      0.0                       0.0    0.0      0.0
  SNOW DEPTH       0

DEGREE DAYS
 HEATING
  YESTERDAY        0                         0      0        0
  MONTH TO DATE    0                         0      0        0
  SINCE JUN 1      0                         2     -2        0
  SINCE JUL 1      0                         0      0        0

 COOLING
  YESTERDAY       20                        17      3       17
  MONTH TO DATE  285                       337    -52      351
  SINCE JUN 1   1386                      1327     59     1458
  SINCE JAN 1   1737                      1639     98     1722
..................................................................


WIND (MPH)
  RESULTANT WIND SPEED   6   RESULTANT WIND DIRECTION   S (180)
  HIGHEST WIND SPEED    29   HIGHEST WIND DIRECTION     S (180)
  HIGHEST GUST SPEED    40   HIGHEST GUST DIRECTION     S (170)
  AVERAGE WIND SPEED     7.5


SKY COVER
  AVERAGE SKY COVER 0.0


WEATHER CONDITIONS
 THE FOLLOWING WEATHER WAS RECORDED YESTERDAY.
  NO SIGNIFICANT WEATHER WAS OBSERVED.


RELATIVE HUMIDITY (PERCENT)
 HIGHEST    84           600 AM
 LOWEST     33           400 PM
 AVERAGE    59

..........................................................


THE CHILDRESS CLIMATE NORMALS FOR TODAY
                         NORMAL    RECORD    YEAR
 MAXIMUM TEMPERATURE (F)   95       111      1943
 MINIMUM TEMPERATURE (F)   69        56      1941


SUNRISE AND SUNSET
AUGUST 20 2017........SUNRISE   706 AM CDT   SUNSET   822 PM CDT
AUGUST 21 2017........SUNRISE   707 AM CDT   SUNSET   821 PM CDT


-  INDICATES NEGATIVE NUMBERS.
R  INDICATES RECORD WAS SET OR TIED.
MM INDICATES DATA IS MISSING.
T  INDICATES TRACE AMOUNT.




$$
