000
CDUS44 KLUB 230626
CLICDS


CLIMATE REPORT
NATIONAL WEATHER SERVICE LUBBOCK, TX
1226 AM CST THU FEB 23 2017


...................................

...THE CHILDRESS CLIMATE SUMMARY FOR FEBRUARY 22 2017...

CLIMATE NORMAL PERIOD 1981 TO 2010
CLIMATE RECORD PERIOD 1893 TO 2017


WEATHER ITEM   OBSERVED TIME   RECORD YEAR NORMAL DEPARTURE LAST
                VALUE   (LST)  VALUE       VALUE  FROM      YEAR
                                                  NORMAL
..................................................................
TEMPERATURE (F)
 YESTERDAY
  MAXIMUM         88    424 PM  93    1996  60     28       53
  MINIMUM         45    728 AM  13    1894  34     11       35
  AVERAGE         67                        47     20       44

PRECIPITATION (IN)
  YESTERDAY        0.00          1.10 1915   0.04  -0.04     0.12
  MONTH TO DATE    2.50                      0.81   1.69     0.12
  SINCE DEC 1      5.51                      2.45   3.06     1.48
  SINCE JAN 1      4.22                      1.54   2.68     0.63

SNOWFALL (IN)
  YESTERDAY        0.0          MM      MM   0.0    0.0      0.0
  MONTH TO DATE    T                         1.0   -1.0      0.0
  SINCE DEC 1      1.5                       5.4   -3.9      6.2
  SINCE JUL 1      1.5                       6.3   -4.8      7.0
  SNOW DEPTH       0

DEGREE DAYS
 HEATING
  YESTERDAY        0                        18    -18       21
  MONTH TO DATE  285                       453   -168      329
  SINCE DEC 1   1610                      1896   -286     1622
  SINCE JUL 1   1877                      2456   -579     2075

 COOLING
  YESTERDAY        2                         0      2        0
  MONTH TO DATE   12                         0     12        2
  SINCE DEC 1     12                         0     12        2
  SINCE JAN 1     12                         0     12        2
..................................................................


WIND (MPH)
  RESULTANT WIND SPEED   6   RESULTANT WIND DIRECTION  SW (240)
  HIGHEST WIND SPEED    20   HIGHEST WIND DIRECTION    NW (310)
  HIGHEST GUST SPEED    25   HIGHEST GUST DIRECTION    NW (300)
  AVERAGE WIND SPEED     8.4


SKY COVER
  AVERAGE SKY COVER 0.0


WEATHER CONDITIONS
 THE FOLLOWING WEATHER WAS RECORDED YESTERDAY.
  NO SIGNIFICANT WEATHER WAS OBSERVED.


RELATIVE HUMIDITY (PERCENT)
 HIGHEST    65           600 AM
 LOWEST     12           400 PM
 AVERAGE    39

..........................................................


THE CHILDRESS CLIMATE NORMALS FOR TODAY
                         NORMAL    RECORD    YEAR
 MAXIMUM TEMPERATURE (F)   60        91      1904
 MINIMUM TEMPERATURE (F)   34        13      1960


SUNRISE AND SUNSET
FEBRUARY 23 2017......SUNRISE   717 AM CST   SUNSET   632 PM CST
FEBRUARY 24 2017......SUNRISE   716 AM CST   SUNSET   633 PM CST


-  INDICATES NEGATIVE NUMBERS.
R  INDICATES RECORD WAS SET OR TIED.
MM INDICATES DATA IS MISSING.
T  INDICATES TRACE AMOUNT.




$$
