000
CDUS44 KLUB 240625
CLICDS


CLIMATE REPORT
NATIONAL WEATHER SERVICE LUBBOCK, TX
125 AM CDT WED MAY 24 2017


...................................

...THE CHILDRESS CLIMATE SUMMARY FOR MAY 23 2017...

CLIMATE NORMAL PERIOD 1981 TO 2010
CLIMATE RECORD PERIOD 1893 TO 2017


WEATHER ITEM   OBSERVED TIME   RECORD YEAR NORMAL DEPARTURE LAST
                VALUE   (LST)  VALUE       VALUE  FROM      YEAR
                                                  NORMAL
..................................................................
TEMPERATURE (F)
 YESTERDAY
  MAXIMUM         73    503 PM 111    2000  86    -13       88
  MINIMUM         54   1159 PM  44    1893  61     -7       64
  AVERAGE         64                        73     -9       76

PRECIPITATION (IN)
  YESTERDAY        0.00          2.92 2014   0.12  -0.12     0.17
  MONTH TO DATE    1.03                      2.14  -1.11     6.65
  SINCE MAR 1      5.05                      5.79  -0.74     9.42
  SINCE JAN 1      9.27                      7.57   1.70    10.67

SNOWFALL (IN)
  YESTERDAY        0.0          MM      MM   0.0    0.0      0.0
  MONTH TO DATE    0.0                       0.0    0.0      0.0
  SINCE MAR 1      0.0                       0.6   -0.6      0.0
  SINCE JUL 1      1.5                       7.0   -5.5      7.0
  SNOW DEPTH       0

DEGREE DAYS
 HEATING
  YESTERDAY        1                         0      1        0
  MONTH TO DATE   21                        27     -6       62
  SINCE MAR 1    380                       555   -175      387
  SINCE JUL 1   2328                      3115   -787     2555

 COOLING
  YESTERDAY        0                         9     -9       11
  MONTH TO DATE  112                       143    -31      108
  SINCE MAR 1    247                       233     14      169
  SINCE JAN 1    262                       234     28      171
..................................................................


WIND (MPH)
  RESULTANT WIND SPEED  13   RESULTANT WIND DIRECTION   N (360)
  HIGHEST WIND SPEED    26   HIGHEST WIND DIRECTION     N (360)
  HIGHEST GUST SPEED    34   HIGHEST GUST DIRECTION     N (360)
  AVERAGE WIND SPEED    12.8


SKY COVER
  AVERAGE SKY COVER 0.4


WEATHER CONDITIONS
 THE FOLLOWING WEATHER WAS RECORDED YESTERDAY.
  NO SIGNIFICANT WEATHER WAS OBSERVED.


RELATIVE HUMIDITY (PERCENT)
 HIGHEST    93           300 AM
 LOWEST     27           400 PM
 AVERAGE    60

..........................................................


THE CHILDRESS CLIMATE NORMALS FOR TODAY
                         NORMAL    RECORD    YEAR
 MAXIMUM TEMPERATURE (F)   86       111      2000
 MINIMUM TEMPERATURE (F)   61        48      1935
                                             1894


SUNRISE AND SUNSET
MAY 24 2017...........SUNRISE   633 AM CDT   SUNSET   843 PM CDT
MAY 25 2017...........SUNRISE   632 AM CDT   SUNSET   844 PM CDT


-  INDICATES NEGATIVE NUMBERS.
R  INDICATES RECORD WAS SET OR TIED.
MM INDICATES DATA IS MISSING.
T  INDICATES TRACE AMOUNT.




$$
