000
CDUS44 KLUB 290627
CLICDS


CLIMATE REPORT
NATIONAL WEATHER SERVICE LUBBOCK, TX
126 AM CDT SUN MAR 29 2015


...................................

...THE CHILDRESS CLIMATE SUMMARY FOR MARCH 28 2015...

CLIMATE NORMAL PERIOD 1981 TO 2010
CLIMATE RECORD PERIOD 1893 TO 2015


WEATHER ITEM   OBSERVED TIME   RECORD YEAR NORMAL DEPARTURE LAST
                VALUE   (LST)  VALUE       VALUE  FROM      YEAR
                                                  NORMAL
..................................................................
TEMPERATURE (F)
 YESTERDAY
  MAXIMUM         88    235 PM  94    1963  71     17       67
                                      1962
  MINIMUM         41    536 AM  12    1931  43     -2       48
  AVERAGE         65                        57      8       58

PRECIPITATION (IN)
  YESTERDAY        0.00          3.30 1929   0.06  -0.06     0.00
  MONTH TO DATE    0.10                      1.37  -1.27     0.46
  SINCE MAR 1      0.10                      1.37  -1.27     0.46
  SINCE JAN 1      1.27                      3.15  -1.88     0.82

SNOWFALL (IN)
  YESTERDAY        0.0                       0.0    0.0      0.0
  MONTH TO DATE    0.0                       0.4   -0.4       T
  SINCE MAR 1      0.0                       0.4   -0.4       T
  SINCE JUL 1      2.0                       6.8   -4.8      9.5
  SNOW DEPTH       0

DEGREE DAYS
 HEATING
  YESTERDAY        0                         9     -9        7
  MONTH TO DATE  331                       349    -18      449
  SINCE MAR 1    331                       349    -18      449
  SINCE JUL 1   2828                      2909    -81     3265

 COOLING
  YESTERDAY        0                         1     -1        0
  MONTH TO DATE    8                        13     -5        2
  SINCE MAR 1      8                        13     -5        2
  SINCE JAN 1      8                        14     -6        2
..................................................................


WIND (MPH)
  RESULTANT WIND SPEED   5   RESULTANT WIND DIRECTION  SE (130)
  HIGHEST WIND SPEED    16   HIGHEST WIND DIRECTION     E (100)
  HIGHEST GUST SPEED    22   HIGHEST GUST DIRECTION    SE (120)
  AVERAGE WIND SPEED     7.2


SKY COVER
  AVERAGE SKY COVER 0.0


WEATHER CONDITIONS
 THE FOLLOWING WEATHER WAS RECORDED YESTERDAY.
  NO SIGNIFICANT WEATHER WAS OBSERVED.


RELATIVE HUMIDITY (PERCENT)
 HIGHEST    82           500 AM
 LOWEST     13           200 PM
 AVERAGE    48

..........................................................


THE CHILDRESS CLIMATE NORMALS FOR TODAY
                         NORMAL    RECORD    YEAR
 MAXIMUM TEMPERATURE (F)   72        96      1967
 MINIMUM TEMPERATURE (F)   43        16      1944


SUNRISE AND SUNSET
MARCH 29 2015.........SUNRISE   733 AM CDT   SUNSET   800 PM CDT
MARCH 30 2015.........SUNRISE   731 AM CDT   SUNSET   800 PM CDT


-  INDICATES NEGATIVE NUMBERS.
R  INDICATES RECORD WAS SET OR TIED.
MM INDICATES DATA IS MISSING.
T  INDICATES TRACE AMOUNT.




$$
