000
CDUS44 KLUB 010626
CLICDS


CLIMATE REPORT
NATIONAL WEATHER SERVICE LUBBOCK, TX
125 AM CDT WED OCT 1 2014


...................................

...THE CHILDRESS CLIMATE SUMMARY FOR SEPTEMBER 30 2014...

CLIMATE NORMAL PERIOD 1981 TO 2010
CLIMATE RECORD PERIOD 1893 TO 2014


WEATHER ITEM   OBSERVED TIME   RECORD YEAR NORMAL DEPARTURE LAST
                VALUE   (LST)  VALUE       VALUE  FROM      YEAR
                                                  NORMAL
..................................................................
TEMPERATURE (F)
 YESTERDAY
  MAXIMUM         89    306 PM 104    1977  82      7       92
  MINIMUM         61    638 AM  34    1984  56      5       52
  AVERAGE         75                        69      6       72

PRECIPITATION (IN)
  YESTERDAY        T             1.60 1941   0.06  -0.06     0.00
  MONTH TO DATE    1.63                      2.42  -0.79     0.69
  SINCE SEP 1      1.63                      2.42  -0.79     0.69
  SINCE JAN 1     17.24                     19.51  -2.27    13.93

SNOWFALL (IN)
  YESTERDAY        0.0          MM      MM   0.0    0.0      0.0
  MONTH TO DATE    0.0                       0.0    0.0      0.0
  SINCE SEP 1      0.0                       0.0    0.0      0.0
  SINCE JUL 1      0.0                       0.0    0.0      0.0
  SNOW DEPTH       0

DEGREE DAYS
 HEATING
  YESTERDAY        0                         2     -2        0
  MONTH TO DATE   10                        16     -6        0
  SINCE SEP 1     10                        17     -7        0
  SINCE JUL 1     10                        17     -7        0

 COOLING
  YESTERDAY       10                         5      5        7
  MONTH TO DATE  319                       293     26      375
  SINCE SEP 1    319                       293     26      375
  SINCE JAN 1   2178                      2124     54     2306
..................................................................


WIND (MPH)
  RESULTANT WIND SPEED  11   RESULTANT WIND DIRECTION   S (180)
  HIGHEST WIND SPEED    24   HIGHEST WIND DIRECTION     S (190)
  HIGHEST GUST SPEED    32   HIGHEST GUST DIRECTION     S (200)
  AVERAGE WIND SPEED    11.8


SKY COVER
  AVERAGE SKY COVER 0.2


WEATHER CONDITIONS
 THE FOLLOWING WEATHER WAS RECORDED YESTERDAY.
  LIGHT RAIN


RELATIVE HUMIDITY (PERCENT)
 HIGHEST    78           300 AM
 LOWEST     38           300 PM
 AVERAGE    58

..........................................................


THE CHILDRESS CLIMATE NORMALS FOR TODAY
                         NORMAL    RECORD    YEAR
 MAXIMUM TEMPERATURE (F)   81        99      1951
                                             1938
 MINIMUM TEMPERATURE (F)   55        35      1984


SUNRISE AND SUNSET
OCTOBER  1 2014.......SUNRISE   736 AM CDT   SUNSET   725 PM CDT
OCTOBER  2 2014.......SUNRISE   736 AM CDT   SUNSET   724 PM CDT


-  INDICATES NEGATIVE NUMBERS.
R  INDICATES RECORD WAS SET OR TIED.
MM INDICATES DATA IS MISSING.
T  INDICATES TRACE AMOUNT.




$$
