000
CDUS46 KEKA 260013
CLICEC


CLIMATE REPORT
NATIONAL WEATHER SERVICE EUREKA CA
513 PM PDT SUN SEP 25 2016


...................................

...THE CRESCENT CITY CA CLIMATE SUMMARY FOR SEPTEMBER 25 2016...
VALID TODAY AS OF 0500 PM LOCAL TIME.

CLIMATE NORMAL PERIOD 1981 TO 2010
CLIMATE RECORD PERIOD 1894 TO 2016


WEATHER ITEM   OBSERVED TIME   RECORD YEAR NORMAL DEPARTURE LAST
                VALUE   (LST)  VALUE       VALUE  FROM      YEAR
                                                  NORMAL
..................................................................
TEMPERATURE (F)
 TODAY
  MAXIMUM         74    838 AM  85    1970  61     13       62
  MINIMUM         48    341 AM  39    1948  48      0       50
  AVERAGE         61                        55      6       56

PRECIPITATION (IN)
  TODAY            0.00          1.03 1950   0.04  -0.04     0.00
  MONTH TO DATE    T                         0.66  -0.66     0.90
  SINCE OCT 1     67.46                     63.76   3.70    43.83
  SINCE JAN 1     32.78                     38.52  -5.74    23.00

SNOWFALL (IN)
  TODAY            0.0          MM      MM  MM     MM        0.0
  MONTH TO DATE    0.0                      MM     MM        0.0
  SINCE SEP 1      0.0                      MM     MM        0.0
  SINCE JUL 1      0.0                      MM     MM        0.0
  SNOW DEPTH       0

..................................................................


WIND (MPH)
  HIGHEST WIND SPEED    15   HIGHEST WIND DIRECTION     N (350)
  HIGHEST GUST SPEED    19   HIGHEST GUST DIRECTION     N (350)
  AVERAGE WIND SPEED     5.3


SKY COVER
  AVERAGE SKY COVER 0.2


WEATHER CONDITIONS
 THE FOLLOWING WEATHER WAS RECORDED TODAY.
  FOG W/VISIBILITY <= 1/4 MILE
  HAZE


RELATIVE HUMIDITY (PERCENT)
 HIGHEST   100
 LOWEST     53
 AVERAGE    77

..........................................................


THE CRESCENT CITY CA CLIMATE NORMALS FOR TOMORROW
                         NORMAL    RECORD    YEAR
 MAXIMUM TEMPERATURE (F)   61        88      1970
 MINIMUM TEMPERATURE (F)   48        38      1984


SUNRISE AND SUNSET
SEPTEMBER 25 2016.....SUNRISE   708 AM PDT   SUNSET   708 PM PDT
SEPTEMBER 26 2016.....SUNRISE   709 AM PDT   SUNSET   706 PM PDT


-  INDICATES NEGATIVE NUMBERS.
R  INDICATES RECORD WAS SET OR TIED.
MM INDICATES DATA IS MISSING.
T  INDICATES TRACE AMOUNT.




$$
