000
CDUS46 KEKA 290015
CLICEC


CLIMATE REPORT
NATIONAL WEATHER SERVICE EUREKA CA
415 PM PST FRI NOV 28 2014


...................................

...THE CRESCENT CITY CA CLIMATE SUMMARY FOR NOVEMBER 28 2014...
VALID TODAY AS OF 0400 PM LOCAL TIME.

CLIMATE NORMAL PERIOD 1981 TO 2010
CLIMATE RECORD PERIOD 1894 TO 2014


WEATHER ITEM   OBSERVED TIME   RECORD YEAR NORMAL DEPARTURE LAST
                VALUE   (LST)  VALUE       VALUE  FROM      YEAR
                                                  NORMAL
..................................................................
TEMPERATURE (F)
 TODAY
  MAXIMUM         59    355 PM  70    2002  54      5       60
  MINIMUM         55    803 AM  31    1998  42     13       42
  AVERAGE         57                        48      9       51

PRECIPITATION (IN)
  TODAY            0.59          1.71 2001   0.34   0.25     0.00
  MONTH TO DATE    3.42                      8.95  -5.53     2.52
  SINCE JUL 1     13.31                     15.05  -1.74     7.68
  SINCE JAN 1     37.90                     51.98 -14.08    27.61

SNOWFALL (IN)
  TODAY            0.0          MM      MM  MM     MM        0.0
  MONTH TO DATE    0.0                      MM     MM        0.0
  SINCE SEP 1      0.0                      MM     MM        0.0
  SINCE JUL 1      0.0                      MM     MM        0.0
  SNOW DEPTH       0

..................................................................


WIND (MPH)
  HIGHEST WIND SPEED    29   HIGHEST WIND DIRECTION     S (160)
  HIGHEST GUST SPEED    39   HIGHEST GUST DIRECTION     S (160)
  AVERAGE WIND SPEED    19.2


SKY COVER
  AVERAGE SKY COVER 0.9


WEATHER CONDITIONS
 THE FOLLOWING WEATHER WAS RECORDED TODAY.
  HEAVY RAIN
  RAIN
  LIGHT RAIN
  FOG


RELATIVE HUMIDITY (PERCENT)
 HIGHEST   100
 LOWEST     67
 AVERAGE    84

..........................................................


THE CRESCENT CITY CA CLIMATE NORMALS FOR TOMORROW
                         NORMAL    RECORD    YEAR
 MAXIMUM TEMPERATURE (F)   54        67      1957
 MINIMUM TEMPERATURE (F)   42        32      1956


SUNRISE AND SUNSET
NOVEMBER 28 2014......SUNRISE   722 AM PST   SUNSET   448 PM PST
NOVEMBER 29 2014......SUNRISE   723 AM PST   SUNSET   448 PM PST


-  INDICATES NEGATIVE NUMBERS.
R  INDICATES RECORD WAS SET OR TIED.
MM INDICATES DATA IS MISSING.
T  INDICATES TRACE AMOUNT.




$$
