000
CDUS46 KEKA 281219
CLICEC


CLIMATE REPORT
NATIONAL WEATHER SERVICE EUREKA CA
419 AM PST TUE FEB 28 2017


...................................

...THE CRESCENT CITY CA CLIMATE SUMMARY FOR FEBRUARY 27 2017...

CLIMATE NORMAL PERIOD 1981 TO 2010
CLIMATE RECORD PERIOD 1894 TO 2017


WEATHER ITEM   OBSERVED TIME   RECORD YEAR NORMAL DEPARTURE LAST
                VALUE   (LST)  VALUE       VALUE  FROM      YEAR
                                                  NORMAL
..................................................................
TEMPERATURE (F)
 YESTERDAY
  MAXIMUM         47    448 PM  72    1970  54     -7       55
  MINIMUM         39    724 AM  28    1962  42     -3       48
  AVERAGE         43                        48     -5       52

PRECIPITATION (IN)
  YESTERDAY        0.64          3.56 2006   0.30   0.34     0.00
  MONTH TO DATE   14.03                      8.57   5.46     3.51
  SINCE OCT 1     71.35                     44.20  27.15    52.62
  SINCE JAN 1     26.25                     18.96   7.29    17.94

SNOWFALL (IN)
  YESTERDAY       MM            MM      MM  MM     MM        0.0
  MONTH TO DATE    0.0                      MM     MM        0.0
  SINCE DEC 1      0.0                      MM     MM        0.0
  SINCE JUL 1      0.0                      MM     MM        0.0
  SNOW DEPTH       0

DEGREE DAYS
 HEATING
  YESTERDAY       22                        17      5       13
  MONTH TO DATE  386                       473    -87      350
  SINCE DEC 1   1578                      1542     36     1278
  SINCE JUL 1   2911                      3159   -248     2447

 COOLING
  YESTERDAY        0                         0      0        0
  MONTH TO DATE    0                         0      0        0
  SINCE DEC 1      0                         0      0        0
  SINCE JAN 1      0                         0      0        0
..................................................................


WIND (MPH)
  HIGHEST WIND SPEED    17   HIGHEST WIND DIRECTION     S (160)
  HIGHEST GUST SPEED    22   HIGHEST GUST DIRECTION     S (160)
  AVERAGE WIND SPEED     7.1


SKY COVER
  AVERAGE SKY COVER 0.8


WEATHER CONDITIONS
 THE FOLLOWING WEATHER WAS RECORDED YESTERDAY.
  HEAVY RAIN
  RAIN
  LIGHT RAIN
  FOG


RELATIVE HUMIDITY (PERCENT)
 HIGHEST    92
 LOWEST     76
 AVERAGE    84

..........................................................


THE CRESCENT CITY CA CLIMATE NORMALS FOR TODAY
                         NORMAL    RECORD    YEAR
 MAXIMUM TEMPERATURE (F)   54        67      1981
 MINIMUM TEMPERATURE (F)   42        30      1997


SUNRISE AND SUNSET
FEBRUARY 28 2017......SUNRISE   653 AM PST   SUNSET   607 PM PST
MARCH  1 2017.........SUNRISE   651 AM PST   SUNSET   608 PM PST


-  INDICATES NEGATIVE NUMBERS.
R  INDICATES RECORD WAS SET OR TIED.
MM INDICATES DATA IS MISSING.
T  INDICATES TRACE AMOUNT.




$$
