145
CDUS46 KEKA 251217
CLICEC


CLIMATE REPORT
NATIONAL WEATHER SERVICE EUREKA CA
516 AM PDT TUE JUL 25 2017


...................................

...THE CRESCENT CITY CA CLIMATE SUMMARY FOR JULY 24 2017...

CLIMATE NORMAL PERIOD 1981 TO 2010
CLIMATE RECORD PERIOD 1894 TO 2017


WEATHER ITEM   OBSERVED TIME   RECORD YEAR NORMAL DEPARTURE LAST
                VALUE   (LST)  VALUE       VALUE  FROM      YEAR
                                                  NORMAL
..................................................................
TEMPERATURE (F)
 YESTERDAY
  MAXIMUM         59    347 PM  75    1979  61     -2       62
  MINIMUM         52    106 AM  43    1919  52      0       53
                                      1899
  AVERAGE         56                        56      0       58

PRECIPITATION (IN)
  YESTERDAY        0.00          0.07 1969   0.01  -0.01     0.00
  MONTH TO DATE    0.00                      0.37  -0.37     1.03
  SINCE OCT 1     94.29                     62.54  31.75    67.46
  SINCE JAN 1     49.19                     37.30  11.89    32.78

SNOWFALL (IN)
  YESTERDAY        0.0          MM      MM  MM     MM        0.0
  MONTH TO DATE    0.0                      MM     MM        0.0
  SINCE JUN 1      0.0                      MM     MM        0.0
  SINCE JUL 1      0.0                      MM     MM        0.0
  SNOW DEPTH       0

DEGREE DAYS
 HEATING
  YESTERDAY        9                         9      0        7
  MONTH TO DATE  219                       216      3      181
  SINCE JUN 1    502                       525    -23      438
  SINCE JUL 1    219                       216      3      181

 COOLING
  YESTERDAY        0                         0      0        0
  MONTH TO DATE    0                         0      0        0
  SINCE JUN 1      0                         0      0        0
  SINCE JAN 1      0                         0      0        0
..................................................................


WIND (MPH)
  HIGHEST WIND SPEED    15   HIGHEST WIND DIRECTION     S (170)
  HIGHEST GUST SPEED    19   HIGHEST GUST DIRECTION     S (170)
  AVERAGE WIND SPEED     6.5


SKY COVER
  AVERAGE SKY COVER 0.7


WEATHER CONDITIONS
 THE FOLLOWING WEATHER WAS RECORDED YESTERDAY.
  FOG
  HAZE


RELATIVE HUMIDITY (PERCENT)
 HIGHEST   100
 LOWEST     86
 AVERAGE    93

..........................................................


THE CRESCENT CITY CA CLIMATE NORMALS FOR TODAY
                         NORMAL    RECORD    YEAR
 MAXIMUM TEMPERATURE (F)   61        73      1974
 MINIMUM TEMPERATURE (F)   52        42      1949


SUNRISE AND SUNSET
JULY 25 2017..........SUNRISE   605 AM PDT   SUNSET   842 PM PDT
JULY 26 2017..........SUNRISE   605 AM PDT   SUNSET   841 PM PDT


-  INDICATES NEGATIVE NUMBERS.
R  INDICATES RECORD WAS SET OR TIED.
MM INDICATES DATA IS MISSING.
T  INDICATES TRACE AMOUNT.




$$
