000
CDUS46 KEKA 280014
CLICEC


CLIMATE REPORT
NATIONAL WEATHER SERVICE EUREKA CA
514 PM PDT WED MAY 27 2015


...................................

...THE CRESCENT CITY CA CLIMATE SUMMARY FOR MAY 27 2015...
VALID TODAY AS OF 0500 PM LOCAL TIME.

CLIMATE NORMAL PERIOD 1981 TO 2010
CLIMATE RECORD PERIOD 1894 TO 2015


WEATHER ITEM   OBSERVED TIME   RECORD YEAR NORMAL DEPARTURE LAST
                VALUE   (LST)  VALUE       VALUE  FROM      YEAR
                                                  NORMAL
..................................................................
TEMPERATURE (F)
 TODAY
  MAXIMUM         55    204 PM  74    1975  59     -4       60
  MINIMUM         51    359 PM  39    1955  48      3       44
  AVERAGE         53                        53      0       52

PRECIPITATION (IN)
  TODAY            0.00          1.49 2000   0.07  -0.07     0.00
  MONTH TO DATE    T                         2.62  -2.62     1.49
  SINCE OCT 1     41.20                     60.19 -18.99    26.70
  SINCE JAN 1     20.37                     34.95 -14.58    22.76

SNOWFALL (IN)
  TODAY            0.0          MM      MM  MM     MM        0.0
  MONTH TO DATE    0.0                      MM     MM        0.0
  SINCE MAR 1      0.0                      MM     MM        0.0
  SINCE JUL 1      0.0                      MM     MM        0.0
  SNOW DEPTH       0

..................................................................


WIND (MPH)
  HIGHEST WIND SPEED    17   HIGHEST WIND DIRECTION     S (160)
  HIGHEST GUST SPEED    21   HIGHEST GUST DIRECTION     S (170)
  AVERAGE WIND SPEED     5.5


SKY COVER
  AVERAGE SKY COVER 1.0


WEATHER CONDITIONS
 THE FOLLOWING WEATHER WAS RECORDED TODAY.
  FOG


RELATIVE HUMIDITY (PERCENT)
 HIGHEST    96
 LOWEST     86
 AVERAGE    91

..........................................................


THE CRESCENT CITY CA CLIMATE NORMALS FOR TOMORROW
                         NORMAL    RECORD    YEAR
 MAXIMUM TEMPERATURE (F)   59        76      1984
 MINIMUM TEMPERATURE (F)   48        37      1976


SUNRISE AND SUNSET
MAY 27 2015...........SUNRISE   547 AM PDT   SUNSET   841 PM PDT
MAY 28 2015...........SUNRISE   547 AM PDT   SUNSET   842 PM PDT


-  INDICATES NEGATIVE NUMBERS.
R  INDICATES RECORD WAS SET OR TIED.
MM INDICATES DATA IS MISSING.
T  INDICATES TRACE AMOUNT.




$$
