000
CDUS46 KEKA 270019
CLICEC


CLIMATE REPORT
NATIONAL WEATHER SERVICE EUREKA CA
519 PM PDT FRI AUG 26 2016


...................................

...THE CRESCENT CITY CA CLIMATE SUMMARY FOR AUGUST 26 2016...
VALID TODAY AS OF 0500 PM LOCAL TIME.

CLIMATE NORMAL PERIOD 1981 TO 2010
CLIMATE RECORD PERIOD 1894 TO 2016


WEATHER ITEM   OBSERVED TIME   RECORD YEAR NORMAL DEPARTURE LAST
                VALUE   (LST)  VALUE       VALUE  FROM      YEAR
                                                  NORMAL
..................................................................
TEMPERATURE (F)
 TODAY
  MAXIMUM         62    242 PM  74    1948  63     -1       65
  MINIMUM         52    733 AM  43    1960  52      0       52
  AVERAGE         57                        57      0       59

PRECIPITATION (IN)
  TODAY            0.00          3.05 1968   0.02  -0.02     0.00
  MONTH TO DATE    0.00                      0.41  -0.41      T
  SINCE OCT 1     67.46                     62.99   4.47    41.84
  SINCE JAN 1     32.78                     37.75  -4.97    21.01

SNOWFALL (IN)
  TODAY            0.0          MM      MM  MM     MM        0.0
  MONTH TO DATE    0.0                      MM     MM        0.0
  SINCE JUN 1      0.0                      MM     MM        0.0
  SINCE JUL 1      0.0                      MM     MM        0.0
  SNOW DEPTH       0

..................................................................


WIND (MPH)
  HIGHEST WIND SPEED    13   HIGHEST WIND DIRECTION     S (180)
  HIGHEST GUST SPEED    16   HIGHEST GUST DIRECTION     S (170)
  AVERAGE WIND SPEED     7.9


SKY COVER
  AVERAGE SKY COVER 1.0


WEATHER CONDITIONS
 THE FOLLOWING WEATHER WAS RECORDED TODAY.
  FOG


RELATIVE HUMIDITY (PERCENT)
 HIGHEST   100
 LOWEST     78
 AVERAGE    89

..........................................................


THE CRESCENT CITY CA CLIMATE NORMALS FOR TOMORROW
                         NORMAL    RECORD    YEAR
 MAXIMUM TEMPERATURE (F)   63        73      1976
 MINIMUM TEMPERATURE (F)   51        43      1962


SUNRISE AND SUNSET
AUGUST 26 2016........SUNRISE   637 AM PDT   SUNSET   759 PM PDT
AUGUST 27 2016........SUNRISE   638 AM PDT   SUNSET   757 PM PDT


-  INDICATES NEGATIVE NUMBERS.
R  INDICATES RECORD WAS SET OR TIED.
MM INDICATES DATA IS MISSING.
T  INDICATES TRACE AMOUNT.




$$
