000
CDUS46 KEKA 231214
CLICEC


CLIMATE REPORT
NATIONAL WEATHER SERVICE EUREKA CA
413 AM PST THU NOV 23 2017


...................................

...THE CRESCENT CITY CA CLIMATE SUMMARY FOR NOVEMBER 22 2017...

CLIMATE NORMAL PERIOD 1981 TO 2010
CLIMATE RECORD PERIOD 1894 TO 2017


WEATHER ITEM   OBSERVED TIME   RECORD YEAR NORMAL DEPARTURE LAST
                VALUE   (LST)  VALUE       VALUE  FROM      YEAR
                                                  NORMAL
..................................................................
TEMPERATURE (F)
 YESTERDAY
  MAXIMUM         64    935 PM  70    2013  55      9       57
  MINIMUM         56   1159 PM  28    2003  43     13       43
  AVERAGE         60                        49     11       50

PRECIPITATION (IN)
  YESTERDAY        0.37          5.00 1953   0.32   0.05     1.42
  MONTH TO DATE    7.52                      7.02   0.50     9.95
  SINCE OCT 1      9.55                     11.26  -1.71    28.63
  SINCE JAN 1     60.03                     50.05   9.98    61.41

SNOWFALL (IN)
  YESTERDAY        0.0          MM      MM  MM     MM       MM
  MONTH TO DATE    0.0                      MM     MM        0.0
  SINCE SEP 1      0.0                      MM     MM        0.0
  SINCE JUL 1      0.0                      MM     MM        0.0
  SNOW DEPTH       0

DEGREE DAYS
 HEATING
  YESTERDAY        5                        16    -11       15
  MONTH TO DATE  300                       320    -20      221
  SINCE SEP 1    872                       964    -92      717
  SINCE JUL 1   1370                      1484   -114     1215

 COOLING
  YESTERDAY        0                         0      0        0
  MONTH TO DATE    0                         0      0        0
  SINCE SEP 1      6                         0      6        0
  SINCE JAN 1      6                         0      6        0
..................................................................


WIND (MPH)
  HIGHEST WIND SPEED    30   HIGHEST WIND DIRECTION    SE (140)
  HIGHEST GUST SPEED    37   HIGHEST GUST DIRECTION    SE (140)
  AVERAGE WIND SPEED    10.2


SKY COVER
  AVERAGE SKY COVER 1.0


WEATHER CONDITIONS
 THE FOLLOWING WEATHER WAS RECORDED YESTERDAY.
  LIGHT RAIN
  FOG


RELATIVE HUMIDITY (PERCENT)
 HIGHEST   100
 LOWEST     78
 AVERAGE    89

..........................................................


THE CRESCENT CITY CA CLIMATE NORMALS FOR TODAY
                         NORMAL    RECORD    YEAR
 MAXIMUM TEMPERATURE (F)   55        75      2013
 MINIMUM TEMPERATURE (F)   43        32      2010
                                             2003


SUNRISE AND SUNSET
NOVEMBER 23 2017......SUNRISE   716 AM PST   SUNSET   450 PM PST
NOVEMBER 24 2017......SUNRISE   717 AM PST   SUNSET   450 PM PST


-  INDICATES NEGATIVE NUMBERS.
R  INDICATES RECORD WAS SET OR TIED.
MM INDICATES DATA IS MISSING.
T  INDICATES TRACE AMOUNT.




$$
