000
CDUS46 KEKA 271210
CLICEC


CLIMATE REPORT
NATIONAL WEATHER SERVICE EUREKA CA
510 AM PDT THU AUG 27 2015


...................................

...THE CRESCENT CITY CA CLIMATE SUMMARY FOR AUGUST 26 2015...

CLIMATE NORMAL PERIOD 1981 TO 2010
CLIMATE RECORD PERIOD 1894 TO 2015


WEATHER ITEM   OBSERVED TIME   RECORD YEAR NORMAL DEPARTURE LAST
                VALUE   (LST)  VALUE       VALUE  FROM      YEAR
                                                  NORMAL
..................................................................
TEMPERATURE (F)
 YESTERDAY
  MAXIMUM         65    139 PM  74    1948  63      2       62
  MINIMUM         52   1159 PM  43    1960  52      0       54
  AVERAGE         59                        57      2       58

PRECIPITATION (IN)
  YESTERDAY        0.00          3.05 1968   0.02  -0.02     0.00
  MONTH TO DATE    T                         0.41  -0.41     0.04
  SINCE OCT 1     41.84                     62.99 -21.15    28.77
  SINCE JAN 1     21.01                     37.75 -16.74    24.83

SNOWFALL (IN)
  YESTERDAY        0.0          MM      MM  MM     MM        0.0
  MONTH TO DATE    0.0                      MM     MM        0.0
  SINCE JUN 1      0.0                      MM     MM        0.0
  SINCE JUL 1      0.0                      MM     MM        0.0
  SNOW DEPTH       0

DEGREE DAYS
 HEATING
  YESTERDAY        6                         8     -2        7
  MONTH TO DATE  108                       208   -100      182
  SINCE JUN 1    537                       791   -254      716
  SINCE JUL 1    255                       482   -227      395

 COOLING
  YESTERDAY        0                         0      0        0
  MONTH TO DATE    0                         0      0        0
  SINCE JUN 1      2                         0      2        0
  SINCE JAN 1      2                         0      2        0
..................................................................


WIND (MPH)
  HIGHEST WIND SPEED    12   HIGHEST WIND DIRECTION    SW (210)
  HIGHEST GUST SPEED    15   HIGHEST GUST DIRECTION    SW (210)
  AVERAGE WIND SPEED     5.5


SKY COVER
  AVERAGE SKY COVER 0.5


WEATHER CONDITIONS
 THE FOLLOWING WEATHER WAS RECORDED YESTERDAY.
  FOG W/VISIBILITY <= 1/4 MILE
  HAZE


RELATIVE HUMIDITY (PERCENT)
 HIGHEST   100
 LOWEST     73
 AVERAGE    87

..........................................................


THE CRESCENT CITY CA CLIMATE NORMALS FOR TODAY
                         NORMAL    RECORD    YEAR
 MAXIMUM TEMPERATURE (F)   63        73      1976
 MINIMUM TEMPERATURE (F)   51        43      1962


SUNRISE AND SUNSET
AUGUST 27 2015........SUNRISE   637 AM PDT   SUNSET   759 PM PDT
AUGUST 28 2015........SUNRISE   638 AM PDT   SUNSET   757 PM PDT


-  INDICATES NEGATIVE NUMBERS.
R  INDICATES RECORD WAS SET OR TIED.
MM INDICATES DATA IS MISSING.
T  INDICATES TRACE AMOUNT.




$$
