000
CDUS46 KEKA 210025
CLICEC


CLIMATE REPORT
NATIONAL WEATHER SERVICE EUREKA CA
522 PM PDT MON OCT 20 2014


...................................

...THE CRESCENT CITY CA CLIMATE SUMMARY FOR OCTOBER 20 2014...
VALID TODAY AS OF 0500 PM LOCAL TIME.

CLIMATE NORMAL PERIOD 1981 TO 2010
CLIMATE RECORD PERIOD 1894 TO 2014


WEATHER ITEM   OBSERVED TIME   RECORD YEAR NORMAL DEPARTURE LAST
                VALUE   (LST)  VALUE       VALUE  FROM      YEAR
                                                  NORMAL
..................................................................
TEMPERATURE (F)
 TODAY
  MAXIMUM         64   1118 AM  83    1998  60      4       49
  MINIMUM         55    252 PM  35    1996  46      9       45
  AVERAGE         60                        53      7       47

PRECIPITATION (IN)
  TODAY            0.90          2.12 2000   0.16   0.74     0.00
  MONTH TO DATE    3.00                      2.01   0.99     0.08
  SINCE JUL 1      6.59                      3.87   2.72     5.13
  SINCE JAN 1     31.18                     40.80  -9.62    25.06

SNOWFALL (IN)
  TODAY            0.0          MM      MM  MM     MM       MM
  MONTH TO DATE    0.0                      MM     MM        0.0
  SINCE SEP 1      0.0                      MM     MM        0.0
  SINCE JUL 1      0.0                      MM     MM        0.0
  SNOW DEPTH       0

..................................................................


WIND (MPH)
  HIGHEST WIND SPEED    21   HIGHEST WIND DIRECTION     W (250)
  HIGHEST GUST SPEED    25   HIGHEST GUST DIRECTION     S (180)
  AVERAGE WIND SPEED    11.5


SKY COVER
  AVERAGE SKY COVER 1.0


WEATHER CONDITIONS
 THE FOLLOWING WEATHER WAS RECORDED TODAY.
  HEAVY RAIN
  RAIN
  LIGHT RAIN
  FOG


RELATIVE HUMIDITY (PERCENT)
 HIGHEST   100
 LOWEST     84
 AVERAGE    92

..........................................................


THE CRESCENT CITY CA CLIMATE NORMALS FOR TOMORROW
                         NORMAL    RECORD    YEAR
 MAXIMUM TEMPERATURE (F)   60        78      1998
 MINIMUM TEMPERATURE (F)   46        35      1949


SUNRISE AND SUNSET
OCTOBER 20 2014.......SUNRISE   735 AM PDT   SUNSET   628 PM PDT
OCTOBER 21 2014.......SUNRISE   736 AM PDT   SUNSET   626 PM PDT


-  INDICATES NEGATIVE NUMBERS.
R  INDICATES RECORD WAS SET OR TIED.
MM INDICATES DATA IS MISSING.
T  INDICATES TRACE AMOUNT.




$$
