000
CDUS46 KEKA 201218
CLICEC


CLIMATE REPORT
NATIONAL WEATHER SERVICE EUREKA CA
417 AM PST TUE FEB 20 2018


...................................

...THE CRESCENT CITY CA CLIMATE SUMMARY FOR FEBRUARY 19 2018...

CLIMATE NORMAL PERIOD 1981 TO 2010
CLIMATE RECORD PERIOD 1894 TO 2018


WEATHER ITEM   OBSERVED TIME   RECORD YEAR NORMAL DEPARTURE LAST
                VALUE   (LST)  VALUE       VALUE  FROM      YEAR
                                                  NORMAL
..................................................................
TEMPERATURE (F)
 YESTERDAY
  MAXIMUM         49    247 PM  67    1995  53     -4       MM
  MINIMUM         34   1143 PM  30    1990  42     -8       MM
  AVERAGE         42                        48     -6       MM

PRECIPITATION (IN)
  YESTERDAY        0.03          3.01 1975   0.30  -0.27     0.23
  MONTH TO DATE    0.78                      6.18  -5.40    10.89
  SINCE OCT 1     25.40                     41.81 -16.41    68.21
  SINCE JAN 1     11.38                     16.57  -5.19    23.11

SNOWFALL (IN)
  YESTERDAY       MM            MM      MM  MM     MM       MM
  MONTH TO DATE    0.0                      MM     MM        0.0
  SINCE DEC 1      0.0                      MM     MM        0.0
  SINCE JUL 1      0.0                      MM     MM        0.0
  SNOW DEPTH       0

DEGREE DAYS
 HEATING
  YESTERDAY       23                        17      6       MM
  MONTH TO DATE  266                       337    -71      236
  SINCE DEC 1   1130                      1406   -276     1428
  SINCE JUL 1   2620                      3023   -403     2761

 COOLING
  YESTERDAY        0                         0      0       MM
  MONTH TO DATE    0                         0      0        0
  SINCE DEC 1      0                         0      0        0
  SINCE JAN 1      0                         0      0        0
..................................................................


WIND (MPH)
  HIGHEST WIND SPEED    22   HIGHEST WIND DIRECTION     N (340)
  HIGHEST GUST SPEED    28   HIGHEST GUST DIRECTION     N (340)
  AVERAGE WIND SPEED     8.3


SKY COVER
  AVERAGE SKY COVER 0.5


WEATHER CONDITIONS
 THE FOLLOWING WEATHER WAS RECORDED YESTERDAY.
  LIGHT RAIN
  FOG
  HAZE


RELATIVE HUMIDITY (PERCENT)
 HIGHEST    92
 LOWEST     49
 AVERAGE    71

..........................................................


THE CRESCENT CITY CA CLIMATE NORMALS FOR TODAY
                         NORMAL    RECORD    YEAR
 MAXIMUM TEMPERATURE (F)   53        78      1988
 MINIMUM TEMPERATURE (F)   42        29      1971


SUNRISE AND SUNSET
FEBRUARY 20 2018......SUNRISE   705 AM PST   SUNSET   557 PM PST
FEBRUARY 21 2018......SUNRISE   704 AM PST   SUNSET   558 PM PST


-  INDICATES NEGATIVE NUMBERS.
R  INDICATES RECORD WAS SET OR TIED.
MM INDICATES DATA IS MISSING.
T  INDICATES TRACE AMOUNT.




$$
