000
CDUS46 KEKA 300015
CLICEC


CLIMATE REPORT
NATIONAL WEATHER SERVICE EUREKA CA
515 PM PDT FRI JUL 29 2016


...................................

...THE CRESCENT CITY CA CLIMATE SUMMARY FOR JULY 29 2016...
VALID TODAY AS OF 0500 PM LOCAL TIME.

CLIMATE NORMAL PERIOD 1981 TO 2010
CLIMATE RECORD PERIOD 1894 TO 2016


WEATHER ITEM   OBSERVED TIME   RECORD YEAR NORMAL DEPARTURE LAST
                VALUE   (LST)  VALUE       VALUE  FROM      YEAR
                                                  NORMAL
..................................................................
TEMPERATURE (F)
 TODAY
  MAXIMUM         64    109 PM  80    2015  62      2       80
  MINIMUM         52    616 AM  42    1985  52      0       54
  AVERAGE         58                        57      1       67

PRECIPITATION (IN)
  TODAY            0.00          0.09 1964   0.01  -0.01     0.00
  MONTH TO DATE    1.03                      0.40   0.63     0.07
  SINCE OCT 1     67.46                     62.57   4.89    41.84
  SINCE JAN 1     32.78                     37.33  -4.55    21.01

SNOWFALL (IN)
  TODAY            0.0          MM      MM  MM     MM        0.0
  MONTH TO DATE    0.0                      MM     MM        0.0
  SINCE JUN 1      0.0                      MM     MM        0.0
  SINCE JUL 1      0.0                      MM     MM        0.0
  SNOW DEPTH       0

..................................................................


WIND (MPH)
  HIGHEST WIND SPEED    14   HIGHEST WIND DIRECTION     S (190)
  HIGHEST GUST SPEED    17   HIGHEST GUST DIRECTION     S (190)
  AVERAGE WIND SPEED     6.3


SKY COVER
  AVERAGE SKY COVER 0.3


WEATHER CONDITIONS
 THE FOLLOWING WEATHER WAS RECORDED TODAY.
  FOG


RELATIVE HUMIDITY (PERCENT)
 HIGHEST   100
 LOWEST     72
 AVERAGE    86

..........................................................


THE CRESCENT CITY CA CLIMATE NORMALS FOR TOMORROW
                         NORMAL    RECORD    YEAR
 MAXIMUM TEMPERATURE (F)   62        74      1991
 MINIMUM TEMPERATURE (F)   52        42      1963


SUNRISE AND SUNSET
JULY 29 2016..........SUNRISE   609 AM PDT   SUNSET   838 PM PDT
JULY 30 2016..........SUNRISE   610 AM PDT   SUNSET   836 PM PDT


-  INDICATES NEGATIVE NUMBERS.
R  INDICATES RECORD WAS SET OR TIED.
MM INDICATES DATA IS MISSING.
T  INDICATES TRACE AMOUNT.




$$
