000
CDUS46 KEKA 280025
CLICEC


CLIMATE REPORT
NATIONAL WEATHER SERVICE EUREKA CA
525 PM PDT FRI MAY 27 2016


...................................

...THE CRESCENT CITY CA CLIMATE SUMMARY FOR MAY 27 2016...
VALID TODAY AS OF 0500 PM LOCAL TIME.

CLIMATE NORMAL PERIOD 1981 TO 2010
CLIMATE RECORD PERIOD 1894 TO 2016


WEATHER ITEM   OBSERVED TIME   RECORD YEAR NORMAL DEPARTURE LAST
                VALUE   (LST)  VALUE       VALUE  FROM      YEAR
                                                  NORMAL
..................................................................
TEMPERATURE (F)
 TODAY
  MAXIMUM         58    148 PM  74    1975  59     -1       55
  MINIMUM         46    223 AM  39    1955  48     -2       51
  AVERAGE         52                        53     -1       53

PRECIPITATION (IN)
  TODAY            0.00          1.49 2000   0.07  -0.07     0.00
  MONTH TO DATE    0.38                      2.62  -2.24      T
  SINCE OCT 1     66.15                     60.19   5.96    41.20
  SINCE JAN 1     31.47                     34.95  -3.48    20.37

SNOWFALL (IN)
  TODAY            0.0          MM      MM  MM     MM        0.0
  MONTH TO DATE    0.0                      MM     MM        0.0
  SINCE MAR 1      0.0                      MM     MM        0.0
  SINCE JUL 1      0.0                      MM     MM        0.0
  SNOW DEPTH       0

..................................................................


WIND (MPH)
  HIGHEST WIND SPEED    32   HIGHEST WIND DIRECTION    NW (330)
  HIGHEST GUST SPEED    43   HIGHEST GUST DIRECTION    NW (330)
  AVERAGE WIND SPEED    14.3


SKY COVER
  AVERAGE SKY COVER 0.1


WEATHER CONDITIONS
 THE FOLLOWING WEATHER WAS RECORDED TODAY.
  FOG


RELATIVE HUMIDITY (PERCENT)
 HIGHEST    93
 LOWEST     67
 AVERAGE    80

..........................................................


THE CRESCENT CITY CA CLIMATE NORMALS FOR TOMORROW
                         NORMAL    RECORD    YEAR
 MAXIMUM TEMPERATURE (F)   59        76      1984
 MINIMUM TEMPERATURE (F)   48        37      1976


SUNRISE AND SUNSET
MAY 27 2016...........SUNRISE   547 AM PDT   SUNSET   842 PM PDT
MAY 28 2016...........SUNRISE   546 AM PDT   SUNSET   843 PM PDT


-  INDICATES NEGATIVE NUMBERS.
R  INDICATES RECORD WAS SET OR TIED.
MM INDICATES DATA IS MISSING.
T  INDICATES TRACE AMOUNT.




$$
