000
CDUS46 KEKA 180013
CLICEC


CLIMATE REPORT
NATIONAL WEATHER SERVICE EUREKA CA
413 PM PST TUE JAN 17 2017


...................................

...THE CRESCENT CITY CA CLIMATE SUMMARY FOR JANUARY 17 2017...
VALID TODAY AS OF 0400 PM LOCAL TIME.

CLIMATE NORMAL PERIOD 1981 TO 2010
CLIMATE RECORD PERIOD 1894 TO 2017


WEATHER ITEM   OBSERVED TIME   RECORD YEAR NORMAL DEPARTURE LAST
                VALUE   (LST)  VALUE       VALUE  FROM      YEAR
                                                  NORMAL
..................................................................
TEMPERATURE (F)
 TODAY
  MAXIMUM         51    256 PM  71    1994  55     -4       62
  MINIMUM         40    451 AM  28    1963  41     -1       53
  AVERAGE         46                        48     -2       58

PRECIPITATION (IN)
  TODAY            0.02          6.68 1953   0.31  -0.29     1.83
  MONTH TO DATE    7.24                      6.61   0.63     7.28
  SINCE OCT 1     52.34                     31.85  20.49    41.96
  SINCE JAN 1      7.24                      6.61   0.63     7.28

SNOWFALL (IN)
  TODAY           MM            MM      MM  MM     MM        0.0
  MONTH TO DATE    0.0                      MM     MM        0.0
  SINCE DEC 1      0.0                      MM     MM        0.0
  SINCE JUL 1      0.0                      MM     MM        0.0
  SNOW DEPTH       0

..................................................................


WIND (MPH)
  HIGHEST WIND SPEED    22   HIGHEST WIND DIRECTION     S (180)
  HIGHEST GUST SPEED    26   HIGHEST GUST DIRECTION     S (180)
  AVERAGE WIND SPEED    10.2


SKY COVER
  AVERAGE SKY COVER 0.6


WEATHER CONDITIONS
 THE FOLLOWING WEATHER WAS RECORDED TODAY.
  LIGHT RAIN
  FOG


RELATIVE HUMIDITY (PERCENT)
 HIGHEST    93
 LOWEST     71
 AVERAGE    82

..........................................................


THE CRESCENT CITY CA CLIMATE NORMALS FOR TOMORROW
                         NORMAL    RECORD    YEAR
 MAXIMUM TEMPERATURE (F)   55        72      1981
 MINIMUM TEMPERATURE (F)   41        28      1963


SUNRISE AND SUNSET
JANUARY 17 2017.......SUNRISE   741 AM PST   SUNSET   514 PM PST
JANUARY 18 2017.......SUNRISE   740 AM PST   SUNSET   515 PM PST


-  INDICATES NEGATIVE NUMBERS.
R  INDICATES RECORD WAS SET OR TIED.
MM INDICATES DATA IS MISSING.
T  INDICATES TRACE AMOUNT.




$$
