000
CDUS43 KPAH 300643
CLICGI


CLIMATE REPORT
NATIONAL WEATHER SERVICE PADUCAH KY
142 AM CDT THU OCT 30 2014


...................................

...THE CAPE GIRARDEAU MO CLIMATE SUMMARY FOR OCTOBER 29 2014...

CLIMATE NORMAL PERIOD 1981 TO 2010
CLIMATE RECORD PERIOD 1960 TO 2014


WEATHER ITEM   OBSERVED TIME   RECORD YEAR NORMAL DEPARTURE LAST
                VALUE   (LST)  VALUE       VALUE  FROM      YEAR
                                                  NORMAL
..................................................................
TEMPERATURE (F)
 YESTERDAY
  MAXIMUM         65    151 PM  86    1971  66     -1       62
  MINIMUM         37   1131 PM  23    1976  42     -5       42
  AVERAGE         51                        54     -3

PRECIPITATION (IN)
  YESTERDAY        0.00          1.07 1991   0.14  -0.14     0.10
  MONTH TO DATE    4.30                      3.54   0.76     2.68
  SINCE SEP 1      6.35                      6.82  -0.47     3.12
  SINCE JAN 1     38.65                     37.87   0.78    31.35

DEGREE DAYS
 HEATING
  YESTERDAY       14                        12      2       13
  MONTH TO DATE  166                       232    -66      252
  SINCE SEP 1    212                       280    -68      262
  SINCE JUL 1    212                       281    -69      263

 COOLING
  YESTERDAY        0                         0      0        0
  MONTH TO DATE   40                        29     11       44
  SINCE SEP 1    185                       191     -6      256
  SINCE JAN 1   1424                      1451    -27     1437
..................................................................


WIND (MPH)
  HIGHEST WIND SPEED    17   HIGHEST WIND DIRECTION    NW (310)
  HIGHEST GUST SPEED    26   HIGHEST GUST DIRECTION     N (350)
  AVERAGE WIND SPEED     3.6


SKY COVER
  AVERAGE SKY COVER 0.3


WEATHER CONDITIONS
 THE FOLLOWING WEATHER WAS RECORDED YESTERDAY.
  FOG
  FOG W/VISIBILITY <= 1/4 MILE


RELATIVE HUMIDITY (PERCENT)
 HIGHEST   100
 LOWEST     30
 AVERAGE    65

..........................................................


THE CAPE GIRARDEAU MO CLIMATE NORMALS FOR TODAY
                         NORMAL    RECORD    YEAR
 MAXIMUM TEMPERATURE (F)   66        82      1971
 MINIMUM TEMPERATURE (F)   41        24      1980


SUNRISE AND SUNSET
OCTOBER 30 2014.......SUNRISE   721 AM CDT   SUNSET   603 PM CDT
OCTOBER 31 2014.......SUNRISE   722 AM CDT   SUNSET   602 PM CDT


-  INDICATES NEGATIVE NUMBERS.
R  INDICATES RECORD WAS SET OR TIED.
MM INDICATES DATA IS MISSING.
T  INDICATES TRACE AMOUNT.




$$
