000
CDUS43 KPAH 060629
CLICGI


CLIMATE REPORT
NATIONAL WEATHER SERVICE PADUCAH KY
127 AM CDT FRI MAY 6 2016

...................................

...THE CAPE GIRARDEAU MO CLIMATE SUMMARY FOR MAY 5 2016...

CLIMATE NORMAL PERIOD 1981 TO 2010
CLIMATE RECORD PERIOD 1960 TO 2016

WEATHER ITEM   OBSERVED TIME   RECORD YEAR NORMAL DEPARTURE LAST
                VALUE   (LST)  VALUE       VALUE  FROM      YEAR
                                                  NORMAL
..................................................................
TEMPERATURE (F)
 YESTERDAY
  MAXIMUM         65    102 PM  91    2012  75    -10       84
  MINIMUM         42    527 AM  39    2005  52    -10       56
  AVERAGE         54                        64    -10

PRECIPITATION (IN)
  YESTERDAY        0.00          0.96 1961   0.20  -0.20      T
  MONTH TO DATE    0.00                      0.97  -0.97      T
  SINCE MAR 1     10.16                      9.73   0.43    12.96
  SINCE JAN 1     14.94                     16.61  -1.67    19.48

DEGREE DAYS
 HEATING
  YESTERDAY       11                         4      7        0
  MONTH TO DATE   33                        20     13       17
  SINCE MAR 1    612                       841   -229      794
  SINCE JUL 1   3504                      4338   -834     4572

 COOLING
  YESTERDAY        0                         2     -2        5
  MONTH TO DATE    5                        10     -5       15
  SINCE MAR 1     23                        41    -18       43
  SINCE JAN 1     23                        41    -18       43
..................................................................

WIND (MPH)
  HIGHEST WIND SPEED    26   HIGHEST WIND DIRECTION     N (360)
  HIGHEST GUST SPEED    33   HIGHEST GUST DIRECTION     N (340)
  AVERAGE WIND SPEED    10.4

SKY COVER
  AVERAGE SKY COVER 0.2

WEATHER CONDITIONS
 THE FOLLOWING WEATHER WAS RECORDED YESTERDAY.
  NO SIGNIFICANT WEATHER WAS OBSERVED.

RELATIVE HUMIDITY (PERCENT)
 HIGHEST    93
 LOWEST     39
 AVERAGE    66
..........................................................

THE CAPE GIRARDEAU MO CLIMATE NORMALS FOR TODAY
                         NORMAL    RECORD    YEAR
 MAXIMUM TEMPERATURE (F)   75        93      2012
 MINIMUM TEMPERATURE (F)   53        38      1968

SUNRISE AND SUNSET
MAY  6 2016...........SUNRISE   558 AM CDT   SUNSET   753 PM CDT
MAY  7 2016...........SUNRISE   557 AM CDT   SUNSET   754 PM CDT

-  INDICATES NEGATIVE NUMBERS.
R  INDICATES RECORD WAS SET OR TIED.
MM INDICATES DATA IS MISSING.
T  INDICATES TRACE AMOUNT.

$$
