000
CDUS43 KPAH 250633
CLICGI


CLIMATE REPORT
NATIONAL WEATHER SERVICE PADUCAH KY
129 AM CDT FRI APR 25 2014


...................................

...THE CAPE GIRARDEAU MO CLIMATE SUMMARY FOR APRIL 24 2014...

CLIMATE NORMAL PERIOD 1981 TO 2010
CLIMATE RECORD PERIOD 1960 TO 2014


WEATHER ITEM   OBSERVED TIME   RECORD YEAR NORMAL DEPARTURE LAST
                VALUE   (LST)  VALUE       VALUE  FROM      YEAR
                                                  NORMAL
..................................................................
TEMPERATURE (F)
 YESTERDAY
  MAXIMUM         80    215 PM  85    1965  72      8       55
  MINIMUM         51    108 AM  32    2005  49      2       38
  AVERAGE         66                        60      6

PRECIPITATION (IN)
  YESTERDAY        0.52          3.60 2011   0.16   0.36     0.09
  MONTH TO DATE    4.33                      3.38   0.95     3.06
  SINCE MAR 1      6.64                      7.78  -1.14     5.61
  SINCE JAN 1      9.78                     14.66  -4.88    12.23

DEGREE DAYS
 HEATING
  YESTERDAY        0                         6     -6       18
  MONTH TO DATE  197                       232    -35      249
  SINCE MAR 1    915                       791    124      971
  SINCE JUL 1   4840                      4288    552     4210

 COOLING
  YESTERDAY        1                         1      0        0
  MONTH TO DATE    8                        18    -10       24
  SINCE MAR 1      8                        22    -14       24
  SINCE JAN 1      8                        22    -14       24
..................................................................


WIND (MPH)
  HIGHEST WIND SPEED    23   HIGHEST WIND DIRECTION     S (160)
  HIGHEST GUST SPEED    32   HIGHEST GUST DIRECTION     S (170)
  AVERAGE WIND SPEED    13.3


SKY COVER
  AVERAGE SKY COVER 0.3


WEATHER CONDITIONS
 THE FOLLOWING WEATHER WAS RECORDED YESTERDAY.
  THUNDERSTORM
  HEAVY RAIN
  RAIN
  LIGHT RAIN
  FOG


RELATIVE HUMIDITY (PERCENT)
 HIGHEST    93
 LOWEST     31
 AVERAGE    62

..........................................................


THE CAPE GIRARDEAU MO CLIMATE NORMALS FOR TODAY
                         NORMAL    RECORD    YEAR
 MAXIMUM TEMPERATURE (F)   72        88      1989
 MINIMUM TEMPERATURE (F)   49        33      2013


SUNRISE AND SUNSET
APRIL 25 2014.........SUNRISE   611 AM CDT   SUNSET   742 PM CDT
APRIL 26 2014.........SUNRISE   610 AM CDT   SUNSET   743 PM CDT


-  INDICATES NEGATIVE NUMBERS.
R  INDICATES RECORD WAS SET OR TIED.
MM INDICATES DATA IS MISSING.
T  INDICATES TRACE AMOUNT.




$$
