000
CDUS44 KMRX 310950
CLICHA

CLIMATE REPORT
NATIONAL WEATHER SERVICE MORRISTOWN TN
450 AM EST SAT JAN 31 2015


...................................

...THE CHATTANOOGA CLIMATE SUMMARY FOR JANUARY 30 2015...

CLIMATE NORMAL PERIOD 1981 TO 2010
CLIMATE RECORD PERIOD 1879 TO 2015


WEATHER ITEM   OBSERVED TIME   RECORD YEAR NORMAL DEPARTURE LAST
                VALUE   (LST)  VALUE       VALUE  FROM      YEAR
                                                  NORMAL
..................................................................
TEMPERATURE (F)
 YESTERDAY
  MAXIMUM         49    344 PM  77    2002  52     -3       41
  MINIMUM         32   1147 PM  -7    1966  31      1        5
  AVERAGE         41                        41      0       23

PRECIPITATION (IN)
  YESTERDAY        0.00          2.17 2013   0.16  -0.16     0.00
  MONTH TO DATE    3.49                      4.75  -1.26     2.40
  SINCE DEC 1      7.89                      9.65  -1.76    10.38
  SINCE JAN 1      3.49                      4.75  -1.26     2.40

SNOWFALL (IN)
  YESTERDAY        0.0                       0.1   -0.1      0.0
  MONTH TO DATE    0.7                       1.7   -1.0      1.2
  SINCE DEC 1      0.7                       2.0   -1.3      1.2
  SINCE JUL 1      0.7                       2.0   -1.3      1.2
  SNOW DEPTH       0

DEGREE DAYS
 HEATING
  YESTERDAY       24                        24      0       42
  MONTH TO DATE  747                       741      6      935
  SINCE DEC 1   1333                      1436   -103     1552
  SINCE JUL 1   2009                      2025    -16     2183

 COOLING
  YESTERDAY        0                         0      0        0
  MONTH TO DATE    0                         0      0        0
  SINCE DEC 1      0                         1     -1        4
  SINCE JAN 1      0                         0      0        0
..................................................................


WIND (MPH)
  HIGHEST WIND SPEED    24   HIGHEST WIND DIRECTION    NW (330)
  HIGHEST GUST SPEED    33   HIGHEST GUST DIRECTION    NW (310)
  AVERAGE WIND SPEED    12.8


SKY COVER
  POSSIBLE SUNSHINE  MM
  AVERAGE SKY COVER 0.6


WEATHER CONDITIONS
 THE FOLLOWING WEATHER WAS RECORDED YESTERDAY.
  NO SIGNIFICANT WEATHER WAS OBSERVED.


RELATIVE HUMIDITY (PERCENT)
 HIGHEST    67          1200 AM
 LOWEST     31           200 PM
 AVERAGE    49

..........................................................


THE CHATTANOOGA CLIMATE NORMALS FOR TODAY
                         NORMAL    RECORD    YEAR
 MAXIMUM TEMPERATURE (F)   52        73      2002
 MINIMUM TEMPERATURE (F)   31       -10      1966


SUNRISE AND SUNSET
JANUARY 31 2015.......SUNRISE   741 AM EST   SUNSET   608 PM EST
FEBRUARY  1 2015......SUNRISE   740 AM EST   SUNSET   609 PM EST


-  INDICATES NEGATIVE NUMBERS.
R  INDICATES RECORD WAS SET OR TIED.
MM INDICATES DATA IS MISSING.
T  INDICATES TRACE AMOUNT.




$$
