000
CDUS44 KMRX 270937
CLICHA

CLIMATE REPORT
NATIONAL WEATHER SERVICE MORRISTOWN TN
434 PM EST THU FEB 26 2015


...................................

...THE CHATTANOOGA CLIMATE SUMMARY FOR FEBRUARY 26 2015...
VALID TODAY AS OF 0400 PM LOCAL TIME.

CLIMATE NORMAL PERIOD 1981 TO 2010
CLIMATE RECORD PERIOD 1879 TO 2015


WEATHER ITEM   OBSERVED TIME   RECORD YEAR NORMAL DEPARTURE LAST
                VALUE   (LST)  VALUE       VALUE  FROM      YEAR
                                                  NORMAL
..................................................................
TEMPERATURE (F)
 TODAY
  MAXIMUM         42    359 PM  79    1977  58    -16       44
  MINIMUM         25    441 AM  10    1967  37    -12       27
  AVERAGE         34                        47    -13       36

PRECIPITATION (IN)
  TODAY            0.02          2.68 1944   0.18  -0.16     0.00
  MONTH TO DATE    3.50                      4.49  -0.99     5.19
  SINCE DEC 1     11.39                     14.30  -2.91    15.57
  SINCE JAN 1      6.99                      9.40  -2.41     7.59

SNOWFALL (IN)
  TODAY            T                         0.0    0.0      0.0
  MONTH TO DATE    8.8                       0.5    8.3      7.2
  SINCE DEC 1      9.5                       2.5    7.0      8.4
  SINCE JUL 1      9.5                       2.5    7.0      8.4
  SNOW DEPTH       4

DEGREE DAYS
 HEATING
  TODAY           31                        18     13       29
  MONTH TO DATE  744                       542    202      529
  SINCE DEC 1   2104                      1998    106     2109
  SINCE JUL 1   2780                      2587    193     2740

 COOLING
  TODAY            0                         0      0        0
  MONTH TO DATE    0                         0      0        0
  SINCE DEC 1      0                         1     -1        4
  SINCE JAN 1      0                         0      0        0
..................................................................


WIND (MPH)
  HIGHEST WIND SPEED    14   HIGHEST WIND DIRECTION     N (340)
  HIGHEST GUST SPEED    17   HIGHEST GUST DIRECTION     N (350)
  AVERAGE WIND SPEED     4.3


SKY COVER
  POSSIBLE SUNSHINE  MM
  AVERAGE SKY COVER 0.9


WEATHER CONDITIONS
 THE FOLLOWING WEATHER WAS RECORDED TODAY.
  LIGHT SNOW
  FOG
  FOG W/VISIBILITY <= 1/4 MILE
  HAZE


RELATIVE HUMIDITY (PERCENT)
 HIGHEST   100          1200 AM
 LOWEST     57           400 PM
 AVERAGE    79

..........................................................


THE CHATTANOOGA CLIMATE NORMALS FOR TOMORROW
                         NORMAL    RECORD    YEAR
 MAXIMUM TEMPERATURE (F)   58        78      1962
 MINIMUM TEMPERATURE (F)   37        10      1963


SUNRISE AND SUNSET
FEBRUARY 26 2015......SUNRISE   714 AM EST   SUNSET   634 PM EST
FEBRUARY 27 2015......SUNRISE   713 AM EST   SUNSET   634 PM EST


-  INDICATES NEGATIVE NUMBERS.
R  INDICATES RECORD WAS SET OR TIED.
MM INDICATES DATA IS MISSING.
T  INDICATES TRACE AMOUNT.


$$
