000
CDUS44 KMRX 280829
CLICHA

CLIMATE REPORT
NATIONAL WEATHER SERVICE MORRISTOWN TN
428 AM EDT THU MAY 28 2015


...................................

...THE CHATTANOOGA CLIMATE SUMMARY FOR MAY 27 2015...

CLIMATE NORMAL PERIOD 1981 TO 2010
CLIMATE RECORD PERIOD 1879 TO 2015


WEATHER ITEM   OBSERVED TIME   RECORD YEAR NORMAL DEPARTURE LAST
                VALUE   (LST)  VALUE       VALUE  FROM      YEAR
                                                  NORMAL
..................................................................
TEMPERATURE (F)
 YESTERDAY
  MAXIMUM         85    256 PM  95    1911  83      2       86
  MINIMUM         66   1217 AM  41    1961  61      5       69
  AVERAGE         76                        72      4       78

PRECIPITATION (IN)
  YESTERDAY        0.00          2.23 1973   0.12  -0.12     0.02
  MONTH TO DATE    2.09                      3.59  -1.50     1.84
  SINCE MAR 1     15.57                     12.56   3.01     9.69
  SINCE JAN 1     22.56                     22.31   0.25    17.28

SNOWFALL (IN)
  YESTERDAY        0.0                       0.0    0.0      0.0
  MONTH TO DATE    0.0                       0.0    0.0      0.0
  SINCE MAR 1      0.0                       1.3   -1.3       T
  SINCE JUL 1      9.5                       3.9    5.6      8.4
  SNOW DEPTH       0

DEGREE DAYS
 HEATING
  YESTERDAY        0                         0      0        0
  MONTH TO DATE   13                        38    -25       47
  SINCE MAR 1    428                       616   -188      602
  SINCE JUL 1   3261                      3238     23     3396

 COOLING
  YESTERDAY       11                         7      4       13
  MONTH TO DATE  186                       119     67      170
  SINCE MAR 1    233                       165     68      208
  SINCE JAN 1    233                       165     68      208
..................................................................


WIND (MPH)
  HIGHEST WIND SPEED    21   HIGHEST WIND DIRECTION    SW (230)
  HIGHEST GUST SPEED    28   HIGHEST GUST DIRECTION    SW (230)
  AVERAGE WIND SPEED     5.3


SKY COVER
  POSSIBLE SUNSHINE  MM
  AVERAGE SKY COVER 0.8


WEATHER CONDITIONS
 THE FOLLOWING WEATHER WAS RECORDED YESTERDAY.
  FOG


RELATIVE HUMIDITY (PERCENT)
 HIGHEST    93          1200 AM
 LOWEST     51           300 PM
 AVERAGE    72

..........................................................


THE CHATTANOOGA CLIMATE NORMALS FOR TODAY
                         NORMAL    RECORD    YEAR
 MAXIMUM TEMPERATURE (F)   83        95      1962
                                             1941
 MINIMUM TEMPERATURE (F)   61        43      1961


SUNRISE AND SUNSET
MAY 28 2015...........SUNRISE   630 AM EDT   SUNSET   847 PM EDT
MAY 29 2015...........SUNRISE   629 AM EDT   SUNSET   848 PM EDT


-  INDICATES NEGATIVE NUMBERS.
R  INDICATES RECORD WAS SET OR TIED.
MM INDICATES DATA IS MISSING.
T  INDICATES TRACE AMOUNT.




$$
