000
CDUS44 KMRX 052126
CLICHA

CLIMATE REPORT
NATIONAL WEATHER SERVICE MORRISTOWN TN
522 PM EDT SUN JUL 5 2015


...................................

...THE CHATTANOOGA CLIMATE SUMMARY FOR JULY 5 2015...
VALID TODAY AS OF 500 PM LOCAL TIME.

CLIMATE NORMAL PERIOD 1981 TO 2010
CLIMATE RECORD PERIOD 1879 TO 2015


WEATHER ITEM   OBSERVED TIME   RECORD YEAR NORMAL DEPARTURE LAST
                VALUE   (LST)  VALUE       VALUE  FROM      YEAR
                                                  NORMAL
..................................................................
TEMPERATURE (F)
 TODAY
  MAXIMUM         84    359 PM 102    2012  90     -6       86
  MINIMUM         69    655 AM  59    1972  69      0       66
  AVERAGE         77                        80     -3       76

PRECIPITATION (IN)
  TODAY            0.10          2.79 2009   0.15  -0.05     0.00
  MONTH TO DATE    3.09                      0.78   2.31     0.00
  SINCE JUN 1      7.20                      4.83   2.37     4.99
  SINCE JAN 1     30.40                     27.65   2.75    22.28

SNOWFALL (IN)
  TODAY            0.0                       0.0    0.0      0.0
  MONTH TO DATE    0.0                       0.0    0.0      0.0
  SINCE JUN 1      0.0                       0.0    0.0      0.0
  SINCE JUL 1      0.0                       0.0    0.0      0.0
  SNOW DEPTH       0

DEGREE DAYS
 HEATING
  TODAY            0                         0      0        0
  MONTH TO DATE    0                         0      0        0
  SINCE JUN 1      0                         2     -2        0
  SINCE JUL 1      0                         0      0        0

 COOLING
  TODAY           12                        15     -3       11
  MONTH TO DATE   51                        71    -20       68
  SINCE JUN 1    492                       416     76      469
  SINCE JAN 1    768                       612    156      727
..................................................................


WIND (MPH)
  HIGHEST WIND SPEED    16   HIGHEST WIND DIRECTION    SW (240)
  HIGHEST GUST SPEED    23   HIGHEST GUST DIRECTION    SW (240)
  AVERAGE WIND SPEED     8.8


SKY COVER
  POSSIBLE SUNSHINE  MM
  AVERAGE SKY COVER  MM


WEATHER CONDITIONS
 THE FOLLOWING WEATHER WAS RECORDED TODAY.
  RAIN
  LIGHT RAIN
  FOG
  HAZE


RELATIVE HUMIDITY (PERCENT)
 HIGHEST    97           300 AM
 LOWEST     55           400 PM
 AVERAGE    76

..........................................................


THE CHATTANOOGA CLIMATE NORMALS FOR TOMORROW
                         NORMAL    RECORD    YEAR
 MAXIMUM TEMPERATURE (F)   90       100      2012
 MINIMUM TEMPERATURE (F)   69        52      1972


SUNRISE AND SUNSET
JULY  5 2015..........SUNRISE   632 AM EDT   SUNSET   858 PM EDT
JULY  6 2015..........SUNRISE   633 AM EDT   SUNSET   858 PM EDT


-  INDICATES NEGATIVE NUMBERS.
R  INDICATES RECORD WAS SET OR TIED.
MM INDICATES DATA IS MISSING.
T  INDICATES TRACE AMOUNT.




$$
