000
CDUS44 KMRX 260815
CLICHA


CLIMATE REPORT
NATIONAL WEATHER SERVICE MORRISTOWN TN
415 AM EDT MON JUN 26 2017


...................................

...THE CHATTANOOGA  ASOS CLIMATE SUMMARY FOR JUNE 25 2017...

CLIMATE NORMAL PERIOD 1981 TO 2010
CLIMATE RECORD PERIOD 1879 TO 2017


WEATHER ITEM   OBSERVED TIME   RECORD YEAR NORMAL DEPARTURE LAST
                VALUE   (LST)  VALUE       VALUE  FROM      YEAR
                                                  NORMAL
..................................................................
TEMPERATURE (F)
 YESTERDAY
  MAXIMUM         82    530 PM 102    1952  89     -7       99
  MINIMUM         63   1159 PM  50    1974  68     -5       73
  AVERAGE         73                        78     -5       86

PRECIPITATION (IN)
  YESTERDAY        0.00          2.03 1923   0.14  -0.14     0.00
  MONTH TO DATE    3.09                      3.32  -0.23     1.19
  SINCE JUN 1      3.09                      3.32  -0.23     1.19
  SINCE JAN 1     31.95                     26.14   5.81    18.43

DEGREE DAYS
 COOLING
  YESTERDAY        8                        13     -5       21
  MONTH TO DATE  295                       275     20      382
  SINCE JUN 1    295                       275     20      382
  SINCE JAN 1    621                       471    150      658
..................................................................


WIND (MPH)
  HIGHEST WIND SPEED    18   HIGHEST WIND DIRECTION    NW (330)
  HIGHEST GUST SPEED    21   HIGHEST GUST DIRECTION     N (350)
  AVERAGE WIND SPEED     6.1


SKY COVER
  POSSIBLE SUNSHINE  MM
  AVERAGE SKY COVER 0.5


WEATHER CONDITIONS
 THE FOLLOWING WEATHER WAS RECORDED YESTERDAY.
  NO SIGNIFICANT WEATHER WAS OBSERVED.


RELATIVE HUMIDITY (PERCENT)
 HIGHEST    87           400 AM
 LOWEST     35           700 PM
 AVERAGE    61

..........................................................


THE CHATTANOOGA  ASOS CLIMATE NORMALS FOR TODAY
                         NORMAL    RECORD    YEAR
 MAXIMUM TEMPERATURE (F)   89       101      1988
 MINIMUM TEMPERATURE (F)   68        45      1974


SUNRISE AND SUNSET
JUNE 26 2017..........SUNRISE   629 AM EDT   SUNSET   859 PM EDT
JUNE 27 2017..........SUNRISE   629 AM EDT   SUNSET   859 PM EDT


-  INDICATES NEGATIVE NUMBERS.
R  INDICATES RECORD WAS SET OR TIED.
MM INDICATES DATA IS MISSING.
T  INDICATES TRACE AMOUNT.




$$
