000
CDUS44 KMRX 202221
CLICHA

CLIMATE REPORT
NATIONAL WEATHER SERVICE MORRISTOWN TN
520 PM EST THU NOV 20 2014


...................................

...THE CHATTANOOGA CLIMATE SUMMARY FOR NOVEMBER 20 2014...
VALID TODAY AS OF 0500 PM LOCAL TIME.

CLIMATE NORMAL PERIOD 1981 TO 2010
CLIMATE RECORD PERIOD 1879 TO 2014


WEATHER ITEM   OBSERVED TIME   RECORD YEAR NORMAL DEPARTURE LAST
                VALUE   (LST)  VALUE       VALUE  FROM      YEAR
                                                  NORMAL
..................................................................
TEMPERATURE (F)
 TODAY
  MAXIMUM         59    350 PM  78    1942  61     -2       60
  MINIMUM         32    804 AM  12    1914  39     -7       32
  AVERAGE         46                        50     -4       46

PRECIPITATION (IN)
  TODAY            0.00          1.46 1983   0.19  -0.19     0.00
  MONTH TO DATE    2.06                      3.12  -1.06     1.02
  SINCE SEP 1     10.84                     10.44   0.40     3.43
  SINCE JAN 1     39.49                     45.70  -6.21    57.63

SNOWFALL (IN)
  TODAY            0.0                       0.0    0.0      0.0
  MONTH TO DATE    T                         0.0    0.0      0.0
  SINCE SEP 1      T                         0.0    0.0      0.0
  SINCE JUL 1      T                         0.0    0.0      0.0
  SNOW DEPTH       0

DEGREE DAYS
 HEATING
  TODAY           19                        15      4       19
  MONTH TO DATE  385                       243    142      270
  SINCE SEP 1    505                       415     90      399
  SINCE JUL 1    505                       415     90      399

 COOLING
  TODAY            0                         0      0        0
  MONTH TO DATE    0                         0      0        0
  SINCE SEP 1    409                       287    122      360
  SINCE JAN 1   1910                      1737    173     1752
..................................................................


WIND (MPH)
  HIGHEST WIND SPEED    14   HIGHEST WIND DIRECTION    SW (230)
  HIGHEST GUST SPEED    20   HIGHEST GUST DIRECTION    NW (300)
  AVERAGE WIND SPEED     4.3


SKY COVER
  POSSIBLE SUNSHINE  MM
  AVERAGE SKY COVER  MM


WEATHER CONDITIONS
 THE FOLLOWING WEATHER WAS RECORDED TODAY.
  NO SIGNIFICANT WEATHER WAS OBSERVED.


RELATIVE HUMIDITY (PERCENT)
 HIGHEST    75           800 AM
 LOWEST     30           200 PM
 AVERAGE    53

..........................................................


THE CHATTANOOGA CLIMATE NORMALS FOR TOMORROW
                         NORMAL    RECORD    YEAR
 MAXIMUM TEMPERATURE (F)   60        79      1942
 MINIMUM TEMPERATURE (F)   39        16      1887


SUNRISE AND SUNSET
NOVEMBER 20 2014......SUNRISE   720 AM EST   SUNSET   532 PM EST
NOVEMBER 21 2014......SUNRISE   721 AM EST   SUNSET   532 PM EST


-  INDICATES NEGATIVE NUMBERS.
R  INDICATES RECORD WAS SET OR TIED.
MM INDICATES DATA IS MISSING.
T  INDICATES TRACE AMOUNT.




$$
