000
CDUS41 KLWX 200520
CLICHO


CLIMATE REPORT
NATIONAL WEATHER SERVICE BALTIMORE MD/WASHINGTON DC
119 AM EDT SUN APR 20 2014


...................................

...THE CHARLOTTESVILLE VA CLIMATE SUMMARY FOR APRIL 19 2014...

CLIMATE NORMAL PERIOD 1981 TO 2010
CLIMATE RECORD PERIOD 1889 TO 2014


WEATHER ITEM   OBSERVED TIME   RECORD YEAR NORMAL DEPARTURE LAST
                VALUE   (LST)  VALUE       VALUE  FROM      YEAR
                                                  NORMAL
..................................................................
TEMPERATURE (F)
 YESTERDAY
  MAXIMUM         66    313 PM  MM      MM  69     -3       75
  MINIMUM         41    619 AM  MM      MM  44     -3       55
  AVERAGE         54                        56     -2       65

PRECIPITATION (IN)
  YESTERDAY        0.00                      0.11  -0.11     0.73
  MONTH TO DATE    2.20                      2.14   0.06     2.56
  SINCE MAR 1      4.69                      5.80  -1.11     5.38
  SINCE JAN 1      9.78                     11.27  -1.49    11.82

DEGREE DAYS
 HEATING
  YESTERDAY       11                         9      2        0
  MONTH TO DATE  199                       221    -22      148
  SINCE MAR 1    926                       813    113      882
  SINCE JUL 1   4435                      4225    210     3939

 COOLING
  YESTERDAY        0                         1     -1        0
  MONTH TO DATE    9                        11     -2       44
  SINCE MAR 1      9                        13     -4       44
  SINCE JAN 1      9                        13     -4       44
..................................................................


WIND (MPH)
  HIGHEST WIND SPEED    18   HIGHEST WIND DIRECTION    NE (30)
  HIGHEST GUST SPEED    25   HIGHEST GUST DIRECTION    NE (40)
  AVERAGE WIND SPEED     5.6


SKY COVER
  POSSIBLE SUNSHINE  MM
  AVERAGE SKY COVER 0.0


WEATHER CONDITIONS
 THE FOLLOWING WEATHER WAS RECORDED YESTERDAY.
  NO SIGNIFICANT WEATHER WAS OBSERVED.


RELATIVE HUMIDITY (PERCENT)
 HIGHEST    89           700 AM
 LOWEST     37           400 PM
 AVERAGE    63

..........................................................


THE CHARLOTTESVILLE VA CLIMATE NORMALS FOR TODAY
                         NORMAL    RECORD    YEAR
 MAXIMUM TEMPERATURE (F)   69        MM        MM
 MINIMUM TEMPERATURE (F)   44        MM        MM


SUNRISE AND SUNSET
APRIL 20 2014.........SUNRISE   631 AM EDT   SUNSET   755 PM EDT
APRIL 21 2014.........SUNRISE   630 AM EDT   SUNSET   756 PM EDT


-  INDICATES NEGATIVE NUMBERS.
R  INDICATES RECORD WAS SET OR TIED.
MM INDICATES DATA IS MISSING.
T  INDICATES TRACE AMOUNT.




$$
