000
CDUS41 KLWX 280522
CLICHO


CLIMATE REPORT
NATIONAL WEATHER SERVICE BALTIMORE MD/WASHINGTON DC
121 AM EDT MON JUL 28 2014


...................................

...THE CHARLOTTESVILLE VA CLIMATE SUMMARY FOR JULY 27 2014...

CLIMATE NORMAL PERIOD 1981 TO 2010
CLIMATE RECORD PERIOD 1889 TO 2014


WEATHER ITEM   OBSERVED TIME   RECORD YEAR NORMAL DEPARTURE LAST
                VALUE   (LST)  VALUE       VALUE  FROM      YEAR
                                                  NORMAL
..................................................................
TEMPERATURE (F)
 YESTERDAY
  MAXIMUM         83    318 PM  MM      MM  86     -3       77
  MINIMUM         68    540 AM  MM      MM  65      3       64
  AVERAGE         76                        75      1       71

PRECIPITATION (IN)
  YESTERDAY        0.21                      0.15   0.06     0.01
  MONTH TO DATE    3.05                      3.78  -0.73     3.53
  SINCE JUN 1      5.90                      7.51  -1.61    10.59
  SINCE JAN 1     24.17                     23.98   0.19    27.22

DEGREE DAYS
 HEATING
  YESTERDAY        0                         0      0        0
  MONTH TO DATE    0                         0      0        0
  SINCE JUN 1      2                        11     -9        2
  SINCE JUL 1      0                         0      0        0

 COOLING
  YESTERDAY       11                        10      1        6
  MONTH TO DATE  287                       287      0      346
  SINCE JUN 1    559                       506     53      592
  SINCE JAN 1    675                       592     83      739
..................................................................


WIND (MPH)
  HIGHEST WIND SPEED    15   HIGHEST WIND DIRECTION     S (200)
  HIGHEST GUST SPEED    20   HIGHEST GUST DIRECTION     S (190)
  AVERAGE WIND SPEED     6.6


SKY COVER
  POSSIBLE SUNSHINE  MM
  AVERAGE SKY COVER 0.4


WEATHER CONDITIONS
 THE FOLLOWING WEATHER WAS RECORDED YESTERDAY.
  THUNDERSTORM
  RAIN
  LIGHT RAIN
  FOG


RELATIVE HUMIDITY (PERCENT)
 HIGHEST    97           200 AM
 LOWEST     65           500 PM
 AVERAGE    81

..........................................................


THE CHARLOTTESVILLE VA CLIMATE NORMALS FOR TODAY
                         NORMAL    RECORD    YEAR
 MAXIMUM TEMPERATURE (F)   86        MM        MM
 MINIMUM TEMPERATURE (F)   65        MM        MM


SUNRISE AND SUNSET
JULY 28 2014..........SUNRISE   613 AM EDT   SUNSET   827 PM EDT
JULY 29 2014..........SUNRISE   614 AM EDT   SUNSET   826 PM EDT


-  INDICATES NEGATIVE NUMBERS.
R  INDICATES RECORD WAS SET OR TIED.
MM INDICATES DATA IS MISSING.
T  INDICATES TRACE AMOUNT.




$$
