000
CDUS41 KLWX 290529
CLICHO


CLIMATE REPORT
NATIONAL WEATHER SERVICE BALTIMORE MD/WASHINGTON DC
128 AM EDT FRI APR 29 2016


...................................

...THE CHARLOTTESVILLE VA CLIMATE SUMMARY FOR APRIL 28 2016...

CLIMATE NORMAL PERIOD 1981 TO 2010
CLIMATE RECORD PERIOD 1889 TO 2016


WEATHER ITEM   OBSERVED TIME   RECORD YEAR NORMAL DEPARTURE LAST
                VALUE   (LST)  VALUE       VALUE  FROM      YEAR
                                                  NORMAL
..................................................................
TEMPERATURE (F)
 YESTERDAY
  MAXIMUM         60    156 PM  MM      MM  71    -11       69
  MINIMUM         54   1159 PM  MM      MM  46      8       44
  AVERAGE         57                        59     -2       57

PRECIPITATION (IN)
  YESTERDAY        1.00                      0.10   0.90     0.00
  MONTH TO DATE    3.32                      3.16   0.16     4.44
  SINCE MAR 1      4.81                      6.82  -2.01     7.95
  SINCE JAN 1     10.93                     12.29  -1.36    10.61

DEGREE DAYS
 HEATING
  YESTERDAY        8                         7      1        8
  MONTH TO DATE  239                       294    -55      232
  SINCE MAR 1    582                       886   -304      839
  SINCE JUL 1   3340                      4298   -958     4354

 COOLING
  YESTERDAY        0                         1     -1        0
  MONTH TO DATE   23                        20      3        8
  SINCE MAR 1     27                        22      5        8
  SINCE JAN 1     27                        22      5        8
..................................................................


WIND (MPH)
  HIGHEST WIND SPEED    18   HIGHEST WIND DIRECTION    SE (120)
  HIGHEST GUST SPEED    21   HIGHEST GUST DIRECTION    SE (120)
  AVERAGE WIND SPEED     5.3


SKY COVER
  POSSIBLE SUNSHINE  MM
  AVERAGE SKY COVER 1.0


WEATHER CONDITIONS
 THE FOLLOWING WEATHER WAS RECORDED YESTERDAY.
  THUNDERSTORM
  HEAVY RAIN
  RAIN
  LIGHT RAIN
  FOG
  HAZE


RELATIVE HUMIDITY (PERCENT)
 HIGHEST    93           500 AM
 LOWEST     84           200 PM
 AVERAGE    89

..........................................................


THE CHARLOTTESVILLE VA CLIMATE NORMALS FOR TODAY
                         NORMAL    RECORD    YEAR
 MAXIMUM TEMPERATURE (F)   71        MM        MM
 MINIMUM TEMPERATURE (F)   47        MM        MM


SUNRISE AND SUNSET
APRIL 29 2016.........SUNRISE   619 AM EDT   SUNSET   804 PM EDT
APRIL 30 2016.........SUNRISE   618 AM EDT   SUNSET   804 PM EDT


-  INDICATES NEGATIVE NUMBERS.
R  INDICATES RECORD WAS SET OR TIED.
MM INDICATES DATA IS MISSING.
T  INDICATES TRACE AMOUNT.




$$
