220
CDUS41 KLWX 220527
CLICHO


CLIMATE REPORT
NATIONAL WEATHER SERVICE BALTIMORE MD/WASHINGTON DC
127 AM EDT FRI MAY 22 2015


...................................

...THE CHARLOTTESVILLE VA CLIMATE SUMMARY FOR MAY 21 2015...

CLIMATE NORMAL PERIOD 1981 TO 2010
CLIMATE RECORD PERIOD 1889 TO 2015


WEATHER ITEM   OBSERVED TIME   RECORD YEAR NORMAL DEPARTURE LAST
                VALUE   (LST)  VALUE       VALUE  FROM      YEAR
                                                  NORMAL
..................................................................
TEMPERATURE (F)
 YESTERDAY
  MAXIMUM         60   1259 AM  MM      MM  76    -16       84
  MINIMUM         52   1108 PM  MM      MM  53     -1       57
  AVERAGE         56                        64     -8       71

PRECIPITATION (IN)
  YESTERDAY        0.13                      0.13   0.00     0.00
  MONTH TO DATE    1.65                      2.50  -0.85     4.26
  SINCE MAR 1      9.83                      9.52   0.31    12.58
  SINCE JAN 1     12.49                     14.99  -2.50    17.67

DEGREE DAYS
 HEATING
  YESTERDAY        9                         3      6        0
  MONTH TO DATE   38                       100    -62       54
  SINCE MAR 1    888                      1000   -112     1076
  SINCE JUL 1   4403                      4412     -9     4585

 COOLING
  YESTERDAY        0                         2     -2        6
  MONTH TO DATE   97                        33     64       60
  SINCE MAR 1    105                        54     51       69
  SINCE JAN 1    105                        54     51       69
..................................................................


WIND (MPH)
  HIGHEST WIND SPEED    10   HIGHEST WIND DIRECTION    NE (60)
  HIGHEST GUST SPEED    13   HIGHEST GUST DIRECTION    NE (30)
  AVERAGE WIND SPEED     4.3


SKY COVER
  POSSIBLE SUNSHINE  MM
  AVERAGE SKY COVER 1.0


WEATHER CONDITIONS
 THE FOLLOWING WEATHER WAS RECORDED YESTERDAY.
  RAIN
  LIGHT RAIN
  FOG
  HAZE


RELATIVE HUMIDITY (PERCENT)
 HIGHEST    93          1100 AM
 LOWEST     55           100 AM
 AVERAGE    74

..........................................................


THE CHARLOTTESVILLE VA CLIMATE NORMALS FOR TODAY
                         NORMAL    RECORD    YEAR
 MAXIMUM TEMPERATURE (F)   76        MM        MM
 MINIMUM TEMPERATURE (F)   53        MM        MM


SUNRISE AND SUNSET
MAY 22 2015...........SUNRISE   558 AM EDT   SUNSET   823 PM EDT
MAY 23 2015...........SUNRISE   557 AM EDT   SUNSET   824 PM EDT


-  INDICATES NEGATIVE NUMBERS.
R  INDICATES RECORD WAS SET OR TIED.
MM INDICATES DATA IS MISSING.
T  INDICATES TRACE AMOUNT.




$$
