952
CDUS41 KLWX 110526
CLICHO


CLIMATE REPORT
NATIONAL WEATHER SERVICE BALTIMORE MD/WASHINGTON DC
1224 AM EST THU FEB 11 2016


...................................

...THE CHARLOTTESVILLE VA CLIMATE SUMMARY FOR FEBRUARY 10 2016...

CLIMATE NORMAL PERIOD 1981 TO 2010
CLIMATE RECORD PERIOD 1889 TO 2016


WEATHER ITEM   OBSERVED TIME   RECORD YEAR NORMAL DEPARTURE LAST
                VALUE   (LST)  VALUE       VALUE  FROM      YEAR
                                                  NORMAL
..................................................................
TEMPERATURE (F)
 YESTERDAY
  MAXIMUM         38    131 PM  MM      MM  47     -9       46
  MINIMUM         22   1150 PM  MM      MM  27     -5       30
  AVERAGE         30                        37     -7       38

PRECIPITATION (IN)
  YESTERDAY        0.00                      0.10  -0.10      T
  MONTH TO DATE    1.03                      0.82   0.21     0.12
  SINCE DEC 1      6.72                      6.74  -0.02     4.61
  SINCE JAN 1      2.89                      3.59  -0.70     1.82

DEGREE DAYS
 HEATING
  YESTERDAY       35                        28      7       27
  MONTH TO DATE  239                       284    -45      270
  SINCE DEC 1   1625                      2053   -428     1938
  SINCE JUL 1   2271                      2944   -673     2792

 COOLING
  YESTERDAY        0                         0      0        0
  MONTH TO DATE    0                         0      0        0
  SINCE DEC 1      2                         0      2        0
  SINCE JAN 1      0                         0      0        0
..................................................................


WIND (MPH)
  HIGHEST WIND SPEED    15   HIGHEST WIND DIRECTION    NW (300)
  HIGHEST GUST SPEED    24   HIGHEST GUST DIRECTION    NW (310)
  AVERAGE WIND SPEED     6.9


SKY COVER
  POSSIBLE SUNSHINE  MM
  AVERAGE SKY COVER 0.6


WEATHER CONDITIONS
 THE FOLLOWING WEATHER WAS RECORDED YESTERDAY.
  NO SIGNIFICANT WEATHER WAS OBSERVED.


RELATIVE HUMIDITY (PERCENT)
 HIGHEST    53           100 AM
 LOWEST     32           400 PM
 AVERAGE    43

..........................................................


THE CHARLOTTESVILLE VA CLIMATE NORMALS FOR TODAY
                         NORMAL    RECORD    YEAR
 MAXIMUM TEMPERATURE (F)   48        MM        MM
 MINIMUM TEMPERATURE (F)   27        MM        MM


SUNRISE AND SUNSET
FEBRUARY 11 2016......SUNRISE   709 AM EST   SUNSET   547 PM EST
FEBRUARY 12 2016......SUNRISE   708 AM EST   SUNSET   549 PM EST


-  INDICATES NEGATIVE NUMBERS.
R  INDICATES RECORD WAS SET OR TIED.
MM INDICATES DATA IS MISSING.
T  INDICATES TRACE AMOUNT.




$$
