000
CDUS41 KLWX 260534
CLICHO


CLIMATE REPORT
NATIONAL WEATHER SERVICE BALTIMORE MD/WASHINGTON DC
129 AM EDT MON JUN 26 2017


...................................

...THE CHARLOTTESVILLE VA CLIMATE SUMMARY FOR JUNE 25 2017...

CLIMATE NORMAL PERIOD 1981 TO 2010
CLIMATE RECORD PERIOD 1998 TO 2017


WEATHER ITEM   OBSERVED TIME   RECORD YEAR NORMAL DEPARTURE LAST
                VALUE   (LST)  VALUE       VALUE  FROM      YEAR
                                                  NORMAL
..................................................................
TEMPERATURE (F)
 YESTERDAY
  MAXIMUM         85    405 PM  MM      MM  86     -1       81
  MINIMUM         63   1050 PM  MM      MM  63      0       66
  AVERAGE         74                        74      0       74

PRECIPITATION (IN)
  YESTERDAY        0.00                      0.11  -0.11     0.00
  MONTH TO DATE    2.60                      3.18  -0.58     3.75
  SINCE JUN 1      2.60                      3.18  -0.58     3.75
  SINCE JAN 1     20.15                     19.65   0.50    20.26

DEGREE DAYS
 HEATING
  YESTERDAY        0                         0      0        0
  MONTH TO DATE    1                         8     -7        0
  SINCE JUN 1      1                         8     -7        0
  SINCE JUL 1   3092                      4441  -1349     3480

 COOLING
  YESTERDAY        9                         9      0        9
  MONTH TO DATE  254                       170     84      238
  SINCE JUN 1    254                       170     84      238
  SINCE JAN 1    464                       256    208      351
..................................................................


WIND (MPH)
  HIGHEST WIND SPEED     9   HIGHEST WIND DIRECTION    NW (330)
  HIGHEST GUST SPEED    16   HIGHEST GUST DIRECTION    NW (330)
  AVERAGE WIND SPEED     3.7


SKY COVER
  POSSIBLE SUNSHINE  MM
  AVERAGE SKY COVER 0.1


WEATHER CONDITIONS
 THE FOLLOWING WEATHER WAS RECORDED YESTERDAY.
  NO SIGNIFICANT WEATHER WAS OBSERVED.


RELATIVE HUMIDITY (PERCENT)
 HIGHEST    87          1200 AM
 LOWEST     31           400 PM
 AVERAGE    59

..........................................................


THE CHARLOTTESVILLE VA CLIMATE NORMALS FOR TODAY
                         NORMAL    RECORD    YEAR
 MAXIMUM TEMPERATURE (F)   86        MM        MM
 MINIMUM TEMPERATURE (F)   63        MM        MM


SUNRISE AND SUNSET
JUNE 26 2017..........SUNRISE   553 AM EDT   SUNSET   841 PM EDT
JUNE 27 2017..........SUNRISE   553 AM EDT   SUNSET   841 PM EDT


-  INDICATES NEGATIVE NUMBERS.
R  INDICATES RECORD WAS SET OR TIED.
MM INDICATES DATA IS MISSING.
T  INDICATES TRACE AMOUNT.




$$
