000
CDUS41 KLWX 232136
CLICHO


CLIMATE REPORT
NATIONAL WEATHER SERVICE BALTIMORE MD/WASHINGTON DC
536 PM EDT TUE SEP 23 2014


...................................

...THE CHARLOTTESVILLE VA CLIMATE SUMMARY FOR SEPTEMBER 23 2014...
VALID TODAY AS OF 0500 PM LOCAL TIME.

CLIMATE NORMAL PERIOD 1981 TO 2010
CLIMATE RECORD PERIOD 1889 TO 2014


WEATHER ITEM   OBSERVED TIME   RECORD YEAR NORMAL DEPARTURE LAST
                VALUE   (LST)  VALUE       VALUE  FROM      YEAR
                                                  NORMAL
..................................................................
TEMPERATURE (F)
 TODAY
  MAXIMUM         69    355 PM  MM      MM  76     -7       68
  MINIMUM         46    633 AM  MM      MM  53     -7       45
  AVERAGE         58                        64     -6       57

PRECIPITATION (IN)
  TODAY            0.00                      0.16  -0.16     0.00
  MONTH TO DATE    0.28                      3.19  -2.91     0.65
  SINCE SEP 1      0.28                      3.19  -2.91     0.65
  SINCE JAN 1     28.78                     31.33  -2.55    34.17

DEGREE DAYS
 HEATING
  TODAY            7                                         8
  MONTH TO DATE   14                                        43
  SINCE SEP 1     14                                        43
  SINCE JUL 1     14                                        48

 COOLING
  TODAY            0                                         0
  MONTH TO DATE  147                                       106
  SINCE SEP 1    147                                       106
  SINCE JAN 1   1075                                      1108
..................................................................


WIND (MPH)
  HIGHEST WIND SPEED    13   HIGHEST WIND DIRECTION    NE (30)
  HIGHEST GUST SPEED    15   HIGHEST GUST DIRECTION    NE (30)
  AVERAGE WIND SPEED     3.2


SKY COVER
  POSSIBLE SUNSHINE  MM
  AVERAGE SKY COVER 0.0


WEATHER CONDITIONS
 THE FOLLOWING WEATHER WAS RECORDED TODAY.
  NO SIGNIFICANT WEATHER WAS OBSERVED.


RELATIVE HUMIDITY (PERCENT)
 HIGHEST    86           700 AM
 LOWEST     36           300 PM
 AVERAGE    61

..........................................................


THE CHARLOTTESVILLE VA CLIMATE NORMALS FOR TOMORROW
                         NORMAL    RECORD    YEAR
 MAXIMUM TEMPERATURE (F)   75        MM        MM
 MINIMUM TEMPERATURE (F)   52        MM        MM


SUNRISE AND SUNSET
SEPTEMBER 23 2014.....SUNRISE   702 AM EDT   SUNSET   709 PM EDT
SEPTEMBER 24 2014.....SUNRISE   703 AM EDT   SUNSET   708 PM EDT


-  INDICATES NEGATIVE NUMBERS.
R  INDICATES RECORD WAS SET OR TIED.
MM INDICATES DATA IS MISSING.
T  INDICATES TRACE AMOUNT.




$$
