000
CDUS42 KCHS 210603
CLICHS


CLIMATE REPORT
NATIONAL WEATHER SERVICE CHARLESTON SC
103 AM EST SUN JAN 21 2018


...................................

...THE NORTH CHARLESTON SC CLIMATE SUMMARY FOR JANUARY 20 2018...

CLIMATE NORMAL PERIOD 1981 TO 2010
CLIMATE RECORD PERIOD 1938 TO 2018


WEATHER ITEM   OBSERVED TIME   RECORD YEAR NORMAL DEPARTURE LAST
                VALUE   (LST)  VALUE       VALUE  FROM      YEAR
                                                  NORMAL
..................................................................
TEMPERATURE (F)
 YESTERDAY
  MAXIMUM         65    347 PM  79    2017  59      6       79
  MINIMUM         32    747 AM  17    1976  37     -5       55
                                      1940
  AVERAGE         49                        48      1       67

PRECIPITATION (IN)
  YESTERDAY        0.00          1.22 1963   0.13  -0.13     0.00
  MONTH TO DATE    1.26                      2.39  -1.13     0.90
  SINCE DEC 1      3.77                      5.50  -1.73     5.68
  SINCE JAN 1      1.26                      2.39  -1.13     0.90

SNOWFALL (IN)
  YESTERDAY        0.0                       0.0    0.0
  SINCE DEC 1      5.3                       0.3    5.0
  SINCE JUL 1      5.3                       0.3    5.0

DEGREE DAYS
 HEATING
  YESTERDAY       16                        17     -1        0
  MONTH TO DATE  477                       340    137      166
  SINCE DEC 1    894                       786    108      481
  SINCE JUL 1   1180                      1078    102      699

 COOLING
  YESTERDAY        0                         0      0        2
  MONTH TO DATE    2                         0      2       15
  SINCE DEC 1      5                         7     -2       22
  SINCE JAN 1      2                         0      2       15
..................................................................


WIND (MPH)
  HIGHEST WIND SPEED    16   HIGHEST WIND DIRECTION     W (260)
  HIGHEST GUST SPEED    20   HIGHEST GUST DIRECTION     W (260)
  AVERAGE WIND SPEED     6.3


SKY COVER
  POSSIBLE SUNSHINE  MM
  AVERAGE SKY COVER 0.2


WEATHER CONDITIONS
 THE FOLLOWING WEATHER WAS RECORDED YESTERDAY.
  NO SIGNIFICANT WEATHER WAS OBSERVED.


RELATIVE HUMIDITY (PERCENT)
 HIGHEST    75           100 AM
 LOWEST     20           200 PM
 AVERAGE    48

..........................................................


THE NORTH CHARLESTON SC CLIMATE NORMALS FOR TODAY
                         NORMAL    RECORD    YEAR
 MAXIMUM TEMPERATURE (F)   59        80      1954
 MINIMUM TEMPERATURE (F)   38         6      1985


SUNRISE AND SUNSET
JANUARY 21 2018.......SUNRISE   721 AM EST   SUNSET   542 PM EST
JANUARY 22 2018.......SUNRISE   721 AM EST   SUNSET   543 PM EST


-  INDICATES NEGATIVE NUMBERS.
R  INDICATES RECORD WAS SET OR TIED.
MM INDICATES DATA IS MISSING.
T  INDICATES TRACE AMOUNT.




$$
