000
CDUS42 KCHS 302146
CLICHS


CLIMATE REPORT
NATIONAL WEATHER SERVICE CHARLESTON SC
546 PM EDT SAT AUG 30 2014


...................................

...THE NORTH CHARLESTON SC CLIMATE SUMMARY FOR AUGUST 30 2014...
VALID TODAY AS OF 0500 PM LOCAL TIME.

CLIMATE NORMAL PERIOD 1981 TO 2010
CLIMATE RECORD PERIOD 1938 TO 2014


WEATHER ITEM   OBSERVED TIME   RECORD YEAR NORMAL DEPARTURE LAST
                VALUE   (LST)  VALUE       VALUE  FROM      YEAR
                                                  NORMAL
..................................................................
TEMPERATURE (F)
 TODAY
  MAXIMUM         92    258 PM  96    1948  88      4       90
  MINIMUM         74    506 AM  59    1986  71      3       75
  AVERAGE         83                        80      3       83

PRECIPITATION (IN)
  TODAY            0.00          3.75 1985   0.24  -0.24     0.00
  MONTH TO DATE    7.08                      6.91   0.17     3.95
  SINCE JUN 1     18.08                     19.09  -1.01    22.62
  SINCE JAN 1     35.33                     35.40  -0.07    46.06

SNOWFALL (IN)
  TODAY            0.0                       0.0    0.0
  SINCE JUN 1      0.0                       0.0    0.0
  SINCE JUL 1      0.0                       0.0    0.0

DEGREE DAYS
 HEATING
  TODAY            0                         0      0        0
  MONTH TO DATE    0                         0      0        0
  SINCE JUN 1      0                         1     -1        0
  SINCE JUL 1      0                         0      0        0

 COOLING
  TODAY           18                        14      4       18
  MONTH TO DATE  549                       479     70      497
  SINCE JUN 1   1633                      1429    204     1490
  SINCE JAN 1   2143                      1791    352     1837
..................................................................


WIND (MPH)
  HIGHEST WIND SPEED    14   HIGHEST WIND DIRECTION    SE (140)
  HIGHEST GUST SPEED    20   HIGHEST GUST DIRECTION    SE (140)
  AVERAGE WIND SPEED     4.2


SKY COVER
  POSSIBLE SUNSHINE  MM
  AVERAGE SKY COVER 0.3


WEATHER CONDITIONS
 THE FOLLOWING WEATHER WAS RECORDED TODAY.
  NO SIGNIFICANT WEATHER WAS OBSERVED.


RELATIVE HUMIDITY (PERCENT)
 HIGHEST    94           600 AM
 LOWEST     52           300 PM
 AVERAGE    73

..........................................................


THE NORTH CHARLESTON SC CLIMATE NORMALS FOR TOMORROW
                         NORMAL    RECORD    YEAR
 MAXIMUM TEMPERATURE (F)   88        97      1954
 MINIMUM TEMPERATURE (F)   71        61      1999


SUNRISE AND SUNSET
AUGUST 30 2014........SUNRISE   653 AM EDT   SUNSET   748 PM EDT
AUGUST 31 2014........SUNRISE   654 AM EDT   SUNSET   746 PM EDT


-  INDICATES NEGATIVE NUMBERS.
R  INDICATES RECORD WAS SET OR TIED.
MM INDICATES DATA IS MISSING.
T  INDICATES TRACE AMOUNT.




$$
