000
CDUS42 KCHS 100603
CLICHS


CLIMATE REPORT
NATIONAL WEATHER SERVICE CHARLESTON SC
102 AM EST WED FEB 10 2016


...................................

...THE NORTH CHARLESTON SC CLIMATE SUMMARY FOR FEBRUARY 9 2016...

CLIMATE NORMAL PERIOD 1981 TO 2010
CLIMATE RECORD PERIOD 1938 TO 2016


WEATHER ITEM   OBSERVED TIME   RECORD YEAR NORMAL DEPARTURE LAST
                VALUE   (LST)  VALUE       VALUE  FROM      YEAR
                                                  NORMAL
..................................................................
TEMPERATURE (F)
 YESTERDAY
  MAXIMUM         48   1210 PM  80    1949  62    -14       70
  MINIMUM         36   1159 PM  19    1995  40     -4       46
                                      1947
  AVERAGE         42                        51     -9       58

PRECIPITATION (IN)
  YESTERDAY        0.00          1.69 1948   0.10  -0.10     0.12
  MONTH TO DATE    3.33                      0.98   2.35     0.98
  SINCE DEC 1      9.87                      7.80   2.07     7.91
  SINCE JAN 1      6.73                      4.69   2.04     4.51

SNOWFALL (IN)
  YESTERDAY        0.0                       0.0    0.0
  SINCE DEC 1      T                         0.4   -0.4
  SINCE JUL 1      T                         0.4   -0.4

DEGREE DAYS
 HEATING
  YESTERDAY       23                        15      8        7
  MONTH TO DATE  114                       137    -23      148
  SINCE DEC 1    772                      1104   -332     1007
  SINCE JUL 1    918                      1396   -478     1345

 COOLING
  YESTERDAY        0                         0      0        0
  MONTH TO DATE    2                         0      2        0
  SINCE DEC 1     99                         9     90        4
  SINCE JAN 1      2                         2      0        4
..................................................................


WIND (MPH)
  HIGHEST WIND SPEED    23   HIGHEST WIND DIRECTION     W (280)
  HIGHEST GUST SPEED    33   HIGHEST GUST DIRECTION     W (250)
  AVERAGE WIND SPEED    12.8


SKY COVER
  POSSIBLE SUNSHINE  MM
  AVERAGE SKY COVER 0.4


WEATHER CONDITIONS
 THE FOLLOWING WEATHER WAS RECORDED YESTERDAY.
  NO SIGNIFICANT WEATHER WAS OBSERVED.


RELATIVE HUMIDITY (PERCENT)
 HIGHEST    83          1200 AM
 LOWEST     39           600 PM
 AVERAGE    61

..........................................................


THE NORTH CHARLESTON SC CLIMATE NORMALS FOR TODAY
                         NORMAL    RECORD    YEAR
 MAXIMUM TEMPERATURE (F)   62        81      1959
 MINIMUM TEMPERATURE (F)   40        20      1979


SUNRISE AND SUNSET
FEBRUARY 10 2016......SUNRISE   709 AM EST   SUNSET   601 PM EST
FEBRUARY 11 2016......SUNRISE   708 AM EST   SUNSET   601 PM EST


-  INDICATES NEGATIVE NUMBERS.
R  INDICATES RECORD WAS SET OR TIED.
MM INDICATES DATA IS MISSING.
T  INDICATES TRACE AMOUNT.




$$
