000
CDUS42 KCHS 020602
CLICHS


CLIMATE REPORT
NATIONAL WEATHER SERVICE CHARLESTON SC
102 AM EST FRI DEC 2 2016


...................................

...THE NORTH CHARLESTON SC CLIMATE SUMMARY FOR DECEMBER 1 2016...

CLIMATE NORMAL PERIOD 1981 TO 2010
CLIMATE RECORD PERIOD 1938 TO 2016


WEATHER ITEM   OBSERVED TIME   RECORD YEAR NORMAL DEPARTURE LAST
                VALUE   (LST)  VALUE       VALUE  FROM      YEAR
                                                  NORMAL
..................................................................
TEMPERATURE (F)
 YESTERDAY
  MAXIMUM         73   1249 AM  82    1991  66      7       74
  MINIMUM         50   1159 PM  23    1955  43      7       59
  AVERAGE         62                        54      8       67

PRECIPITATION (IN)
  YESTERDAY        0.11          1.02 1977   0.09   0.02     0.00
  MONTH TO DATE    0.11                      0.09   0.02     0.00
  SINCE DEC 1      0.11                      0.09   0.02     0.00
  SINCE JAN 1     54.96                     48.01   6.95    71.75

SNOWFALL (IN)
  YESTERDAY        0.0                       0.0    0.0
  SINCE DEC 1      0.0                       0.0    0.0
  SINCE JUL 1      0.0                       0.0    0.0

DEGREE DAYS
 HEATING
  YESTERDAY        3                        11     -8        0
  MONTH TO DATE    3                        11     -8        0
  SINCE DEC 1      3                        11     -8        0
  SINCE JUL 1    218                       303    -85      146

 COOLING
  YESTERDAY        0                         0      0        2
  MONTH TO DATE    0                         0      0        2
  SINCE DEC 1      0                         0      0        2
  SINCE JAN 1   2958                      2297    661     2609
..................................................................


WIND (MPH)
  HIGHEST WIND SPEED    18   HIGHEST WIND DIRECTION    SW (240)
  HIGHEST GUST SPEED    25   HIGHEST GUST DIRECTION    SW (230)
  AVERAGE WIND SPEED     9.0


SKY COVER
  POSSIBLE SUNSHINE  MM
  AVERAGE SKY COVER 0.5


WEATHER CONDITIONS
 THE FOLLOWING WEATHER WAS RECORDED YESTERDAY.
  LIGHT RAIN
  FOG


RELATIVE HUMIDITY (PERCENT)
 HIGHEST    90           200 AM
 LOWEST     28           300 PM
 AVERAGE    59

..........................................................


THE NORTH CHARLESTON SC CLIMATE NORMALS FOR TODAY
                         NORMAL    RECORD    YEAR
 MAXIMUM TEMPERATURE (F)   65        80      2015
 MINIMUM TEMPERATURE (F)   43        23      1964


SUNRISE AND SUNSET
DECEMBER  2 2016......SUNRISE   706 AM EST   SUNSET   513 PM EST
DECEMBER  3 2016......SUNRISE   707 AM EST   SUNSET   513 PM EST


-  INDICATES NEGATIVE NUMBERS.
R  INDICATES RECORD WAS SET OR TIED.
MM INDICATES DATA IS MISSING.
T  INDICATES TRACE AMOUNT.




$$
