000
CDUS42 KCHS 270545
CLICHS


CLIMATE REPORT
NATIONAL WEATHER SERVICE CHARLESTON SC
1245 AM EST THU NOV 27 2014


...................................

...THE NORTH CHARLESTON SC CLIMATE SUMMARY FOR NOVEMBER 26 2014...

CLIMATE NORMAL PERIOD 1981 TO 2010
CLIMATE RECORD PERIOD 1938 TO 2014


WEATHER ITEM   OBSERVED TIME   RECORD YEAR NORMAL DEPARTURE LAST
                VALUE   (LST)  VALUE       VALUE  FROM      YEAR
                                                  NORMAL
..................................................................
TEMPERATURE (F)
 YESTERDAY
  MAXIMUM         62    154 AM  82    1973  67     -5       73
                                      1946
  MINIMUM         46   1158 PM  19    1950  45      1       45
  AVERAGE         54                        56     -2       59

PRECIPITATION (IN)
  YESTERDAY        0.55          2.09 2013   0.08   0.47     2.09
  MONTH TO DATE    4.66                      2.10   2.56     3.43
  SINCE SEP 1     14.27                     11.95   2.32     9.81
  SINCE JAN 1     49.60                     47.59   2.01    55.87

SNOWFALL (IN)
  YESTERDAY       MM                         0.0   MM
  SINCE SEP 1      0.0                       0.0    0.0
  SINCE JUL 1      0.0                       0.0    0.0

DEGREE DAYS
 HEATING
  YESTERDAY       11                        10      1        6
  MONTH TO DATE  247                       181     66      191
  SINCE SEP 1    269                       250     19      233
  SINCE JUL 1    269                       250     19      233

 COOLING
  YESTERDAY        0                         1     -1        0
  MONTH TO DATE   18                        31    -13       34
  SINCE SEP 1    607                       490    117      574
  SINCE JAN 1   2769                      2295    474     2429
..................................................................


WIND (MPH)
  HIGHEST WIND SPEED    24   HIGHEST WIND DIRECTION    NW (330)
  HIGHEST GUST SPEED    32   HIGHEST GUST DIRECTION    NW (330)
  AVERAGE WIND SPEED     9.3


SKY COVER
  POSSIBLE SUNSHINE  MM
  AVERAGE SKY COVER 0.7


WEATHER CONDITIONS
 THE FOLLOWING WEATHER WAS RECORDED YESTERDAY.
  RAIN
  LIGHT RAIN
  FOG


RELATIVE HUMIDITY (PERCENT)
 HIGHEST   100           200 AM
 LOWEST     67           400 PM
 AVERAGE    84

..........................................................


THE NORTH CHARLESTON SC CLIMATE NORMALS FOR TODAY
                         NORMAL    RECORD    YEAR
 MAXIMUM TEMPERATURE (F)   67        86      1973
 MINIMUM TEMPERATURE (F)   44        26      1939


SUNRISE AND SUNSET
NOVEMBER 27 2014......SUNRISE   701 AM EST   SUNSET   514 PM EST
NOVEMBER 28 2014......SUNRISE   702 AM EST   SUNSET   514 PM EST


-  INDICATES NEGATIVE NUMBERS.
R  INDICATES RECORD WAS SET OR TIED.
MM INDICATES DATA IS MISSING.
T  INDICATES TRACE AMOUNT.




$$
