000
CDUS42 KCHS 302115
CLICHS


CLIMATE REPORT
NATIONAL WEATHER SERVICE CHARLESTON SC
514 PM EDT SAT MAY 30 2015


...................................

...THE NORTH CHARLESTON SC CLIMATE SUMMARY FOR MAY 30 2015...
VALID TODAY AS OF 500 PM LOCAL TIME.

CLIMATE NORMAL PERIOD 1981 TO 2010
CLIMATE RECORD PERIOD 1938 TO 2015


WEATHER ITEM   OBSERVED TIME   RECORD YEAR NORMAL DEPARTURE LAST
                VALUE   (LST)  VALUE       VALUE  FROM      YEAR
                                                  NORMAL
..................................................................
TEMPERATURE (F)
 TODAY
  MAXIMUM         86   1234 PM  95    2004  86      0       87
                                      1995
                                      1974
  MINIMUM         67    533 AM  55    1971  66      1       72
                                      1946
  AVERAGE         77                        76      1       80

PRECIPITATION (IN)
  TODAY            0.00          1.65 1948   0.12  -0.12     0.26
  MONTH TO DATE    1.36                      2.90  -1.54     1.48
  SINCE MAR 1      7.29                      9.52  -2.23    12.39
  SINCE JAN 1     15.22                     16.19  -0.97    17.24

SNOWFALL (IN)
  TODAY            0.0                       0.0    0.0
  SINCE MAR 1      0.0                       0.0    0.0
  SINCE JUL 1      T                         0.5   -0.5

DEGREE DAYS
 HEATING
  TODAY            0                         0      0        0
  MONTH TO DATE    4                         8     -4        0
  SINCE MAR 1    210                       335   -125      352
  SINCE JUL 1   1947                      1971    -24     1875

 COOLING
  TODAY           12                        11      1       15
  MONTH TO DATE  257                       234     23      340
  SINCE MAR 1    417                       345     72      488
  SINCE JAN 1    421                       352     69      498
..................................................................


WIND (MPH)
  HIGHEST WIND SPEED    20   HIGHEST WIND DIRECTION    SE (130)
  HIGHEST GUST SPEED    23   HIGHEST GUST DIRECTION     E (100)
  AVERAGE WIND SPEED     7.6


SKY COVER
  POSSIBLE SUNSHINE  MM
  AVERAGE SKY COVER 0.4


WEATHER CONDITIONS
 THE FOLLOWING WEATHER WAS RECORDED TODAY.
  FOG


RELATIVE HUMIDITY (PERCENT)
 HIGHEST   100           400 AM
 LOWEST     51          1200 PM
 AVERAGE    76

..........................................................


THE NORTH CHARLESTON SC CLIMATE NORMALS FOR TOMORROW
                         NORMAL    RECORD    YEAR
 MAXIMUM TEMPERATURE (F)   86        98      1953
 MINIMUM TEMPERATURE (F)   66        49      1984


SUNRISE AND SUNSET
MAY 30 2015...........SUNRISE   613 AM EDT   SUNSET   822 PM EDT
MAY 31 2015...........SUNRISE   613 AM EDT   SUNSET   823 PM EDT


-  INDICATES NEGATIVE NUMBERS.
R  INDICATES RECORD WAS SET OR TIED.
MM INDICATES DATA IS MISSING.
T  INDICATES TRACE AMOUNT.

$$
