000
CDUS42 KCHS 012204
CLICHS


CLIMATE REPORT
NATIONAL WEATHER SERVICE CHARLESTON SC
504 PM EST SUN FEB 1 2015


...................................

...THE NORTH CHARLESTON SC CLIMATE SUMMARY FOR FEBRUARY 1 2015...
VALID TODAY AS OF 0500 PM LOCAL TIME.

CLIMATE NORMAL PERIOD 1981 TO 2010
CLIMATE RECORD PERIOD 1938 TO 2015


WEATHER ITEM   OBSERVED TIME   RECORD YEAR NORMAL DEPARTURE LAST
                VALUE   (LST)  VALUE       VALUE  FROM      YEAR
                                                  NORMAL
..................................................................
TEMPERATURE (F)
 TODAY
  MAXIMUM         67    122 PM  82    2002  60      7       52
  MINIMUM         36    356 AM  21    1977  39     -3       41
                                      1940
  AVERAGE         52                        49      3       47

PRECIPITATION (IN)
  TODAY            0.00          1.48 1999   0.11  -0.11     0.28
  MONTH TO DATE    0.00                      0.11  -0.11     0.28
  SINCE DEC 1      6.93                      6.93   0.00     5.10
  SINCE JAN 1      3.53                      3.82  -0.29     2.95

SNOWFALL (IN)
  TODAY            0.0                       0.0    0.0
  SINCE DEC 1      T                         0.3   -0.3
  SINCE JUL 1      T                         0.3   -0.3

DEGREE DAYS
 HEATING
  TODAY           13                        16     -3       18
  MONTH TO DATE   13                        16     -3       18
  SINCE DEC 1    872                       983   -111      911
  SINCE JUL 1   1210                      1275    -65     1216

 COOLING
  TODAY            0                         0      0        0
  MONTH TO DATE    0                         0      0        0
  SINCE DEC 1      4                         9     -5       36
  SINCE JAN 1      4                         2      2        2
..................................................................


WIND (MPH)
  HIGHEST WIND SPEED    22   HIGHEST WIND DIRECTION     S (170)
  HIGHEST GUST SPEED    26   HIGHEST GUST DIRECTION     S (180)
  AVERAGE WIND SPEED     6.0


SKY COVER
  POSSIBLE SUNSHINE  MM
  AVERAGE SKY COVER 0.6


WEATHER CONDITIONS
 THE FOLLOWING WEATHER WAS RECORDED TODAY.
  HAZE


RELATIVE HUMIDITY (PERCENT)
 HIGHEST    89           400 AM
 LOWEST     43          1200 PM
 AVERAGE    66

..........................................................


THE NORTH CHARLESTON SC CLIMATE NORMALS FOR TOMORROW
                         NORMAL    RECORD    YEAR
 MAXIMUM TEMPERATURE (F)   61        81      1989
                                             1950
 MINIMUM TEMPERATURE (F)   39        19      1980


SUNRISE AND SUNSET
FEBRUARY  1 2015......SUNRISE   715 AM EST   SUNSET   552 PM EST
FEBRUARY  2 2015......SUNRISE   715 AM EST   SUNSET   553 PM EST


-  INDICATES NEGATIVE NUMBERS.
R  INDICATES RECORD WAS SET OR TIED.
MM INDICATES DATA IS MISSING.
T  INDICATES TRACE AMOUNT.




$$
