000
CDUS43 KDVN 232124
CLICID


CLIMATE REPORT
NATIONAL WEATHER SERVICE QUAD CITIES IA IL
421 PM CDT SAT MAY 23 2015


...................................

...THE CEDAR RAPIDS IA CLIMATE SUMMARY FOR MAY 23 2015...
VALID TODAY AS OF 0400 PM LOCAL TIME.

CLIMATE NORMAL PERIOD 1981 TO 2010
CLIMATE RECORD PERIOD 1891 TO 2015


WEATHER ITEM   OBSERVED TIME   RECORD YEAR NORMAL DEPARTURE LAST
                VALUE   (LST)  VALUE       VALUE  FROM      YEAR
                                                  NORMAL
..................................................................
TEMPERATURE (F)
 TODAY
  MAXIMUM         77    127 PM  90    1972  74      3       76
  MINIMUM         52    439 AM  31    1931  52      0       49
  AVERAGE         65                        62      3       63

PRECIPITATION (IN)
  TODAY            0.00         MM      MM   0.13  -0.13     0.00
  MONTH TO DATE    2.04                      3.04  -1.00     2.10
  SINCE MAR 1      6.28                      8.19  -1.91     9.36
  SINCE JAN 1      7.61                     10.33  -2.72    11.11

DEGREE DAYS
 HEATING
  TODAY            0                         4     -4        2
  MONTH TO DATE  123                       165    -42      187
  SINCE MAR 1   1414                      1527   -113     1774
  SINCE JUL 1   6941                      6810    131     7813

 COOLING
  TODAY            0                         2     -2        0
  MONTH TO DATE   27                        23      4       25
  SINCE MAR 1     27                        30     -3       32
  SINCE JAN 1     27                        30     -3       32
..................................................................


WIND (MPH)
  HIGHEST WIND SPEED    18   HIGHEST WIND DIRECTION     S (180)
  HIGHEST GUST SPEED    23   HIGHEST GUST DIRECTION    SE (140)
  AVERAGE WIND SPEED     6.0


SKY COVER
  POSSIBLE SUNSHINE  MM
  AVERAGE SKY COVER 0.3


WEATHER CONDITIONS
 THE FOLLOWING WEATHER WAS RECORDED TODAY.
  FOG
  HAZE


RELATIVE HUMIDITY (PERCENT)
 HIGHEST    89           500 AM
 LOWEST     38          1200 PM
 AVERAGE    64

..........................................................


THE CEDAR RAPIDS IA CLIMATE NORMALS FOR TOMORROW
                         NORMAL    RECORD    YEAR
 MAXIMUM TEMPERATURE (F)   74        99      1921
 MINIMUM TEMPERATURE (F)   52        34      1925


SUNRISE AND SUNSET
MAY 23 2015...........SUNRISE   540 AM CDT   SUNSET   828 PM CDT
MAY 24 2015...........SUNRISE   539 AM CDT   SUNSET   829 PM CDT


-  INDICATES NEGATIVE NUMBERS.
R  INDICATES RECORD WAS SET OR TIED.
MM INDICATES DATA IS MISSING.
T  INDICATES TRACE AMOUNT.




$$
