754
CDUS43 KDVN 211000
CLICID


CLIMATE REPORT
NATIONAL WEATHER SERVICE QUAD CITIES IA IL
400 AM CST TUE NOV 21 2017


...................................

...THE CEDAR RAPIDS IA CLIMATE SUMMARY FOR NOVEMBER 20 2017...

CLIMATE NORMAL PERIOD 1981 TO 2010
CLIMATE RECORD PERIOD 1891 TO 2017


WEATHER ITEM   OBSERVED TIME   RECORD YEAR NORMAL DEPARTURE LAST
                VALUE   (LST)  VALUE       VALUE  FROM      YEAR
                                                  NORMAL
..................................................................
TEMPERATURE (F)
 YESTERDAY
  MAXIMUM         61    223 PM  73    1897  44     17       36
  MINIMUM         30    333 AM   5    1914  26      4       16
  AVERAGE         46                        35     11       26

PRECIPITATION (IN)
  YESTERDAY        0.00         MM      MM   0.07  -0.07     0.00
  MONTH TO DATE    0.59                      1.44  -0.85     1.12
  SINCE SEP 1      5.46                      7.22  -1.76    10.81
  SINCE JAN 1     25.48                     32.52  -7.04    39.34

DEGREE DAYS
 HEATING
  YESTERDAY       19                        30    -11       39
  MONTH TO DATE  576                       502     74      326
  SINCE SEP 1    985                      1093   -108      641
  SINCE JUL 1    996                      1112   -116      645

 COOLING
  YESTERDAY        0                         0      0        0
  MONTH TO DATE    0                         0      0        0
  SINCE SEP 1    148                        80     68      159
  SINCE JAN 1    747                       748     -1      970
..................................................................


WIND (MPH)
  HIGHEST WIND SPEED    29   HIGHEST WIND DIRECTION    SW (210)
  HIGHEST GUST SPEED    39   HIGHEST GUST DIRECTION     S (200)
  AVERAGE WIND SPEED    13.4


SKY COVER
  POSSIBLE SUNSHINE  MM
  AVERAGE SKY COVER 0.0


WEATHER CONDITIONS
 THE FOLLOWING WEATHER WAS RECORDED YESTERDAY.
  NO SIGNIFICANT WEATHER WAS OBSERVED.


RELATIVE HUMIDITY (PERCENT)
 HIGHEST    85           300 AM
 LOWEST     27           300 PM
 AVERAGE    56

..........................................................


THE CEDAR RAPIDS IA CLIMATE NORMALS FOR TODAY
                         NORMAL    RECORD    YEAR
 MAXIMUM TEMPERATURE (F)   43        67      1990
 MINIMUM TEMPERATURE (F)   25         0      1937


SUNRISE AND SUNSET
NOVEMBER 21 2017......SUNRISE   704 AM CST   SUNSET   441 PM CST
NOVEMBER 22 2017......SUNRISE   705 AM CST   SUNSET   441 PM CST


-  INDICATES NEGATIVE NUMBERS.
R  INDICATES RECORD WAS SET OR TIED.
MM INDICATES DATA IS MISSING.
T  INDICATES TRACE AMOUNT.




$$
