285
CDUS43 KDVN 250922
CLICID


CLIMATE REPORT
NATIONAL WEATHER SERVICE QUAD CITIES IA IL
419 AM CDT MON SEP 25 2017


...................................

...THE CEDAR RAPIDS IA CLIMATE SUMMARY FOR SEPTEMBER 24 2017...

CLIMATE NORMAL PERIOD 1981 TO 2010
CLIMATE RECORD PERIOD 1891 TO 2017


WEATHER ITEM   OBSERVED TIME   RECORD YEAR NORMAL DEPARTURE LAST
                VALUE   (LST)  VALUE       VALUE  FROM      YEAR
                                                  NORMAL
..................................................................
TEMPERATURE (F)
 YESTERDAY
  MAXIMUM         91    208 PM  92    1984  71     20       81
  MINIMUM         61    604 AM  28    2012  47     14       65
  AVERAGE         76                        59     17       73

PRECIPITATION (IN)
  YESTERDAY        0.00         MM      MM   0.10  -0.10     0.00
  MONTH TO DATE    0.24                      2.60  -2.36     6.92
  SINCE SEP 1      0.24                      2.60  -2.36     6.92
  SINCE JAN 1     20.26                     27.90  -7.64    35.45

DEGREE DAYS
 HEATING
  YESTERDAY        0                         7     -7        0
  MONTH TO DATE   37                        89    -52        4
  SINCE SEP 1     37                        89    -52        4
  SINCE JUL 1     48                       108    -60        8

 COOLING
  YESTERDAY       11                         1     10        8
  MONTH TO DATE  115                        66     49      134
  SINCE SEP 1    115                        66     49      134
  SINCE JAN 1    714                       734    -20      945
..................................................................


WIND (MPH)
  HIGHEST WIND SPEED    16   HIGHEST WIND DIRECTION     S (180)
  HIGHEST GUST SPEED    21   HIGHEST GUST DIRECTION     S (180)
  AVERAGE WIND SPEED     6.9


SKY COVER
  POSSIBLE SUNSHINE  MM
  AVERAGE SKY COVER 0.0


WEATHER CONDITIONS
 THE FOLLOWING WEATHER WAS RECORDED YESTERDAY.
  HAZE


RELATIVE HUMIDITY (PERCENT)
 HIGHEST   100           600 AM
 LOWEST     38           400 PM
 AVERAGE    69

..........................................................


THE CEDAR RAPIDS IA CLIMATE NORMALS FOR TODAY
                         NORMAL    RECORD    YEAR
 MAXIMUM TEMPERATURE (F)   71        93      1920
 MINIMUM TEMPERATURE (F)   47        29      1928


SUNRISE AND SUNSET
SEPTEMBER 25 2017.....SUNRISE   658 AM CDT   SUNSET   658 PM CDT
SEPTEMBER 26 2017.....SUNRISE   659 AM CDT   SUNSET   657 PM CDT


-  INDICATES NEGATIVE NUMBERS.
R  INDICATES RECORD WAS SET OR TIED.
MM INDICATES DATA IS MISSING.
T  INDICATES TRACE AMOUNT.




$$
