031
CDUS43 KDVN 141309
CLICID


CLIMATE REPORT
NATIONAL WEATHER SERVICE QUAD CITIES IA IL
709 AM CST SUN FEB 14 2016


...................................

...THE CEDAR RAPIDS IA CLIMATE SUMMARY FOR FEBRUARY 13 2016...

CLIMATE NORMAL PERIOD 1981 TO 2010
CLIMATE RECORD PERIOD 1891 TO 2016


WEATHER ITEM   OBSERVED TIME   RECORD YEAR NORMAL DEPARTURE LAST
                VALUE   (LST)  VALUE       VALUE  FROM      YEAR
                                                  NORMAL
..................................................................
TEMPERATURE (F)
 YESTERDAY
  MAXIMUM         16   1159 PM  62    1921  32    -16       30
  MINIMUM          1    743 AM -26    1905  15    -14        6
  AVERAGE          9                        24    -15       18

PRECIPITATION (IN)
  YESTERDAY        0.00         MM      MM   0.04  -0.04     0.00
  MONTH TO DATE    0.17                      0.50  -0.33     0.22
  SINCE DEC 1      4.61                      2.84   1.77     1.72
  SINCE JAN 1      0.54                      1.42  -0.88     1.07

DEGREE DAYS
 HEATING
  YESTERDAY       56                        41     15       47
  MONTH TO DATE  562                       559      3      626
  SINCE DEC 1   2820                      3261   -441     3015
  SINCE JUL 1   3851                      4707   -856     4676

 COOLING
  YESTERDAY        0                         0      0        0
  MONTH TO DATE    0                         0      0        0
  SINCE DEC 1      0                         0      0        0
  SINCE JAN 1      0                         0      0        0
..................................................................


WIND (MPH)
  HIGHEST WIND SPEED    13   HIGHEST WIND DIRECTION    SE (120)
  HIGHEST GUST SPEED    16   HIGHEST GUST DIRECTION    SE (120)
  AVERAGE WIND SPEED     6.9


SKY COVER
  POSSIBLE SUNSHINE  MM
  AVERAGE SKY COVER 0.3


WEATHER CONDITIONS
 THE FOLLOWING WEATHER WAS RECORDED YESTERDAY.
  NO SIGNIFICANT WEATHER WAS OBSERVED.


RELATIVE HUMIDITY (PERCENT)
 HIGHEST    75           400 AM
 LOWEST     42           400 PM
 AVERAGE    59

..........................................................


THE CEDAR RAPIDS IA CLIMATE NORMALS FOR TODAY
                         NORMAL    RECORD    YEAR
 MAXIMUM TEMPERATURE (F)   33        64      1954
 MINIMUM TEMPERATURE (F)   15       -27      1905


SUNRISE AND SUNSET
FEBRUARY 14 2016......SUNRISE   704 AM CST   SUNSET   538 PM CST
FEBRUARY 15 2016......SUNRISE   703 AM CST   SUNSET   539 PM CST


-  INDICATES NEGATIVE NUMBERS.
R  INDICATES RECORD WAS SET OR TIED.
MM INDICATES DATA IS MISSING.
T  INDICATES TRACE AMOUNT.




$$
