000
CDUS43 KDVN 200918
CLICID


CLIMATE REPORT
NATIONAL WEATHER SERVICE QUAD CITIES IA IL
416 AM CDT SUN APR 20 2014


...................................

...THE CEDAR RAPIDS IA CLIMATE SUMMARY FOR APRIL 19 2014...

CLIMATE NORMAL PERIOD 1981 TO 2010
CLIMATE RECORD PERIOD 1891 TO 2014


WEATHER ITEM   OBSERVED TIME   RECORD YEAR NORMAL DEPARTURE LAST
                VALUE   (LST)  VALUE       VALUE  FROM      YEAR
                                                  NORMAL
..................................................................
TEMPERATURE (F)
 YESTERDAY
  MAXIMUM         75    302 PM  86    1915  62     13       37
  MINIMUM         37    620 AM  20    1988  39     -2       30
  AVERAGE         56                        51      5       34

PRECIPITATION (IN)
  YESTERDAY        0.00         MM      MM   0.11  -0.11      T
  MONTH TO DATE    4.06                      1.79   2.27     8.52
  SINCE MAR 1      4.45                      3.89   0.56    10.86
  SINCE JAN 1      6.20                      6.03   0.17    12.81

DEGREE DAYS
 HEATING
  YESTERDAY        9                        15     -6       31
  MONTH TO DATE  376                       344     32      414
  SINCE MAR 1   1446                      1225    221     1524
  SINCE JUL 1   7485                      6508    977     6636

 COOLING
  YESTERDAY        0                         0      0        0
  MONTH TO DATE    4                         0      4        0
  SINCE MAR 1      4                         0      4        0
  SINCE JAN 1      4                         0      4        0
..................................................................


WIND (MPH)
  HIGHEST WIND SPEED    25   HIGHEST WIND DIRECTION     S (180)
  HIGHEST GUST SPEED    33   HIGHEST GUST DIRECTION     S (190)
  AVERAGE WIND SPEED    13.9


SKY COVER
  POSSIBLE SUNSHINE  MM
  AVERAGE SKY COVER 0.1


WEATHER CONDITIONS
 THE FOLLOWING WEATHER WAS RECORDED YESTERDAY.
  HAZE


RELATIVE HUMIDITY (PERCENT)
 HIGHEST    79           400 AM
 LOWEST     29           300 PM
 AVERAGE    54

..........................................................


THE CEDAR RAPIDS IA CLIMATE NORMALS FOR TODAY
                         NORMAL    RECORD    YEAR
 MAXIMUM TEMPERATURE (F)   63        89      1987
 MINIMUM TEMPERATURE (F)   39        27      2013
                                             1928


SUNRISE AND SUNSET
APRIL 20 2014.........SUNRISE   619 AM CDT   SUNSET   753 PM CDT
APRIL 21 2014.........SUNRISE   617 AM CDT   SUNSET   754 PM CDT


-  INDICATES NEGATIVE NUMBERS.
R  INDICATES RECORD WAS SET OR TIED.
MM INDICATES DATA IS MISSING.
T  INDICATES TRACE AMOUNT.




$$
