000
CDUS43 KDVN 270910
CLICID


CLIMATE REPORT
NATIONAL WEATHER SERVICE QUAD CITIES IA IL
409 AM CDT THU APR 27 2017


...................................

...THE CEDAR RAPIDS IA CLIMATE SUMMARY FOR APRIL 26 2017...

CLIMATE NORMAL PERIOD 1981 TO 2010
CLIMATE RECORD PERIOD 1891 TO 2017


WEATHER ITEM   OBSERVED TIME   RECORD YEAR NORMAL DEPARTURE LAST
                VALUE   (LST)  VALUE       VALUE  FROM      YEAR
                                                  NORMAL
..................................................................
TEMPERATURE (F)
 YESTERDAY
  MAXIMUM         60    126 AM  86    1986  65     -5       62
  MINIMUM         40   1159 PM  24    1907  42     -2       45
  AVERAGE         50                        53     -3       54

PRECIPITATION (IN)
  YESTERDAY        0.32         MM      MM   0.11   0.21     0.00
  MONTH TO DATE    2.83                      2.56   0.27     1.60
  SINCE MAR 1      5.08                      4.66   0.42     3.40
  SINCE JAN 1      7.25                      6.80   0.45     4.00

DEGREE DAYS
 HEATING
  YESTERDAY       15                        12      3       11
  MONTH TO DATE  284                       437   -153      389
  SINCE MAR 1   1140                      1318   -178     1081
  SINCE JUL 1   5416                      6601  -1185     5392

 COOLING
  YESTERDAY        0                         0      0        0
  MONTH TO DATE    9                         0      9        3
  SINCE MAR 1      9                         0      9        3
  SINCE JAN 1      9                         0      9        3
..................................................................


WIND (MPH)
  HIGHEST WIND SPEED    20   HIGHEST WIND DIRECTION     W (290)
  HIGHEST GUST SPEED    24   HIGHEST GUST DIRECTION     W (280)
  AVERAGE WIND SPEED    12.5


SKY COVER
  POSSIBLE SUNSHINE  MM
  AVERAGE SKY COVER 1.0


WEATHER CONDITIONS
 THE FOLLOWING WEATHER WAS RECORDED YESTERDAY.
  RAIN
  LIGHT RAIN
  FOG


RELATIVE HUMIDITY (PERCENT)
 HIGHEST   100          1200 AM
 LOWEST     80           300 PM
 AVERAGE    90

..........................................................


THE CEDAR RAPIDS IA CLIMATE NORMALS FOR TODAY
                         NORMAL    RECORD    YEAR
 MAXIMUM TEMPERATURE (F)   65        90      1981
 MINIMUM TEMPERATURE (F)   42        24      1933


SUNRISE AND SUNSET
APRIL 27 2017.........SUNRISE   608 AM CDT   SUNSET   801 PM CDT
APRIL 28 2017.........SUNRISE   607 AM CDT   SUNSET   802 PM CDT


-  INDICATES NEGATIVE NUMBERS.
R  INDICATES RECORD WAS SET OR TIED.
MM INDICATES DATA IS MISSING.
T  INDICATES TRACE AMOUNT.




$$
