000
CDUS43 KDVN 010959
CLICID


CLIMATE REPORT
NATIONAL WEATHER SERVICE QUAD CITIES IA IL
356 AM CST SUN MAR 1 2015


...................................

...THE CEDAR RAPIDS IA CLIMATE SUMMARY FOR FEBRUARY 28 2015...

CLIMATE NORMAL PERIOD 1981 TO 2010
CLIMATE RECORD PERIOD 1891 TO 2015


WEATHER ITEM   OBSERVED TIME   RECORD YEAR NORMAL DEPARTURE LAST
                VALUE   (LST)  VALUE       VALUE  FROM      YEAR
                                                  NORMAL
..................................................................
TEMPERATURE (F)
 YESTERDAY
  MAXIMUM         17    457 PM  64    1932  38    -21       30
  MINIMUM        -13    622 AM -17    1962  21    -34       -5
  AVERAGE          2                        30    -28       13

PRECIPITATION (IN)
  YESTERDAY        T            MM      MM   0.05  -0.05      T
  MONTH TO DATE    0.48                      1.22  -0.74     1.31
  SINCE DEC 1      1.98                      3.56  -1.58     2.43
  SINCE JAN 1      1.33                      2.14  -0.81     1.75

DEGREE DAYS
 HEATING
  YESTERDAY       63                        36     27       52
  MONTH TO DATE 1477                      1135    342     1494
  SINCE DEC 1   3866                      3837     29     4596
  SINCE JUL 1   5527                      5283    244     6039

 COOLING
  YESTERDAY        0                         0      0        0
  MONTH TO DATE    0                         0      0        0
  SINCE DEC 1      0                         0      0        0
  SINCE JAN 1      0                         0      0        0
..................................................................


WIND (MPH)
  HIGHEST WIND SPEED    15   HIGHEST WIND DIRECTION     E (100)
  HIGHEST GUST SPEED    18   HIGHEST GUST DIRECTION     E (110)
  AVERAGE WIND SPEED     6.2


SKY COVER
  POSSIBLE SUNSHINE  MM
  AVERAGE SKY COVER 0.3


WEATHER CONDITIONS
 THE FOLLOWING WEATHER WAS RECORDED YESTERDAY.
  LIGHT SNOW
  FOG
  HAZE


RELATIVE HUMIDITY (PERCENT)
 HIGHEST   100          1100 PM
 LOWEST     51           100 PM
 AVERAGE    76

..........................................................


THE CEDAR RAPIDS IA CLIMATE NORMALS FOR TODAY
                         NORMAL    RECORD    YEAR
 MAXIMUM TEMPERATURE (F)   39        71      1992
 MINIMUM TEMPERATURE (F)   21       -20      1962


SUNRISE AND SUNSET
MARCH  1 2015.........SUNRISE   642 AM CST   SUNSET   557 PM CST
MARCH  2 2015.........SUNRISE   640 AM CST   SUNSET   558 PM CST


-  INDICATES NEGATIVE NUMBERS.
R  INDICATES RECORD WAS SET OR TIED.
MM INDICATES DATA IS MISSING.
T  INDICATES TRACE AMOUNT.




$$
