000
CDUS43 KDVN 260915
CLICID


CLIMATE REPORT
NATIONAL WEATHER SERVICE QUAD CITIES IA IL
414 AM CDT FRI AUG 26 2016


...................................

...THE CEDAR RAPIDS IA CLIMATE SUMMARY FOR AUGUST 25 2016...

CLIMATE NORMAL PERIOD 1981 TO 2010
CLIMATE RECORD PERIOD 1891 TO 2016


WEATHER ITEM   OBSERVED TIME   RECORD YEAR NORMAL DEPARTURE LAST
                VALUE   (LST)  VALUE       VALUE  FROM      YEAR
                                                  NORMAL
..................................................................
TEMPERATURE (F)
 YESTERDAY
  MAXIMUM         77   1116 AM  97    1925  81     -4       74
  MINIMUM         60   1145 PM  40    1934  59      1       48
  AVERAGE         69                        70     -1       61

PRECIPITATION (IN)
  YESTERDAY        0.00         MM      MM   0.14  -0.14     0.00
  MONTH TO DATE    7.21                      3.65   3.56     1.53
  SINCE JUN 1     19.40                     13.03   6.37    15.96
  SINCE JAN 1     28.06                     24.47   3.59    25.16

DEGREE DAYS
 HEATING
  YESTERDAY        0                         1     -1        4
  MONTH TO DATE    1                         6     -5       16
  SINCE JUN 1      9                        39    -30       29
  SINCE JUL 1      4                        10     -6       20

 COOLING
  YESTERDAY        4                         6     -2        0
  MONTH TO DATE  211                       169     42      134
  SINCE JUN 1    702                       587    115      500
  SINCE JAN 1    762                       636    126      550
..................................................................


WIND (MPH)
  HIGHEST WIND SPEED     9   HIGHEST WIND DIRECTION     N (340)
  HIGHEST GUST SPEED    13   HIGHEST GUST DIRECTION    NW (330)
  AVERAGE WIND SPEED     4.6


SKY COVER
  POSSIBLE SUNSHINE  MM
  AVERAGE SKY COVER 0.3


WEATHER CONDITIONS
 THE FOLLOWING WEATHER WAS RECORDED YESTERDAY.
  FOG


RELATIVE HUMIDITY (PERCENT)
 HIGHEST   100          1200 AM
 LOWEST     64          1000 AM
 AVERAGE    82

..........................................................


THE CEDAR RAPIDS IA CLIMATE NORMALS FOR TODAY
                         NORMAL    RECORD    YEAR
 MAXIMUM TEMPERATURE (F)   81        97      1924
 MINIMUM TEMPERATURE (F)   59        41      1934


SUNRISE AND SUNSET
AUGUST 26 2016........SUNRISE   627 AM CDT   SUNSET   749 PM CDT
AUGUST 27 2016........SUNRISE   628 AM CDT   SUNSET   748 PM CDT


-  INDICATES NEGATIVE NUMBERS.
R  INDICATES RECORD WAS SET OR TIED.
MM INDICATES DATA IS MISSING.
T  INDICATES TRACE AMOUNT.




$$
