000
CDUS43 KDVN 230911
CLICID


CLIMATE REPORT
NATIONAL WEATHER SERVICE QUAD CITIES IA IL
410 AM CDT FRI JUN 23 2017


...................................

...THE CEDAR RAPIDS IA CLIMATE SUMMARY FOR JUNE 22 2017...

CLIMATE NORMAL PERIOD 1981 TO 2010
CLIMATE RECORD PERIOD 1891 TO 2017


WEATHER ITEM   OBSERVED TIME   RECORD YEAR NORMAL DEPARTURE LAST
                VALUE   (LST)  VALUE       VALUE  FROM      YEAR
                                                  NORMAL
..................................................................
TEMPERATURE (F)
 YESTERDAY
  MAXIMUM         86    359 PM 100    1911  82      4       85
  MINIMUM         70    605 AM  44    1902  61      9       66
  AVERAGE         78                        71      7       76

PRECIPITATION (IN)
  YESTERDAY        0.01         MM      MM   0.17  -0.16     4.21
  MONTH TO DATE    1.74                      3.51  -1.77     6.82
  SINCE JUN 1      1.74                      3.51  -1.77     6.82
  SINCE JAN 1     14.12                     14.95  -0.83    15.48

DEGREE DAYS
 HEATING
  YESTERDAY        0                         0      0        0
  MONTH TO DATE    2                        29    -27        4
  SINCE JUN 1      2                        29    -27        4
  SINCE JUL 1   5736                      6866  -1130     5653

 COOLING
  YESTERDAY       13                         7      6       11
  MONTH TO DATE  184                       107     77      184
  SINCE JUN 1    184                       107     77      184
  SINCE JAN 1    222                       156     66      244
..................................................................


WIND (MPH)
  HIGHEST WIND SPEED    25   HIGHEST WIND DIRECTION     S (160)
  HIGHEST GUST SPEED    33   HIGHEST GUST DIRECTION     S (160)
  AVERAGE WIND SPEED     8.8


SKY COVER
  POSSIBLE SUNSHINE  MM
  AVERAGE SKY COVER 0.2


WEATHER CONDITIONS
 THE FOLLOWING WEATHER WAS RECORDED YESTERDAY.
  THUNDERSTORM
  RAIN
  LIGHT RAIN
  FOG


RELATIVE HUMIDITY (PERCENT)
 HIGHEST    94           900 PM
 LOWEST     69           500 PM
 AVERAGE    82

..........................................................


THE CEDAR RAPIDS IA CLIMATE NORMALS FOR TODAY
                         NORMAL    RECORD    YEAR
 MAXIMUM TEMPERATURE (F)   82       100      1931
 MINIMUM TEMPERATURE (F)   61        45      1902


SUNRISE AND SUNSET
JUNE 23 2017..........SUNRISE   532 AM CDT   SUNSET   846 PM CDT
JUNE 24 2017..........SUNRISE   533 AM CDT   SUNSET   846 PM CDT


-  INDICATES NEGATIVE NUMBERS.
R  INDICATES RECORD WAS SET OR TIED.
MM INDICATES DATA IS MISSING.
T  INDICATES TRACE AMOUNT.




$$
