000
CDUS41 KCLE 300544
CLICLE


CLIMATE REPORT
NATIONAL WEATHER SERVICE CLEVELAND OH
1243 AM EST FRI JAN 30 2015


...................................

...THE CLEVELAND OH CLIMATE SUMMARY FOR JANUARY 29 2015...

CLIMATE NORMAL PERIOD 1981 TO 2010
CLIMATE RECORD PERIOD 1871 TO 2015


WEATHER ITEM   OBSERVED TIME   RECORD YEAR NORMAL DEPARTURE LAST
                VALUE   (LST)  VALUE       VALUE  FROM      YEAR
                                                  NORMAL
..................................................................
TEMPERATURE (F)
 YESTERDAY
  MAXIMUM         37    336 PM  65    1914  35      2       16
  MINIMUM         25    107 AM -17    1873  22      3       -2
  AVERAGE         31                        28      3        7

PRECIPITATION (IN)
  YESTERDAY        0.19                      0.08   0.11     0.00
  MONTH TO DATE    2.92                      2.57   0.35     2.00
  SINCE DEC 1      4.87                      5.67  -0.80     6.10
  SINCE JAN 1      2.92                      2.57   0.35     2.00

SNOWFALL (IN)
  YESTERDAY        0.8                       0.6    0.2      0.0
  MONTH TO DATE   14.9                      17.5   -2.6     23.7
  SINCE DEC 1     15.8                      31.6  -15.8     41.2
  SINCE JUL 1     35.2                      36.1   -0.9     45.9
  SNOW DEPTH       1

DEGREE DAYS
 HEATING
  YESTERDAY       34                        37     -3       58
  MONTH TO DATE 1202                      1072    130     1260
  SINCE DEC 1   2109                      2084     25     2275
  SINCE JUL 1   3443                      3179    264     3424

 COOLING
  YESTERDAY        0                         0      0        0
  MONTH TO DATE    0                         0      0        0
  SINCE DEC 1      0                         0      0        0
  SINCE JAN 1      0                         0      0        0
..................................................................


WIND (MPH)
  HIGHEST WIND SPEED    24   HIGHEST WIND DIRECTION     S (180)
  HIGHEST GUST SPEED    32   HIGHEST GUST DIRECTION     S (190)
  AVERAGE WIND SPEED    15.0


SKY COVER
  POSSIBLE SUNSHINE  MM
  AVERAGE SKY COVER 1.0


WEATHER CONDITIONS
 THE FOLLOWING WEATHER WAS RECORDED YESTERDAY.
  RAIN
  LIGHT RAIN
  SNOW
  LIGHT SNOW
  SLEET
  FOG
  HAZE


RELATIVE HUMIDITY (PERCENT)
 HIGHEST    92           400 PM
 LOWEST     42           300 AM
 AVERAGE    67

..........................................................


THE CLEVELAND OH CLIMATE NORMALS FOR TODAY
                         NORMAL    RECORD    YEAR
 MAXIMUM TEMPERATURE (F)   35        63      2013
 MINIMUM TEMPERATURE (F)   22        -4      1873


SUNRISE AND SUNSET
JANUARY 30 2015.......SUNRISE   741 AM EST   SUNSET   541 PM EST
JANUARY 31 2015.......SUNRISE   740 AM EST   SUNSET   542 PM EST


-  INDICATES NEGATIVE NUMBERS.
R  INDICATES RECORD WAS SET OR TIED.
MM INDICATES DATA IS MISSING.
T  INDICATES TRACE AMOUNT.




$$
