000
CDUS41 KCLE 250525
CLICLE


CLIMATE REPORT
NATIONAL WEATHER SERVICE CLEVELAND OH
1225 AM EST SAT NOV 25 2017


...................................

...THE CLEVELAND OH CLIMATE SUMMARY FOR NOVEMBER 24 2017...

CLIMATE NORMAL PERIOD 1981 TO 2010
CLIMATE RECORD PERIOD 1871 TO 2017


WEATHER ITEM   OBSERVED TIME   RECORD YEAR NORMAL DEPARTURE LAST
                VALUE   (LST)  VALUE       VALUE  FROM      YEAR
                                                  NORMAL
..................................................................
TEMPERATURE (F)
 YESTERDAY
  MAXIMUM         54    339 PM  70    1931  47      7       49
  MINIMUM         33    542 AM   7    1950  34     -1       40
  AVERAGE         44                        40      4       45

PRECIPITATION (IN)
  YESTERDAY        0.00                      0.13  -0.13     0.19
  MONTH TO DATE    5.82                      2.92   2.90     1.44
  SINCE SEP 1     10.31                      9.80   0.51     9.78
  SINCE JAN 1     41.94                     35.34   6.60    33.15

SNOWFALL (IN)
  YESTERDAY        0.0                       0.3   -0.3      0.0
  MONTH TO DATE    0.8                       3.0   -2.2      0.9
  SINCE SEP 1      0.8                       3.2   -2.4      0.9
  SINCE JUL 1      0.8                       3.2   -2.4      0.9
  SNOW DEPTH       0

DEGREE DAYS
 HEATING
  YESTERDAY       21                        24     -3       20
  MONTH TO DATE  519                       480     39      377
  SINCE SEP 1    777                       928   -151      606
  SINCE JUL 1    779                       940   -161      606

 COOLING
  YESTERDAY        0                         0      0        0
  MONTH TO DATE    0                         0      0        8
  SINCE SEP 1    222                       101    121      236
  SINCE JAN 1   1113                       816    297     1320
..................................................................


WIND (MPH)
  HIGHEST WIND SPEED    23   HIGHEST WIND DIRECTION     S (200)
  HIGHEST GUST SPEED    31   HIGHEST GUST DIRECTION     S (190)
  AVERAGE WIND SPEED    13.0


SKY COVER
  POSSIBLE SUNSHINE  MM
  AVERAGE SKY COVER 0.3


WEATHER CONDITIONS
 THE FOLLOWING WEATHER WAS RECORDED YESTERDAY.
  NO SIGNIFICANT WEATHER WAS OBSERVED.


RELATIVE HUMIDITY (PERCENT)
 HIGHEST    69           200 AM
 LOWEST     35           200 PM
 AVERAGE    52

..........................................................


THE CLEVELAND OH CLIMATE NORMALS FOR TODAY
                         NORMAL    RECORD    YEAR
 MAXIMUM TEMPERATURE (F)   47        67      1908
 MINIMUM TEMPERATURE (F)   34        13      2005


SUNRISE AND SUNSET
NOVEMBER 25 2017......SUNRISE   728 AM EST   SUNSET   501 PM EST
NOVEMBER 26 2017......SUNRISE   729 AM EST   SUNSET   500 PM EST


-  INDICATES NEGATIVE NUMBERS.
R  INDICATES RECORD WAS SET OR TIED.
MM INDICATES DATA IS MISSING.
T  INDICATES TRACE AMOUNT.




$$
