000
CDUS44 KHGX 220738
CLICLL


CLIMATE REPORT
NATIONAL WEATHER SERVICE HOUSTON/GALVESTON TX
238 AM CDT FRI AUG 22 2014


...................................

...THE COLLEGE STATION CLIMATE SUMMARY FOR AUGUST 21 2014...

CLIMATE NORMAL PERIOD 1981 TO 2010
CLIMATE RECORD PERIOD 1902 TO 2014


WEATHER ITEM   OBSERVED TIME   RECORD YEAR NORMAL DEPARTURE LAST
                VALUE   (LST)  VALUE       VALUE  FROM      YEAR
                                                  NORMAL
..................................................................
TEMPERATURE (F)
 YESTERDAY
  MAXIMUM         98    439 PM 108    1925  96      2       97
  MINIMUM         79    650 AM  58    1940  75      4       73
  AVERAGE         89                        85      4       85

PRECIPITATION (IN)
  YESTERDAY        0.00          3.14 1914   0.10  -0.10     0.00
  MONTH TO DATE    0.35                      1.65  -1.30     0.78
  SINCE JUN 1      8.68                      8.24   0.44     3.46
  SINCE JAN 1     22.71                     24.49  -1.78    19.73

SNOWFALL (IN)
  YESTERDAY        0.0
  MONTH TO DATE    0.0
  SINCE JUL 1      0.0

DEGREE DAYS
 HEATING
  YESTERDAY        0                         0      0        0
  MONTH TO DATE    0                         0      0        0
  SINCE JUN 1      0                         0      0        0
  SINCE JUL 1      0                         0      0        0

 COOLING
  YESTERDAY       24                        20      4       20
  MONTH TO DATE  417                       438    -21      479
  SINCE JUN 1   1517                      1565    -48     1694
  SINCE JAN 1   2004                      2153   -149     2258
..................................................................


WIND (MPH)
  HIGHEST WIND SPEED    22   HIGHEST WIND DIRECTION    SE (150)
  HIGHEST GUST SPEED    28   HIGHEST GUST DIRECTION    SE (150)
  AVERAGE WIND SPEED    12.4


SKY COVER
  AVERAGE SKY COVER 0.3


WEATHER CONDITIONS
 THE FOLLOWING WEATHER WAS RECORDED YESTERDAY.
  NO SIGNIFICANT WEATHER WAS OBSERVED.


RELATIVE HUMIDITY (PERCENT)
 HIGHEST    97           500 AM
 LOWEST     33           300 PM
 AVERAGE    65

..........................................................


THE COLLEGE STATION CLIMATE NORMALS FOR TODAY
                         NORMAL    RECORD    YEAR
 MAXIMUM TEMPERATURE (F)   96       108      1917
 MINIMUM TEMPERATURE (F)   75        59      1940


SUNRISE AND SUNSET
AUGUST 22 2014........SUNRISE   656 AM CDT   SUNSET   800 PM CDT
AUGUST 23 2014........SUNRISE   657 AM CDT   SUNSET   759 PM CDT


-  INDICATES NEGATIVE NUMBERS.
R  INDICATES RECORD WAS SET OR TIED.
MM INDICATES DATA IS MISSING.
T  INDICATES TRACE AMOUNT.




$$
