000
CDUS44 KHGX 262123
CLICLL


CLIMATE REPORT
NATIONAL WEATHER SERVICE HOUSTON/GALVESTON TX
422 PM CDT THU MAY 26 2016


...................................

...THE COLLEGE STATION CLIMATE SUMMARY FOR MAY 26 2016...
VALID TODAY AS OF 400 PM LOCAL TIME.

CLIMATE NORMAL PERIOD 1981 TO 2010
CLIMATE RECORD PERIOD 1902 TO 2016


WEATHER ITEM   OBSERVED TIME   RECORD YEAR NORMAL DEPARTURE LAST
                VALUE   (LST)  VALUE       VALUE  FROM      YEAR
                                                  NORMAL
..................................................................
TEMPERATURE (F)
 TODAY
  MAXIMUM         79    822 AM  96    1958  88     -9       87
  MINIMUM         71    202 PM  56    1934  69      2       66
  AVERAGE         75                        79     -4       77

PRECIPITATION (IN)
  TODAY            4.93R         1.02 1976   0.15   4.78     0.00
  MONTH TO DATE    9.17                      3.60   5.57     8.61
  SINCE MAR 1     19.02                      9.43   9.59    19.24
  SINCE JAN 1     21.64                     15.52   6.12    26.65

SNOWFALL (IN)
  TODAY            0.0
  MONTH TO DATE    0.0
  SINCE JUL 1      0.0

DEGREE DAYS
 HEATING
  TODAY            0                         0      0        0
  MONTH TO DATE    2                         0      2        0
  SINCE MAR 1    101                       219   -118      227
  SINCE JUL 1   1148                      1606   -458     1768

 COOLING
  TODAY           10                        14     -4       12
  MONTH TO DATE  228                       279    -51      269
  SINCE MAR 1    474                       490    -16      507
  SINCE JAN 1    499                       518    -19      508
..................................................................


WIND (MPH)
  HIGHEST WIND SPEED    25   HIGHEST WIND DIRECTION     S (160)
  HIGHEST GUST SPEED    31   HIGHEST GUST DIRECTION     S (160)
  AVERAGE WIND SPEED     9.8


SKY COVER
  AVERAGE SKY COVER 1.0


WEATHER CONDITIONS
 THE FOLLOWING WEATHER WAS RECORDED TODAY.
  THUNDERSTORM
  HEAVY RAIN
  RAIN
  LIGHT RAIN
  FOG
  FOG W/VISIBILITY <= 1/4 MILE


RELATIVE HUMIDITY (PERCENT)
 HIGHEST   100           300 PM
 LOWEST     91          1200 AM
 AVERAGE    96

..........................................................


THE COLLEGE STATION CLIMATE NORMALS FOR TOMORROW
                         NORMAL    RECORD    YEAR
 MAXIMUM TEMPERATURE (F)   88        98      2011
                                             1958
 MINIMUM TEMPERATURE (F)   69        54      1934


SUNRISE AND SUNSET
MAY 26 2016...........SUNRISE   625 AM CDT   SUNSET   820 PM CDT
MAY 27 2016...........SUNRISE   625 AM CDT   SUNSET   821 PM CDT


-  INDICATES NEGATIVE NUMBERS.
R  INDICATES RECORD WAS SET OR TIED.
MM INDICATES DATA IS MISSING.
T  INDICATES TRACE AMOUNT.




$$
