000
CDUS44 KHGX 302116
CLICLL


CLIMATE REPORT
NATIONAL WEATHER SERVICE HOUSTON/GALVESTON TX
415 PM CDT TUE AUG 30 2016


...................................

...THE COLLEGE STATION CLIMATE SUMMARY FOR AUGUST 30 2016...
VALID TODAY AS OF 400 PM LOCAL TIME.

CLIMATE NORMAL PERIOD 1981 TO 2010
CLIMATE RECORD PERIOD 1902 TO 2016


WEATHER ITEM   OBSERVED TIME   RECORD YEAR NORMAL DEPARTURE LAST
                VALUE   (LST)  VALUE       VALUE  FROM      YEAR
                                                  NORMAL
..................................................................
TEMPERATURE (F)
 TODAY
  MAXIMUM         92    259 PM 107    1954  95     -3       90
  MINIMUM         72    633 AM  62    1915  74     -2       74
  AVERAGE         82                        84     -2       82

PRECIPITATION (IN)
  TODAY            0.00          3.31 1944   0.11  -0.11     0.00
  MONTH TO DATE    8.48                      2.57   5.91     1.36
  SINCE JUN 1     11.30                      9.16   2.14     6.88
  SINCE JAN 1     36.70                     25.41  11.29    34.65

SNOWFALL (IN)
  TODAY            0.0
  MONTH TO DATE    0.0
  SINCE JUL 1      0.0

DEGREE DAYS
 HEATING
  TODAY            0                         0      0        0
  MONTH TO DATE    0                         0      0        0
  SINCE JUN 1      0                         0      0        0
  SINCE JUL 1      0                         0      0        0

 COOLING
  TODAY           17                        19     -2       17
  MONTH TO DATE  583                       616    -33      637
  SINCE JUN 1   1797                      1743     54     1772
  SINCE JAN 1   2353                      2331     22     2343
..................................................................


WIND (MPH)
  HIGHEST WIND SPEED    15   HIGHEST WIND DIRECTION    NE (40)
  HIGHEST GUST SPEED    20   HIGHEST GUST DIRECTION    NE (30)
  AVERAGE WIND SPEED     8.9


SKY COVER
  AVERAGE SKY COVER 0.2


WEATHER CONDITIONS
 THE FOLLOWING WEATHER WAS RECORDED TODAY.
  NO SIGNIFICANT WEATHER WAS OBSERVED.


RELATIVE HUMIDITY (PERCENT)
 HIGHEST   100          1200 AM
 LOWEST     52           200 PM
 AVERAGE    76

..........................................................


THE COLLEGE STATION CLIMATE NORMALS FOR TOMORROW
                         NORMAL    RECORD    YEAR
 MAXIMUM TEMPERATURE (F)   95       109      2000
 MINIMUM TEMPERATURE (F)   73        60      1915


SUNRISE AND SUNSET
AUGUST 30 2016........SUNRISE   701 AM CDT   SUNSET   750 PM CDT
AUGUST 31 2016........SUNRISE   702 AM CDT   SUNSET   749 PM CDT


-  INDICATES NEGATIVE NUMBERS.
R  INDICATES RECORD WAS SET OR TIED.
MM INDICATES DATA IS MISSING.
T  INDICATES TRACE AMOUNT.




$$
