382
CDUS44 KHGX 242125
CLICLL


CLIMATE REPORT
NATIONAL WEATHER SERVICE HOUSTON/GALVESTON TX
419 PM CDT SAT SEP 24 2016


...................................

...THE COLLEGE STATION CLIMATE SUMMARY FOR SEPTEMBER 24 2016...
VALID TODAY AS OF 400 PM LOCAL TIME.

CLIMATE NORMAL PERIOD 1981 TO 2010
CLIMATE RECORD PERIOD 1902 TO 2016


WEATHER ITEM   OBSERVED TIME   RECORD YEAR NORMAL DEPARTURE LAST
                VALUE   (LST)  VALUE       VALUE  FROM      YEAR
                                                  NORMAL
..................................................................
TEMPERATURE (F)
 TODAY
  MAXIMUM         94    202 PM  99    1912  88      6       95
  MINIMUM         75    427 AM  51    1975  67      8       65
  AVERAGE         85                        77      8       80

PRECIPITATION (IN)
  TODAY            0.00          1.88 1932   0.10  -0.10     0.00
  MONTH TO DATE    0.39                      2.56  -2.17     1.62
  SINCE SEP 1      0.39                      2.56  -2.17     1.62
  SINCE JAN 1     37.53                     28.08   9.45    36.27

SNOWFALL (IN)
  TODAY            0.0
  MONTH TO DATE    0.0
  SINCE JUL 1      0.0

DEGREE DAYS
 HEATING
  TODAY            0                         0      0        0
  MONTH TO DATE    0                         0      0        0
  SINCE SEP 1      0                         0      0        0
  SINCE JUL 1      0                         0      0        0

 COOLING
  TODAY           20                        13      7       15
  MONTH TO DATE  460                       381     79      412
  SINCE SEP 1    460                       381     79      412
  SINCE JAN 1   2834                      2727    107     2772
..................................................................


WIND (MPH)
  HIGHEST WIND SPEED    16   HIGHEST WIND DIRECTION    SE (120)
  HIGHEST GUST SPEED    25   HIGHEST GUST DIRECTION     S (170)
  AVERAGE WIND SPEED     8.0


SKY COVER
  AVERAGE SKY COVER 0.2


WEATHER CONDITIONS
 THE FOLLOWING WEATHER WAS RECORDED TODAY.
  NO SIGNIFICANT WEATHER WAS OBSERVED.


RELATIVE HUMIDITY (PERCENT)
 HIGHEST   100           300 AM
 LOWEST     49           200 PM
 AVERAGE    75

..........................................................


THE COLLEGE STATION CLIMATE NORMALS FOR TOMORROW
                         NORMAL    RECORD    YEAR
 MAXIMUM TEMPERATURE (F)   88       104      2005
 MINIMUM TEMPERATURE (F)   67        44      1989


SUNRISE AND SUNSET
SEPTEMBER 24 2016.....SUNRISE   715 AM CDT   SUNSET   719 PM CDT
SEPTEMBER 25 2016.....SUNRISE   716 AM CDT   SUNSET   718 PM CDT


-  INDICATES NEGATIVE NUMBERS.
R  INDICATES RECORD WAS SET OR TIED.
MM INDICATES DATA IS MISSING.
T  INDICATES TRACE AMOUNT.




$$
