000
CDUS44 KHGX 220817
CLICLL


CLIMATE REPORT
NATIONAL WEATHER SERVICE HOUSTON/GALVESTON TX
216 AM CST MON JAN 22 2018


...................................

...THE COLLEGE STATION CLIMATE SUMMARY FOR JANUARY 21 2018...

CLIMATE NORMAL PERIOD 1981 TO 2010
CLIMATE RECORD PERIOD 1902 TO 2018


WEATHER ITEM   OBSERVED TIME   RECORD YEAR NORMAL DEPARTURE LAST
                VALUE   (LST)  VALUE       VALUE  FROM      YEAR
                                                  NORMAL
..................................................................
TEMPERATURE (F)
 YESTERDAY
  MAXIMUM         72    418 PM  83    1911  61     11       77
  MINIMUM         63   1256 AM   9    1930  41     22       57
  AVERAGE         68                        51     17       67

PRECIPITATION (IN)
  YESTERDAY        0.02          2.71 1916   0.11  -0.09     0.01
  MONTH TO DATE    0.36                      2.18  -1.82     3.73
  SINCE DEC 1      3.86                      5.41  -1.55     6.50
  SINCE JAN 1      0.36                      2.18  -1.82     3.73

SNOWFALL (IN)
  YESTERDAY        0.0
  MONTH TO DATE    T
  SINCE JUL 1      5.0

DEGREE DAYS
 HEATING
  YESTERDAY        0                        14    -14        0
  MONTH TO DATE  408                       307    101      190
  SINCE DEC 1    826                       718    108      509
  SINCE JUL 1    973                       943     30      578

 COOLING
  YESTERDAY        3                         0      3        2
  MONTH TO DATE    3                         0      3       35
  SINCE DEC 1     16                        16      0       79
  SINCE JAN 1      3                         0      3       35
..................................................................


WIND (MPH)
  HIGHEST WIND SPEED    24   HIGHEST WIND DIRECTION     S (170)
  HIGHEST GUST SPEED    30   HIGHEST GUST DIRECTION     S (160)
  AVERAGE WIND SPEED    13.7


SKY COVER
  AVERAGE SKY COVER 1.0


WEATHER CONDITIONS
 THE FOLLOWING WEATHER WAS RECORDED YESTERDAY.
  LIGHT RAIN
  FOG


RELATIVE HUMIDITY (PERCENT)
 HIGHEST   100           100 AM
 LOWEST     73           500 PM
 AVERAGE    87

..........................................................


THE COLLEGE STATION CLIMATE NORMALS FOR TODAY
                         NORMAL    RECORD    YEAR
 MAXIMUM TEMPERATURE (F)   61        82      1911
 MINIMUM TEMPERATURE (F)   41        18      1954
                                             1930


SUNRISE AND SUNSET
JANUARY 22 2018.......SUNRISE   721 AM CST   SUNSET   553 PM CST
JANUARY 23 2018.......SUNRISE   721 AM CST   SUNSET   554 PM CST


-  INDICATES NEGATIVE NUMBERS.
R  INDICATES RECORD WAS SET OR TIED.
MM INDICATES DATA IS MISSING.
T  INDICATES TRACE AMOUNT.




$$
