971
CDUS44 KHGX 222222
CLICLL


CLIMATE REPORT
NATIONAL WEATHER SERVICE HOUSTON/GALVESTON TX
421 PM CST SUN JAN 22 2017


...................................

...THE COLLEGE STATION CLIMATE SUMMARY FOR JANUARY 22 2017...
VALID TODAY AS OF 400 PM LOCAL TIME.

CLIMATE NORMAL PERIOD 1981 TO 2010
CLIMATE RECORD PERIOD 1902 TO 2017


WEATHER ITEM   OBSERVED TIME   RECORD YEAR NORMAL DEPARTURE LAST
                VALUE   (LST)  VALUE       VALUE  FROM      YEAR
                                                  NORMAL
..................................................................
TEMPERATURE (F)
 TODAY
  MAXIMUM         67    127 PM  82    1911  61      6       51
  MINIMUM         53    543 AM  18    1954  41     12       37
                                      1930
  AVERAGE         60                        51      9       44

PRECIPITATION (IN)
  TODAY            T             2.90 2015   0.11  -0.11     0.00
  MONTH TO DATE    3.73                      2.29   1.44     1.30
  SINCE DEC 1      6.50                      5.52   0.98     9.38
  SINCE JAN 1      3.73                      2.29   1.44     1.30

SNOWFALL (IN)
  TODAY            0.0
  MONTH TO DATE    T
  SINCE JUL 1      T

DEGREE DAYS
 HEATING
  TODAY            5                        14     -9       21
  MONTH TO DATE  195                       321   -126      339
  SINCE DEC 1    514                       732   -218      594
  SINCE JUL 1    583                       957   -374      741

 COOLING
  TODAY            0                         0      0        0
  MONTH TO DATE   35                         0     35        0
  SINCE DEC 1     79                        16     63       36
  SINCE JAN 1     35                         0     35        0
..................................................................


WIND (MPH)
  HIGHEST WIND SPEED    36   HIGHEST WIND DIRECTION    NW (300)
  HIGHEST GUST SPEED    48   HIGHEST GUST DIRECTION     W (290)
  AVERAGE WIND SPEED    18.4


SKY COVER
  AVERAGE SKY COVER 0.3


WEATHER CONDITIONS
 THE FOLLOWING WEATHER WAS RECORDED TODAY.
  LIGHT RAIN


RELATIVE HUMIDITY (PERCENT)
 HIGHEST    67           100 AM
 LOWEST     39           900 AM
 AVERAGE    53

..........................................................


THE COLLEGE STATION CLIMATE NORMALS FOR TOMORROW
                         NORMAL    RECORD    YEAR
 MAXIMUM TEMPERATURE (F)   61        86      1972
 MINIMUM TEMPERATURE (F)   41         8      1940


SUNRISE AND SUNSET
JANUARY 22 2017.......SUNRISE   721 AM CST   SUNSET   553 PM CST
JANUARY 23 2017.......SUNRISE   721 AM CST   SUNSET   554 PM CST


-  INDICATES NEGATIVE NUMBERS.
R  INDICATES RECORD WAS SET OR TIED.
MM INDICATES DATA IS MISSING.
T  INDICATES TRACE AMOUNT.




$$
