000
CDUS44 KHGX 292116
CLICLL


CLIMATE REPORT
NATIONAL WEATHER SERVICE HOUSTON/GALVESTON TX
416 PM CDT SAT AUG 29 2015


...................................

...THE COLLEGE STATION CLIMATE SUMMARY FOR AUGUST 29 2015...
VALID TODAY AS OF 400 PM LOCAL TIME.

CLIMATE NORMAL PERIOD 1981 TO 2010
CLIMATE RECORD PERIOD 1902 TO 2015


WEATHER ITEM   OBSERVED TIME   RECORD YEAR NORMAL DEPARTURE LAST
                VALUE   (LST)  VALUE       VALUE  FROM      YEAR
                                                  NORMAL
..................................................................
TEMPERATURE (F)
 TODAY
  MAXIMUM         91    253 PM 106    2011  95     -4       94
  MINIMUM         71    642 AM  60    1992  74     -3       75
  AVERAGE         81                        84     -3       85

PRECIPITATION (IN)
  TODAY            0.00          4.42 1974   0.11  -0.11      T
  MONTH TO DATE    1.36                      2.46  -1.10     0.35
  SINCE JUN 1      6.88                      9.05  -2.17     8.68
  SINCE JAN 1     34.65                     25.30   9.35    22.71

SNOWFALL (IN)
  TODAY            0.0
  MONTH TO DATE    0.0
  SINCE JUL 1      0.0

DEGREE DAYS
 HEATING
  TODAY            0                         0      0        0
  MONTH TO DATE    0                         0      0        0
  SINCE JUN 1      0                         0      0        0
  SINCE JUL 1      0                         0      0        0

 COOLING
  TODAY           16                        19     -3       20
  MONTH TO DATE  620                       597     23      584
  SINCE JUN 1   1755                      1724     31     1684
  SINCE JAN 1   2326                      2312     14     2171
..................................................................


WIND (MPH)
  HIGHEST WIND SPEED    12   HIGHEST WIND DIRECTION     S (160)
  HIGHEST GUST SPEED    16   HIGHEST GUST DIRECTION    SW (230)
  AVERAGE WIND SPEED     4.5


SKY COVER
  AVERAGE SKY COVER 0.0


WEATHER CONDITIONS
 THE FOLLOWING WEATHER WAS RECORDED TODAY.
  NO SIGNIFICANT WEATHER WAS OBSERVED.


RELATIVE HUMIDITY (PERCENT)
 HIGHEST    90           500 AM
 LOWEST     44           300 PM
 AVERAGE    67

..........................................................


THE COLLEGE STATION CLIMATE NORMALS FOR TOMORROW
                         NORMAL    RECORD    YEAR
 MAXIMUM TEMPERATURE (F)   95       107      1954
 MINIMUM TEMPERATURE (F)   74        62      1915


SUNRISE AND SUNSET
AUGUST 29 2015........SUNRISE   700 AM CDT   SUNSET   752 PM CDT
AUGUST 30 2015........SUNRISE   701 AM CDT   SUNSET   751 PM CDT


-  INDICATES NEGATIVE NUMBERS.
R  INDICATES RECORD WAS SET OR TIED.
MM INDICATES DATA IS MISSING.
T  INDICATES TRACE AMOUNT.




$$
