000
CDUS42 KGSP 290640
CLICLT

CLIMATE REPORT
NATIONAL WEATHER SERVICE GREENVILLE-SPARTANBURG SC
234 AM EDT WED MAR 29 2017


...................................

...THE CHARLOTTE NC CLIMATE SUMMARY FOR MARCH 28 2017...

CLIMATE NORMAL PERIOD 1981 TO 2010
CLIMATE RECORD PERIOD 1878 TO 2017


WEATHER ITEM   OBSERVED TIME   RECORD YEAR NORMAL DEPARTURE LAST
                VALUE   (LST)  VALUE       VALUE  FROM      YEAR
                                                  NORMAL
..................................................................
TEMPERATURE (F)
 YESTERDAY
  MAXIMUM         81    219 PM  90    1907  67     14       77
  MINIMUM         59    656 AM  25    1982  42     17       52
  AVERAGE         70                        54     16       65

PRECIPITATION (IN)
  YESTERDAY        0.35          1.95 1980   0.13   0.22     0.14
  MONTH TO DATE    2.52                      3.64  -1.12     0.83
  SINCE MAR 1      2.52                      3.64  -1.12     0.83
  SINCE JAN 1      9.43                     10.37  -0.94     7.61

SNOWFALL (IN)
  YESTERDAY        0.0           T    1947   0.0    0.0      0.0
  MONTH TO DATE    1.1                       0.6    0.5      0.0
  SINCE MAR 1      1.1                       0.6    0.5      0.0
  SINCE JUL 1      2.2                       4.3   -2.1      3.3
  SNOW DEPTH       0

DEGREE DAYS
 HEATING
  YESTERDAY        0                        11    -11        0
  MONTH TO DATE  383                       403    -20      209
  SINCE MAR 1    383                       403    -20      209
  SINCE JUL 1   2281                      3102   -821     2351

 COOLING
  YESTERDAY        5                         0      5        0
  MONTH TO DATE   15                         0     15       34
  SINCE MAR 1     15                         0     15       34
  SINCE JAN 1     20                         0     20       34
..................................................................


WIND (MPH)
  HIGHEST WIND SPEED    18   HIGHEST WIND DIRECTION     W (270)
  HIGHEST GUST SPEED    25   HIGHEST GUST DIRECTION     W (270)
  AVERAGE WIND SPEED     8.8


SKY COVER
  POSSIBLE SUNSHINE  MM
  AVERAGE SKY COVER 0.8


WEATHER CONDITIONS
 THE FOLLOWING WEATHER WAS RECORDED YESTERDAY.
  HEAVY RAIN
  LIGHT RAIN
  FOG


RELATIVE HUMIDITY (PERCENT)
 HIGHEST    93           400 AM
 LOWEST     37           200 PM
 AVERAGE    65

..........................................................


THE CHARLOTTE NC CLIMATE NORMALS FOR TODAY
                         NORMAL    RECORD    YEAR
 MAXIMUM TEMPERATURE (F)   67        89      1907
 MINIMUM TEMPERATURE (F)   42        26      2013


SUNRISE AND SUNSET
MARCH 29 2017.........SUNRISE   714 AM EDT   SUNSET   743 PM EDT
MARCH 30 2017.........SUNRISE   713 AM EDT   SUNSET   744 PM EDT


-  INDICATES NEGATIVE NUMBERS.
R  INDICATES RECORD WAS SET OR TIED.
MM INDICATES DATA IS MISSING.
T  INDICATES TRACE AMOUNT.




$$
