000
CDUS42 KGSP 222146
CLICLT

CLIMATE REPORT
NATIONAL WEATHER SERVICE GREENVILLE-SPARTANBURG SC
446 PM EST MON DEC 22 2014


...................................

...THE CHARLOTTE NC CLIMATE SUMMARY FOR DECEMBER 22 2014...
VALID TODAY AS OF 0445 PM LOCAL TIME.

CLIMATE NORMAL PERIOD 1981 TO 2010
CLIMATE RECORD PERIOD 1878 TO 2014


WEATHER ITEM   OBSERVED TIME   RECORD YEAR NORMAL DEPARTURE LAST
                VALUE   (LST)  VALUE       VALUE  FROM      YEAR
                                                  NORMAL
..................................................................
TEMPERATURE (F)
 TODAY
  MAXIMUM         46   1221 AM  72    1889  51     -5       71
  MINIMUM         38    430 PM  11    1960  31      7       63
  AVERAGE         42                        41      1       67

PRECIPITATION (IN)
  TODAY            0.17          2.27 1908   0.11   0.06     1.44
  MONTH TO DATE    0.59                      2.31  -1.72     3.37
  SINCE DEC 1      0.59                      2.31  -1.72     3.37
  SINCE JAN 1     43.48                     40.69   2.79    45.86

SNOWFALL (IN)
  TODAY            0.0           2.3  1929   0.0    0.0      0.0
  MONTH TO DATE    0.0                       0.1   -0.1      0.0
  SINCE DEC 1      0.0                       0.1   -0.1      0.0
  SINCE JUL 1      T                         0.2   -0.2       T
  SNOW DEPTH       0

DEGREE DAYS
 HEATING
  TODAY           23                        24     -1        0
  MONTH TO DATE  418                       480    -62      367
  SINCE DEC 1    418                       480    -62      367
  SINCE JUL 1   1076                      1116    -40     1017

 COOLING
  TODAY            0                         0      0        2
  MONTH TO DATE    0                         0      0        8
  SINCE DEC 1      0                         0      0        8
  SINCE JAN 1   1655                      1517    138     1585
..................................................................


WIND (MPH)
  HIGHEST WIND SPEED    16   HIGHEST WIND DIRECTION     N (20)
  HIGHEST GUST SPEED    21   HIGHEST GUST DIRECTION     N (20)
  AVERAGE WIND SPEED     8.1


SKY COVER
  POSSIBLE SUNSHINE  MM
  AVERAGE SKY COVER 1.0


WEATHER CONDITIONS
 THE FOLLOWING WEATHER WAS RECORDED TODAY.
  LIGHT RAIN
  FOG


RELATIVE HUMIDITY (PERCENT)
 HIGHEST    92           700 AM
 LOWEST     65          1200 AM
 AVERAGE    79

..........................................................


THE CHARLOTTE NC CLIMATE NORMALS FOR TOMORROW
                         NORMAL    RECORD    YEAR
 MAXIMUM TEMPERATURE (F)   51        73      1990
 MINIMUM TEMPERATURE (F)   31         8      1989


SUNRISE AND SUNSET
DECEMBER 22 2014......SUNRISE   729 AM EST   SUNSET   516 PM EST
DECEMBER 23 2014......SUNRISE   729 AM EST   SUNSET   516 PM EST


-  INDICATES NEGATIVE NUMBERS.
R  INDICATES RECORD WAS SET OR TIED.
MM INDICATES DATA IS MISSING.
T  INDICATES TRACE AMOUNT.

$$

OUTLAW
