000
CDUS42 KGSP 302040
CLICLT

CLIMATE REPORT
NATIONAL WEATHER SERVICE GREENVILLE-SPARTANBURG SC
437 PM EDT FRI SEP 30 2016


...................................

...THE CHARLOTTE NC CLIMATE SUMMARY FOR SEPTEMBER 30 2016...
VALID TODAY AS OF 0430 PM LOCAL TIME.

CLIMATE NORMAL PERIOD 1981 TO 2010
CLIMATE RECORD PERIOD 1878 TO 2016


WEATHER ITEM   OBSERVED TIME   RECORD YEAR NORMAL DEPARTURE LAST
                VALUE   (LST)  VALUE       VALUE  FROM      YEAR
                                                  NORMAL
..................................................................
TEMPERATURE (F)
 TODAY
  MAXIMUM         81    212 PM  91    1926  77      4       87
  MINIMUM         66    507 AM  38    1888  55     11       71
  AVERAGE         74                        66      8       79

PRECIPITATION (IN)
  TODAY            0.13          3.65 1979   0.12   0.01     0.28
  MONTH TO DATE    5.44                      3.24   2.20     2.75
  SINCE SEP 1      5.44                      3.24   2.20     2.75
  SINCE JAN 1     26.98                     31.84  -4.86    25.17

SNOWFALL (IN)
  TODAY            0.0           0.0    MM   0.0    0.0      0.0
  MONTH TO DATE    0.0                       0.0    0.0      0.0
  SINCE SEP 1      0.0                       0.0    0.0      0.0
  SINCE JUL 1      0.0                       0.0    0.0      0.0
  SNOW DEPTH       0

DEGREE DAYS
 HEATING
  TODAY            0                         2     -2        0
  MONTH TO DATE    0                        21    -21        4
  SINCE SEP 1      0                        23    -23        4
  SINCE JUL 1      0                        23    -23        4

 COOLING
  TODAY            9                         3      6       14
  MONTH TO DATE  367                       198    169      251
  SINCE SEP 1    367                       198    169      251
  SINCE JAN 1   2134                      1475    659     1992
..................................................................


WIND (MPH)
  HIGHEST WIND SPEED    18   HIGHEST WIND DIRECTION     S (180)
  HIGHEST GUST SPEED    24   HIGHEST GUST DIRECTION    SW (220)
  AVERAGE WIND SPEED     8.8


SKY COVER
  POSSIBLE SUNSHINE  MM
  AVERAGE SKY COVER 0.5


WEATHER CONDITIONS
 THE FOLLOWING WEATHER WAS RECORDED TODAY.
  THUNDERSTORM
  HEAVY RAIN
  FOG


RELATIVE HUMIDITY (PERCENT)
 HIGHEST    93           500 AM
 LOWEST     30           100 PM
 AVERAGE    62

..........................................................


THE CHARLOTTE NC CLIMATE NORMALS FOR TOMORROW
                         NORMAL    RECORD    YEAR
 MAXIMUM TEMPERATURE (F)   76        92      1954
 MINIMUM TEMPERATURE (F)   54        39      1899


SUNRISE AND SUNSET
SEPTEMBER 30 2016.....SUNRISE   718 AM EDT   SUNSET   708 PM EDT
OCTOBER  1 2016.......SUNRISE   719 AM EDT   SUNSET   707 PM EDT


-  INDICATES NEGATIVE NUMBERS.
R  INDICATES RECORD WAS SET OR TIED.
MM INDICATES DATA IS MISSING.
T  INDICATES TRACE AMOUNT.




$$

LEV
