000
CDUS42 KGSP 250633
CLICLT

CLIMATE REPORT
NATIONAL WEATHER SERVICE GREENVILLE-SPARTANBURG SC
231 AM EDT SAT OCT 25 2014


...................................

...THE CHARLOTTE NC CLIMATE SUMMARY FOR OCTOBER 24 2014...

CLIMATE NORMAL PERIOD 1981 TO 2010
CLIMATE RECORD PERIOD 1878 TO 2014


WEATHER ITEM   OBSERVED TIME   RECORD YEAR NORMAL DEPARTURE LAST
                VALUE   (LST)  VALUE       VALUE  FROM      YEAR
                                                  NORMAL
..................................................................
TEMPERATURE (F)
 YESTERDAY
  MAXIMUM         69   1259 PM  88    1939  70     -1       61
  MINIMUM         39    541 AM  28    2006  46     -7       30
  AVERAGE         54                        58     -4       46

PRECIPITATION (IN)
  YESTERDAY        0.00          0.85 1913   0.10  -0.10     0.00
  MONTH TO DATE    0.86                      2.72  -1.86     0.48
  SINCE SEP 1      4.85                      5.96  -1.11     3.54
  SINCE JAN 1     38.61                     34.56   4.05    38.86

SNOWFALL (IN)
  YESTERDAY        0.0           0.0    MM   0.0    0.0      0.0
  MONTH TO DATE    0.0                       0.0    0.0      0.0
  SINCE SEP 1      0.0                       0.0    0.0      0.0
  SINCE JUL 1      0.0                       0.0    0.0      0.0
  SNOW DEPTH       0

DEGREE DAYS
 HEATING
  YESTERDAY       11                         8      3       19
  MONTH TO DATE   86                       122    -36       66
  SINCE SEP 1     98                       145    -47       68
  SINCE JUL 1     98                       145    -47       69

 COOLING
  YESTERDAY        0                         1     -1        0
  MONTH TO DATE   57                        37     20       60
  SINCE SEP 1    290                       235     55      288
  SINCE JAN 1   1645                      1512    133     1576
..................................................................


WIND (MPH)
  HIGHEST WIND SPEED     9   HIGHEST WIND DIRECTION     W (270)
  HIGHEST GUST SPEED    31   HIGHEST GUST DIRECTION     E (80)
  AVERAGE WIND SPEED     3.0


SKY COVER
  POSSIBLE SUNSHINE  MM
  AVERAGE SKY COVER 0.6


WEATHER CONDITIONS
 THE FOLLOWING WEATHER WAS RECORDED YESTERDAY.
  NO SIGNIFICANT WEATHER WAS OBSERVED.


RELATIVE HUMIDITY (PERCENT)
 HIGHEST    96           600 AM
 LOWEST     35           200 PM
 AVERAGE    66

..........................................................


THE CHARLOTTE NC CLIMATE NORMALS FOR TODAY
                         NORMAL    RECORD    YEAR
 MAXIMUM TEMPERATURE (F)   69        84      1931
 MINIMUM TEMPERATURE (F)   46        27      2006


SUNRISE AND SUNSET
OCTOBER 25 2014.......SUNRISE   739 AM EDT   SUNSET   637 PM EDT
OCTOBER 26 2014.......SUNRISE   740 AM EDT   SUNSET   635 PM EDT


-  INDICATES NEGATIVE NUMBERS.
R  INDICATES RECORD WAS SET OR TIED.
MM INDICATES DATA IS MISSING.
T  INDICATES TRACE AMOUNT.




$$
