000
CDUS42 KGSP 250631
CLICLT

CLIMATE REPORT
NATIONAL WEATHER SERVICE GREENVILLE-SPARTANBURG SC
231 AM EDT MON SEP 25 2017


...................................

...THE CHARLOTTE NC CLIMATE SUMMARY FOR SEPTEMBER 24 2017...

CLIMATE NORMAL PERIOD 1981 TO 2010
CLIMATE RECORD PERIOD 1878 TO 2017


WEATHER ITEM   OBSERVED TIME   RECORD YEAR NORMAL DEPARTURE LAST
                VALUE   (LST)  VALUE       VALUE  FROM      YEAR
                                                  NORMAL
..................................................................
TEMPERATURE (F)
 YESTERDAY
  MAXIMUM         86    123 PM  95    1895  79      7       93
  MINIMUM         64    507 AM  43    1999  57      7       63
  AVERAGE         75                        68      7       78

PRECIPITATION (IN)
  YESTERDAY        0.00          3.89 1947   0.10  -0.10     0.00
  MONTH TO DATE    2.72                      2.56   0.16     1.26
  SINCE SEP 1      2.72                      2.56   0.16     1.26
  SINCE JAN 1     37.68                     31.16   6.52    22.80

SNOWFALL (IN)
  YESTERDAY        0.0           0.0    MM   0.0    0.0      0.0
  MONTH TO DATE    0.0                       0.0    0.0      0.0
  SINCE SEP 1      0.0                       0.0    0.0      0.0
  SINCE JUL 1      0.0                       0.0    0.0      0.0
  SNOW DEPTH       0

DEGREE DAYS
 HEATING
  YESTERDAY        0                         1     -1        0
  MONTH TO DATE    9                         9      0        0
  SINCE SEP 1      9                         9      0        0
  SINCE JUL 1      9                         9      0        0

 COOLING
  YESTERDAY       10                         4      6       13
  MONTH TO DATE  173                       177     -4      300
  SINCE SEP 1    173                       177     -4      300
  SINCE JAN 1   1734                      1454    280     2067
..................................................................


WIND (MPH)
  HIGHEST WIND SPEED    14   HIGHEST WIND DIRECTION    NE (30)
  HIGHEST GUST SPEED    21   HIGHEST GUST DIRECTION     E (70)
  AVERAGE WIND SPEED     6.6


SKY COVER
  POSSIBLE SUNSHINE  MM
  AVERAGE SKY COVER 0.6


WEATHER CONDITIONS
 THE FOLLOWING WEATHER WAS RECORDED YESTERDAY.
  NO SIGNIFICANT WEATHER WAS OBSERVED.


RELATIVE HUMIDITY (PERCENT)
 HIGHEST    93           200 AM
 LOWEST     55          1200 PM
 AVERAGE    74

..........................................................


THE CHARLOTTE NC CLIMATE NORMALS FOR TODAY
                         NORMAL    RECORD    YEAR
 MAXIMUM TEMPERATURE (F)   78        94      2010
                                             1961
 MINIMUM TEMPERATURE (F)   57        40      1887


SUNRISE AND SUNSET
SEPTEMBER 25 2017.....SUNRISE   714 AM EDT   SUNSET   716 PM EDT
SEPTEMBER 26 2017.....SUNRISE   715 AM EDT   SUNSET   714 PM EDT


-  INDICATES NEGATIVE NUMBERS.
R  INDICATES RECORD WAS SET OR TIED.
MM INDICATES DATA IS MISSING.
T  INDICATES TRACE AMOUNT.




$$
