000
CDUS42 KGSP 200628
CLICLT

CLIMATE REPORT
NATIONAL WEATHER SERVICE GREENVILLE-SPARTANBURG SC
227 AM EDT WED AUG 20 2014


...................................

...THE CHARLOTTE NC CLIMATE SUMMARY FOR AUGUST 19 2014...

CLIMATE NORMAL PERIOD 1981 TO 2010
CLIMATE RECORD PERIOD 1878 TO 2014


WEATHER ITEM   OBSERVED TIME   RECORD YEAR NORMAL DEPARTURE LAST
                VALUE   (LST)  VALUE       VALUE  FROM      YEAR
                                                  NORMAL
..................................................................
TEMPERATURE (F)
 YESTERDAY
  MAXIMUM         90    140 PM 100    1988  87      3       79
  MINIMUM         70   1118 PM  59    1981  67      3       66
  AVERAGE         80                        77      3       73

PRECIPITATION (IN)
  YESTERDAY        T             1.96 2010   0.14  -0.14     0.37
  MONTH TO DATE    3.46                      2.62   0.84     1.60
  SINCE JUN 1     10.69                     10.04   0.65    16.37
  SINCE JAN 1     33.48                     27.00   6.48    35.12

SNOWFALL (IN)
  YESTERDAY        0.0           0.0    MM   0.0    0.0      0.0
  MONTH TO DATE    0.0                       0.0    0.0      0.0
  SINCE JUN 1      0.0                       0.0    0.0      0.0
  SINCE JUL 1      0.0                       0.0    0.0      0.0
  SNOW DEPTH       0

DEGREE DAYS
 HEATING
  YESTERDAY        0                         0      0        0
  MONTH TO DATE    0                         0      0        1
  SINCE JUN 1      0                         3     -3        1
  SINCE JUL 1      0                         0      0        1

 COOLING
  YESTERDAY       15                        12      3        8
  MONTH TO DATE  207                       245    -38      218
  SINCE JUN 1    975                       976     -1      981
  SINCE JAN 1   1203                      1139     64     1150
..................................................................


WIND (MPH)
  HIGHEST WIND SPEED    13   HIGHEST WIND DIRECTION     N (340)
  HIGHEST GUST SPEED    18   HIGHEST GUST DIRECTION    NW (330)
  AVERAGE WIND SPEED     2.8


SKY COVER
  POSSIBLE SUNSHINE  MM
  AVERAGE SKY COVER 0.6


WEATHER CONDITIONS
 THE FOLLOWING WEATHER WAS RECORDED YESTERDAY.
  THUNDERSTORM
  LIGHT RAIN


RELATIVE HUMIDITY (PERCENT)
 HIGHEST    93          1100 PM
 LOWEST     46          1200 PM
 AVERAGE    70

..........................................................


THE CHARLOTTE NC CLIMATE NORMALS FOR TODAY
                         NORMAL    RECORD    YEAR
 MAXIMUM TEMPERATURE (F)   87       103      1925
 MINIMUM TEMPERATURE (F)   67        56      1918


SUNRISE AND SUNSET
AUGUST 20 2014........SUNRISE   647 AM EDT   SUNSET   806 PM EDT
AUGUST 21 2014........SUNRISE   648 AM EDT   SUNSET   805 PM EDT


-  INDICATES NEGATIVE NUMBERS.
R  INDICATES RECORD WAS SET OR TIED.
MM INDICATES DATA IS MISSING.
T  INDICATES TRACE AMOUNT.

$$
07
