000
CDUS46 KLOX 230859
CLICMA


CLIMATE REPORT
NATIONAL WEATHER SERVICE LOS ANGELES/OXNARD CA
1259 AM PST FRI FEB 23 2018


...................................

...THE CAMARILLO AIRPORT CA CLIMATE SUMMARY FOR FEBRUARY 22 2018...

CLIMATE NORMAL PERIOD 1981 TO 2010
CLIMATE RECORD PERIOD 1923 TO 2018


WEATHER ITEM   OBSERVED TIME   RECORD YEAR NORMAL DEPARTURE LAST
                VALUE   (LST)  VALUE       VALUE  FROM      YEAR
                                                  NORMAL
..................................................................
TEMPERATURE (F)
 YESTERDAY
  MAXIMUM         62    312 PM  90    2002  65     -3       64
  MINIMUM         36    645 AM  32    1935  43     -7       45
  AVERAGE         49                        54     -5       55

PRECIPITATION (IN)
  YESTERDAY        0.00          1.17 1934   0.16  -0.16     0.00
  MONTH TO DATE    0.12                      2.88  -2.76     5.92
  SINCE OCT 1      1.21                     10.35  -9.14    18.83
  SINCE JAN 1      1.14                      6.35  -5.21    14.17

SNOWFALL (IN)
  YESTERDAY        0.0
  MONTH TO DATE    0.0
  SINCE DEC 1      0.0
  SINCE JUL 1      0.0

DEGREE DAYS
 HEATING
  YESTERDAY       16                        11      5       10
  MONTH TO DATE  157                       252    -95      150
  SINCE DEC 1    496                       939   -443      736
  SINCE JUL 1    583                      1271   -688      899

 COOLING
  YESTERDAY        0                         0      0        0
  MONTH TO DATE    3                         0      3        0
  SINCE DEC 1     69                         9     60        6
  SINCE JAN 1     42                         7     35        1
..................................................................


WIND (MPH)
  HIGHEST WIND SPEED    26   HIGHEST WIND DIRECTION     W (260)
  HIGHEST GUST SPEED    33   HIGHEST GUST DIRECTION     W (260)
  AVERAGE WIND SPEED     8.9


SKY COVER
  POSSIBLE SUNSHINE  MM
  AVERAGE SKY COVER 0.0


WEATHER CONDITIONS
 THE FOLLOWING WEATHER WAS RECORDED YESTERDAY.
  NO SIGNIFICANT WEATHER WAS OBSERVED.


RELATIVE HUMIDITY (PERCENT)
 HIGHEST    76           300 AM
 LOWEST     35           100 PM
 AVERAGE    56

..........................................................


THE CAMARILLO AIRPORT CA CLIMATE NORMALS FOR TODAY
                         NORMAL    RECORD    YEAR
 MAXIMUM TEMPERATURE (F)   65        89      1954
 MINIMUM TEMPERATURE (F)   43        31      1960


SUNRISE AND SUNSET
FEBRUARY 23 2018......SUNRISE   632 AM PST   SUNSET   547 PM PST
FEBRUARY 24 2018......SUNRISE   631 AM PST   SUNSET   548 PM PST


-  INDICATES NEGATIVE NUMBERS.
R  INDICATES RECORD WAS SET OR TIED.
MM INDICATES DATA IS MISSING.
T  INDICATES TRACE AMOUNT.




$$
