000
CDUS46 KLOX 220901
CLICMA


CLIMATE REPORT
NATIONAL WEATHER SERVICE LOS ANGELES/OXNARD CA
101 AM PST WED NOV 22 2017


...................................

...THE CAMARILLO AIRPORT CA CLIMATE SUMMARY FOR NOVEMBER 21 2017...

CLIMATE NORMAL PERIOD 1981 TO 2010
CLIMATE RECORD PERIOD 1923 TO 2017


WEATHER ITEM   OBSERVED TIME   RECORD YEAR NORMAL DEPARTURE LAST
                VALUE   (LST)  VALUE       VALUE  FROM      YEAR
                                                  NORMAL
..................................................................
TEMPERATURE (F)
 YESTERDAY
  MAXIMUM         82   1219 PM  90    2015  70     12       68
  MINIMUM         55    654 AM  34    1962  45     10       52
                                      1938
  AVERAGE         69                        57     12       60

PRECIPITATION (IN)
  YESTERDAY        0.00          1.78 1996   0.05  -0.05     0.01
  MONTH TO DATE    0.07                      1.03  -0.96     0.46
  SINCE OCT 1      0.07                      1.66  -1.59     0.95
  SINCE JAN 1     14.87                     12.88   1.99     6.37

SNOWFALL (IN)
  YESTERDAY        0.0
  MONTH TO DATE    0.0
  SINCE SEP 1      0.0
  SINCE JUL 1      0.0

DEGREE DAYS
 HEATING
  YESTERDAY        0                         8     -8        5
  MONTH TO DATE   42                       130    -88       49
  SINCE SEP 1     62                       238   -176       82
  SINCE JUL 1     63                       253   -190       82

 COOLING
  YESTERDAY        4                         0      4        0
  MONTH TO DATE    7                        13     -6       53
  SINCE SEP 1    347                       117    230      264
  SINCE JAN 1    843                       329    514      729
..................................................................


WIND (MPH)
  HIGHEST WIND SPEED    10   HIGHEST WIND DIRECTION     W (280)
  HIGHEST GUST SPEED    13   HIGHEST GUST DIRECTION     S (190)
  AVERAGE WIND SPEED     3.2


SKY COVER
  POSSIBLE SUNSHINE  MM
  AVERAGE SKY COVER 0.0


WEATHER CONDITIONS
 THE FOLLOWING WEATHER WAS RECORDED YESTERDAY.
  NO SIGNIFICANT WEATHER WAS OBSERVED.


RELATIVE HUMIDITY (PERCENT)
 HIGHEST    72           300 AM
 LOWEST     33           200 PM
 AVERAGE    53

..........................................................


THE CAMARILLO AIRPORT CA CLIMATE NORMALS FOR TODAY
                         NORMAL    RECORD    YEAR
 MAXIMUM TEMPERATURE (F)   69        90      2015
 MINIMUM TEMPERATURE (F)   45        32      1938


SUNRISE AND SUNSET
NOVEMBER 22 2017......SUNRISE   636 AM PST   SUNSET   449 PM PST
NOVEMBER 23 2017......SUNRISE   637 AM PST   SUNSET   448 PM PST


-  INDICATES NEGATIVE NUMBERS.
R  INDICATES RECORD WAS SET OR TIED.
MM INDICATES DATA IS MISSING.
T  INDICATES TRACE AMOUNT.




$$
