000
CDUS46 KLOX 250857
CLICMA


CLIMATE REPORT
NATIONAL WEATHER SERVICE LOS ANGELES/OXNARD CA
157 AM PDT MON SEP 25 2017


...................................

...THE CAMARILLO AIRPORT CA CLIMATE SUMMARY FOR SEPTEMBER 24 2017...

CLIMATE NORMAL PERIOD 1981 TO 2010
CLIMATE RECORD PERIOD 1923 TO 2017


WEATHER ITEM   OBSERVED TIME   RECORD YEAR NORMAL DEPARTURE LAST
                VALUE   (LST)  VALUE       VALUE  FROM      YEAR
                                                  NORMAL
..................................................................
TEMPERATURE (F)
 YESTERDAY
  MAXIMUM         83    946 AM 103    1978  76      7       85
  MINIMUM         51    612 AM  42    1941  56     -5       56
  AVERAGE         67                        66      1       71

PRECIPITATION (IN)
  YESTERDAY        0.00          0.98 1986   0.01  -0.01     0.00
  MONTH TO DATE    0.02                      0.12  -0.10      T
  SINCE OCT 1     19.46                     15.16   4.30     5.98
  SINCE JAN 1     14.80                     11.16   3.64     5.42

SNOWFALL (IN)
  YESTERDAY        0.0
  MONTH TO DATE    0.0
  SINCE SEP 1      0.0
  SINCE JUL 1      0.0

DEGREE DAYS
 HEATING
  YESTERDAY        0                         1     -1        0
  MONTH TO DATE    4                         6     -2        4
  SINCE SEP 1      4                         6     -2        4
  SINCE JUL 1      5                        21    -16        4

 COOLING
  YESTERDAY        2                         2      0        6
  MONTH TO DATE  167                        61    106       73
  SINCE SEP 1    167                        61    106       73
  SINCE JAN 1    663                       273    390      538
..................................................................


WIND (MPH)
  HIGHEST WIND SPEED    17   HIGHEST WIND DIRECTION     W (280)
  HIGHEST GUST SPEED    23   HIGHEST GUST DIRECTION     W (250)
  AVERAGE WIND SPEED     5.8


SKY COVER
  POSSIBLE SUNSHINE  MM
  AVERAGE SKY COVER 0.0


WEATHER CONDITIONS
 THE FOLLOWING WEATHER WAS RECORDED YESTERDAY.
  NO SIGNIFICANT WEATHER WAS OBSERVED.


RELATIVE HUMIDITY (PERCENT)
 HIGHEST    77          1200 AM
 LOWEST     20           100 PM
 AVERAGE    49

..........................................................


THE CAMARILLO AIRPORT CA CLIMATE NORMALS FOR TODAY
                         NORMAL    RECORD    YEAR
 MAXIMUM TEMPERATURE (F)   76       104      2016
 MINIMUM TEMPERATURE (F)   56        43      1934
                                             1924


SUNRISE AND SUNSET
SEPTEMBER 25 2017.....SUNRISE   647 AM PDT   SUNSET   648 PM PDT
SEPTEMBER 26 2017.....SUNRISE   647 AM PDT   SUNSET   647 PM PDT


-  INDICATES NEGATIVE NUMBERS.
R  INDICATES RECORD WAS SET OR TIED.
MM INDICATES DATA IS MISSING.
T  INDICATES TRACE AMOUNT.




$$
