790
CDUS46 KLOX 070911
CLICMA


CLIMATE REPORT
NATIONAL WEATHER SERVICE LOS ANGELES/OXNARD CA
110 AM PST SUN FEB 7 2016


...................................

...THE CAMARILLO AIRPORT CA CLIMATE SUMMARY FOR FEBRUARY 6 2016...

CLIMATE NORMAL PERIOD 1981 TO 2010
CLIMATE RECORD PERIOD 1948 TO 2016


WEATHER ITEM   OBSERVED TIME   RECORD YEAR NORMAL DEPARTURE LAST
                VALUE   (LST)  VALUE       VALUE  FROM      YEAR
                                                  NORMAL
..................................................................
TEMPERATURE (F)
 YESTERDAY
  MAXIMUM         80    319 PM  85    1954  66     14       67
  MINIMUM         50    147 AM  33    2002  42      8       46
  AVERAGE         65                        54     11       57

PRECIPITATION (IN)
  YESTERDAY        0.00          2.66 1998   0.11  -0.11     0.00
  MONTH TO DATE    0.00                      0.55  -0.55     0.00
  SINCE OCT 1      3.19                      8.02  -4.83     7.00
  SINCE JAN 1      2.63                      4.02  -1.39     2.09

SNOWFALL (IN)
  YESTERDAY        0.0
  MONTH TO DATE    0.0
  SINCE DEC 1      0.0
  SINCE JUL 1      0.0

DEGREE DAYS
 HEATING
  YESTERDAY        0                        11    -11        8
  MONTH TO DATE   54                        66    -12       43
  SINCE DEC 1    602                       753   -151      458
  SINCE JUL 1    747                      1085   -338      545

 COOLING
  YESTERDAY        0                         0      0        0
  MONTH TO DATE    0                         0      0        0
  SINCE DEC 1      4                         9     -5       28
  SINCE JAN 1      0                         7     -7       24
..................................................................


WIND (MPH)
  HIGHEST WIND SPEED    31   HIGHEST WIND DIRECTION     E (70)
  HIGHEST GUST SPEED    36   HIGHEST GUST DIRECTION     E (80)
  AVERAGE WIND SPEED    12.9


SKY COVER
  POSSIBLE SUNSHINE  MM
  AVERAGE SKY COVER 0.0


WEATHER CONDITIONS
 THE FOLLOWING WEATHER WAS RECORDED YESTERDAY.
  NO SIGNIFICANT WEATHER WAS OBSERVED.


RELATIVE HUMIDITY (PERCENT)
 HIGHEST    38           100 AM
 LOWEST     11           300 PM
 AVERAGE    25

..........................................................


THE CAMARILLO AIRPORT CA CLIMATE NORMALS FOR TODAY
                         NORMAL    RECORD    YEAR
 MAXIMUM TEMPERATURE (F)   66        86      1954
 MINIMUM TEMPERATURE (F)   42        35      1955


SUNRISE AND SUNSET
FEBRUARY  7 2016......SUNRISE   649 AM PST   SUNSET   532 PM PST
FEBRUARY  8 2016......SUNRISE   648 AM PST   SUNSET   533 PM PST


-  INDICATES NEGATIVE NUMBERS.
R  INDICATES RECORD WAS SET OR TIED.
MM INDICATES DATA IS MISSING.
T  INDICATES TRACE AMOUNT.




$$
