000
CDUS46 KLOX 251006
CLICMA


CLIMATE REPORT
NATIONAL WEATHER SERVICE LOS ANGELES/OXNARD CA
206 AM PST SUN JAN 25 2015


...................................

...THE CAMARILLO AIRPORT CA CLIMATE SUMMARY FOR JANUARY 24 2015...

CLIMATE NORMAL PERIOD 1981 TO 2010
CLIMATE RECORD PERIOD 1948 TO 2015


WEATHER ITEM   OBSERVED TIME   RECORD YEAR NORMAL DEPARTURE LAST
                VALUE   (LST)  VALUE       VALUE  FROM      YEAR
                                                  NORMAL
..................................................................
TEMPERATURE (F)
 YESTERDAY
  MAXIMUM         80    312 PM  84    1951  66     14       76
  MINIMUM         48    439 AM  33    1966  43      5       54
  AVERAGE         64                        54     10       65

PRECIPITATION (IN)
  YESTERDAY        0.00          1.92 1967   0.08  -0.08     0.00
  MONTH TO DATE    2.03                      3.06  -1.03     0.00
  SINCE OCT 1      6.94                      7.06  -0.12     0.78
  SINCE JAN 1      2.03                      3.06  -1.03     0.00

SNOWFALL (IN)
  YESTERDAY        0.0
  MONTH TO DATE    0.0
  SINCE DEC 1      0.0
  SINCE JUL 1      0.0

DEGREE DAYS
 HEATING
  YESTERDAY        1                        11    -10        0
  MONTH TO DATE  171                       264    -93      149
  SINCE DEC 1    399                       613   -214      436
  SINCE JUL 1    486                       945   -459      660

 COOLING
  YESTERDAY        0                         0      0        0
  MONTH TO DATE   11                         0     11       27
  SINCE DEC 1     15                         2     13       48
  SINCE JAN 1     11                         0     11       27
..................................................................


WIND (MPH)
  HIGHEST WIND SPEED    40   HIGHEST WIND DIRECTION    NE (50)
  HIGHEST GUST SPEED    50   HIGHEST GUST DIRECTION    NE (40)
  AVERAGE WIND SPEED    17.7


SKY COVER
  POSSIBLE SUNSHINE  MM
  AVERAGE SKY COVER 0.0


WEATHER CONDITIONS
 THE FOLLOWING WEATHER WAS RECORDED YESTERDAY.
  NO SIGNIFICANT WEATHER WAS OBSERVED.


RELATIVE HUMIDITY (PERCENT)
 HIGHEST    42           400 AM
 LOWEST     12           300 PM
 AVERAGE    27

..........................................................


THE CAMARILLO AIRPORT CA CLIMATE NORMALS FOR TODAY
                         NORMAL    RECORD    YEAR
 MAXIMUM TEMPERATURE (F)   66        86      2003
 MINIMUM TEMPERATURE (F)   43        32      1966


SUNRISE AND SUNSET
JANUARY 25 2015.......SUNRISE   658 AM PST   SUNSET   519 PM PST
JANUARY 26 2015.......SUNRISE   658 AM PST   SUNSET   520 PM PST


-  INDICATES NEGATIVE NUMBERS.
R  INDICATES RECORD WAS SET OR TIED.
MM INDICATES DATA IS MISSING.
T  INDICATES TRACE AMOUNT.




$$
