000
CDUS46 KLOX 200915
CLICMA


CLIMATE REPORT
NATIONAL WEATHER SERVICE LOS ANGELES/OXNARD CA
214 AM PDT THU JUL 20 2017


...................................

...THE CAMARILLO AIRPORT CA CLIMATE SUMMARY FOR JULY 19 2017...

CLIMATE NORMAL PERIOD 1981 TO 2010
CLIMATE RECORD PERIOD 1923 TO 2017


WEATHER ITEM   OBSERVED TIME   RECORD YEAR NORMAL DEPARTURE LAST
                VALUE   (LST)  VALUE       VALUE  FROM      YEAR
                                                  NORMAL
..................................................................
TEMPERATURE (F)
 YESTERDAY
  MAXIMUM         81    209 PM  86    2015  76      5       80
                                      1936
  MINIMUM         64   1155 PM  45    1940  58      6       58
                                      1932
  AVERAGE         73                        67      6       69

PRECIPITATION (IN)
  YESTERDAY        0.00          0.12 2015   0.00   0.00     0.00
  MONTH TO DATE    T                         0.01  -0.01     0.00
  SINCE OCT 1     19.44                     14.99   4.45     5.98
  SINCE JAN 1     14.78                     10.99   3.79     5.42

SNOWFALL (IN)
  YESTERDAY        0.0
  MONTH TO DATE    0.0
  SINCE JUN 1      0.0
  SINCE JUL 1      0.0

DEGREE DAYS
 HEATING
  YESTERDAY        0                         0      0        0
  MONTH TO DATE    1                         1      0        0
  SINCE JUN 1     20                        44    -24       17
  SINCE JUL 1      1                         1      0        0

 COOLING
  YESTERDAY        8                         3      5        4
  MONTH TO DATE  116                        40     76       76
  SINCE JUN 1    174                        63    111      145
  SINCE JAN 1    215                        94    121      216
..................................................................


WIND (MPH)
  HIGHEST WIND SPEED    15   HIGHEST WIND DIRECTION     W (270)
  HIGHEST GUST SPEED    19   HIGHEST GUST DIRECTION     W (260)
  AVERAGE WIND SPEED     5.8


SKY COVER
  POSSIBLE SUNSHINE  MM
  AVERAGE SKY COVER 0.3


WEATHER CONDITIONS
 THE FOLLOWING WEATHER WAS RECORDED YESTERDAY.
  FOG
  HAZE


RELATIVE HUMIDITY (PERCENT)
 HIGHEST    93          1200 AM
 LOWEST     54           200 PM
 AVERAGE    74

..........................................................


THE CAMARILLO AIRPORT CA CLIMATE NORMALS FOR TODAY
                         NORMAL    RECORD    YEAR
 MAXIMUM TEMPERATURE (F)   76        88      1960
 MINIMUM TEMPERATURE (F)   58        46      1940


SUNRISE AND SUNSET
JULY 20 2017..........SUNRISE   559 AM PDT   SUNSET   806 PM PDT
JULY 21 2017..........SUNRISE   600 AM PDT   SUNSET   805 PM PDT


-  INDICATES NEGATIVE NUMBERS.
R  INDICATES RECORD WAS SET OR TIED.
MM INDICATES DATA IS MISSING.
T  INDICATES TRACE AMOUNT.




$$
