000
CDUS46 KLOX 240112
CLICMA


CLIMATE REPORT
NATIONAL WEATHER SERVICE LOS ANGELES/OXNARD CA
612 PM PDT WED APR 23 2014


...................................

...THE CAMARILLO CLIMATE SUMMARY FOR APRIL 23 2014...
VALID TODAY AS OF 0600 PM LOCAL TIME.

CLIMATE NORMAL PERIOD 1981 TO 2010
CLIMATE RECORD PERIOD 1948 TO 2014


WEATHER ITEM   OBSERVED TIME   RECORD YEAR NORMAL DEPARTURE LAST
                VALUE   (LST)  VALUE       VALUE  FROM      YEAR
                                                  NORMAL
..................................................................
TEMPERATURE (F)
 TODAY
  MAXIMUM         72    243 PM  88    2004  70      2       70
  MINIMUM         48    458 AM  39    1961  48      0       58
  AVERAGE         60                        59      1       64

PRECIPITATION (IN)
  TODAY            0.00          0.17 1988   0.04  -0.04     0.00
  MONTH TO DATE    0.05                      0.57  -0.52     0.00
  SINCE JUL 1      5.00                     14.64  -9.64     4.78
  SINCE JAN 1      4.18                     10.40  -6.22     2.07

SNOWFALL (IN)
  TODAY            0.0
  MONTH TO DATE    0.0
  SINCE MAR 1      0.0
  SINCE JUL 1      0.0

DEGREE DAYS
 HEATING
  TODAY            5                         6     -1        1
  MONTH TO DATE  123                       165    -42       67
  SINCE MAR 1    274                       442   -168      269
  SINCE JUL 1   1227                      1778   -551     1409

 COOLING
  TODAY            0                         0      0        0
  MONTH TO DATE    2                         0      2        3
  SINCE MAR 1     14                         4     10        7
  SINCE JAN 1     42                        13     29       27
..................................................................


WIND (MPH)
  HIGHEST WIND SPEED    16   HIGHEST WIND DIRECTION     W (270)
  HIGHEST GUST SPEED    20   HIGHEST GUST DIRECTION     W (270)
  AVERAGE WIND SPEED     4.3


SKY COVER
  POSSIBLE SUNSHINE  MM
  AVERAGE SKY COVER 0.0


WEATHER CONDITIONS
 THE FOLLOWING WEATHER WAS RECORDED TODAY.
  NO SIGNIFICANT WEATHER WAS OBSERVED.


RELATIVE HUMIDITY (PERCENT)
 HIGHEST    83           200 AM
 LOWEST     29           900 AM
 AVERAGE    56

..........................................................


THE CAMARILLO CLIMATE NORMALS FOR TOMORROW
                         NORMAL    RECORD    YEAR
 MAXIMUM TEMPERATURE (F)   70        94      2001
 MINIMUM TEMPERATURE (F)   48        35      1964


SUNRISE AND SUNSET
APRIL 23 2014.........SUNRISE   616 AM PDT   SUNSET   734 PM PDT
APRIL 24 2014.........SUNRISE   614 AM PDT   SUNSET   735 PM PDT


-  INDICATES NEGATIVE NUMBERS.
R  INDICATES RECORD WAS SET OR TIED.
MM INDICATES DATA IS MISSING.
T  INDICATES TRACE AMOUNT.




$$
