000
CDUS46 KLOX 280912
CLICMA


CLIMATE REPORT
NATIONAL WEATHER SERVICE LOS ANGELES/OXNARD CA
212 AM PDT TUE JUL 28 2015


...................................

...THE CAMARILLO AIRPORT CA CLIMATE SUMMARY FOR JULY 27 2015...

CLIMATE NORMAL PERIOD 1981 TO 2010
CLIMATE RECORD PERIOD 1948 TO 2015


WEATHER ITEM   OBSERVED TIME   RECORD YEAR NORMAL DEPARTURE LAST
                VALUE   (LST)  VALUE       VALUE  FROM      YEAR
                                                  NORMAL
..................................................................
TEMPERATURE (F)
 YESTERDAY
  MAXIMUM         79    204 PM  88    1977  77      2       82
  MINIMUM         62    534 AM  46    1965  58      4       67
  AVERAGE         71                        67      4       75

PRECIPITATION (IN)
  YESTERDAY        0.00          T    1968   0.00   0.00     0.00
  MONTH TO DATE    0.53                      0.02   0.51      T
  SINCE OCT 1      8.96                     15.00  -6.04     4.97
  SINCE JAN 1      4.05                     11.00  -6.95     4.19

SNOWFALL (IN)
  YESTERDAY        0.0
  MONTH TO DATE    0.0
  SINCE JUN 1      0.0
  SINCE JUL 1      0.0

DEGREE DAYS
 HEATING
  YESTERDAY        0                         0      0        0
  MONTH TO DATE    0                         1     -1        0
  SINCE JUN 1      4                        44    -40       12
  SINCE JUL 1      0                         1     -1        0

 COOLING
  YESTERDAY        6                         3      3       10
  MONTH TO DATE  148                        64     84      186
  SINCE JUN 1    208                        87    121      231
  SINCE JAN 1    317                       118    199      379
..................................................................


WIND (MPH)
  HIGHEST WIND SPEED    15   HIGHEST WIND DIRECTION    SW (240)
  HIGHEST GUST SPEED    MM   HIGHEST GUST DIRECTION    MM
  AVERAGE WIND SPEED     4.8


SKY COVER
  POSSIBLE SUNSHINE  MM
  AVERAGE SKY COVER 0.1


WEATHER CONDITIONS
 THE FOLLOWING WEATHER WAS RECORDED YESTERDAY.
  NO SIGNIFICANT WEATHER WAS OBSERVED.


RELATIVE HUMIDITY (PERCENT)
 HIGHEST    90           300 AM
 LOWEST     54           100 PM
 AVERAGE    72

..........................................................


THE CAMARILLO AIRPORT CA CLIMATE NORMALS FOR TODAY
                         NORMAL    RECORD    YEAR
 MAXIMUM TEMPERATURE (F)   77        89      1977
 MINIMUM TEMPERATURE (F)   58        49      1965


SUNRISE AND SUNSET
JULY 28 2015..........SUNRISE   604 AM PDT   SUNSET   801 PM PDT
JULY 29 2015..........SUNRISE   605 AM PDT   SUNSET   800 PM PDT


-  INDICATES NEGATIVE NUMBERS.
R  INDICATES RECORD WAS SET OR TIED.
MM INDICATES DATA IS MISSING.
T  INDICATES TRACE AMOUNT.




$$
