143
CDUS41 KILN 060533
CLICMH


CLIMATE REPORT
NATIONAL WEATHER SERVICE WILMINGTON OH
1233 AM EST SAT FEB 6 2016


...................................

...THE COLUMBUS OH CLIMATE SUMMARY FOR FEBRUARY 5 2016...

CLIMATE NORMAL PERIOD 1981 TO 2010
CLIMATE RECORD PERIOD 1869 TO 2016


WEATHER ITEM   OBSERVED TIME   RECORD YEAR NORMAL DEPARTURE LAST
                VALUE   (LST)  VALUE       VALUE  FROM      YEAR
                                                  NORMAL
..................................................................
TEMPERATURE (F)
 YESTERDAY
  MAXIMUM         38    442 PM  64    1986  38      0       24
  MINIMUM         20    756 AM -10    1918  23     -3        9
  AVERAGE         29                        31     -2       17

PRECIPITATION (IN)
  YESTERDAY        0.00          1.21 1908   0.09  -0.09      T
  MONTH TO DATE    0.71                      0.42   0.29     0.71
  SINCE DEC 1      6.71                      6.12   0.59     6.28
  SINCE JAN 1      1.83                      3.15  -1.32     3.58

SNOWFALL (IN)
  YESTERDAY        0.0           9.0  2010   0.2   -0.2       T
  MONTH TO DATE    T                         1.2   -1.2      3.0
  SINCE DEC 1      5.4                      15.4  -10.0     11.4
  SINCE JUL 1      5.4                      16.5  -11.1     15.5
  SNOW DEPTH       0

DEGREE DAYS
 HEATING
  YESTERDAY       36                        34      2       48
  MONTH TO DATE  130                       173    -43      188
  SINCE DEC 1   1880                      2251   -371     2284
  SINCE JUL 1   2685                      3265   -580     3469

 COOLING
  YESTERDAY        0                         0      0        0
  MONTH TO DATE    0                         0      0        0
  SINCE DEC 1      0                         0      0        0
  SINCE JAN 1      0                         0      0        0
..................................................................


WIND (MPH)
  RESULTANT WIND SPEED   4   RESULTANT WIND DIRECTION  SW (220)
  HIGHEST WIND SPEED    15   HIGHEST WIND DIRECTION     W (280)
  HIGHEST GUST SPEED    17   HIGHEST GUST DIRECTION    SW (210)
  AVERAGE WIND SPEED     5.4


SKY COVER
  POSSIBLE SUNSHINE  MM
  AVERAGE SKY COVER 0.3


WEATHER CONDITIONS
 THE FOLLOWING WEATHER WAS RECORDED YESTERDAY.
  NO SIGNIFICANT WEATHER WAS OBSERVED.


RELATIVE HUMIDITY (PERCENT)
 HIGHEST    84           800 AM
 LOWEST     40           300 PM
 AVERAGE    62

..........................................................


THE COLUMBUS OH CLIMATE NORMALS FOR TODAY
                         NORMAL    RECORD    YEAR
 MAXIMUM TEMPERATURE (F)   38        62      2008
 MINIMUM TEMPERATURE (F)   23       -11      1977


SUNRISE AND SUNSET
FEBRUARY  6 2016......SUNRISE   735 AM EST   SUNSET   556 PM EST
FEBRUARY  7 2016......SUNRISE   734 AM EST   SUNSET   557 PM EST


-  INDICATES NEGATIVE NUMBERS.
R  INDICATES RECORD WAS SET OR TIED.
MM INDICATES DATA IS MISSING.
T  INDICATES TRACE AMOUNT.




$$
