000
CDUS41 KILN 300545
CLICMH


CLIMATE REPORT
NATIONAL WEATHER SERVICE WILMINGTON OH
138 AM EDT TUE SEP 30 2014


...................................

...THE COLUMBUS OH CLIMATE SUMMARY FOR SEPTEMBER 29 2014...

CLIMATE NORMAL PERIOD 1981 TO 2010
CLIMATE RECORD PERIOD 1869 TO 2014


WEATHER ITEM   OBSERVED TIME   RECORD YEAR NORMAL DEPARTURE LAST
                VALUE   (LST)  VALUE       VALUE  FROM      YEAR
                                                  NORMAL
..................................................................
TEMPERATURE (F)
 YESTERDAY
  MAXIMUM         84    257 PM  96    1953  72     12       76
  MINIMUM         57   1159 PM  32    1961  51      6       57
  AVERAGE         71                        61     10       67

PRECIPITATION (IN)
  YESTERDAY        0.00          2.38 1896   0.08  -0.08     0.00
  MONTH TO DATE    0.61                      2.75  -2.14     2.51
  SINCE SEP 1      0.61                      2.75  -2.14     2.51
  SINCE JAN 1     31.12                     30.44   0.68    29.15

SNOWFALL (IN)
  YESTERDAY        0.0                       0.0    0.0      0.0
  MONTH TO DATE    0.0                       0.0    0.0      0.0
  SINCE SEP 1      0.0                       0.0    0.0      0.0
  SINCE JUL 1      0.0                       0.0    0.0      0.0
  SNOW DEPTH       0

DEGREE DAYS
 HEATING
  YESTERDAY        0                         5     -5        0
  MONTH TO DATE   42                        63    -21       49
  SINCE SEP 1     42                        63    -21       49
  SINCE JUL 1     42                        63    -21       53

 COOLING
  YESTERDAY        6                         2      4        2
  MONTH TO DATE  133                       120     13      132
  SINCE SEP 1    133                       120     13      132
  SINCE JAN 1   1155                      1009    146     1133
..................................................................


WIND (MPH)
  RESULTANT WIND SPEED   1   RESULTANT WIND DIRECTION   N (360)
  HIGHEST WIND SPEED    12   HIGHEST WIND DIRECTION    NW (320)
  HIGHEST GUST SPEED    15   HIGHEST GUST DIRECTION     N (340)
  AVERAGE WIND SPEED     2.4


SKY COVER
  POSSIBLE SUNSHINE  MM
  AVERAGE SKY COVER 0.4


WEATHER CONDITIONS
 THE FOLLOWING WEATHER WAS RECORDED YESTERDAY.
  NO SIGNIFICANT WEATHER WAS OBSERVED.


RELATIVE HUMIDITY (PERCENT)
 HIGHEST    87           400 AM
 LOWEST     26           300 PM
 AVERAGE    57

..........................................................


THE COLUMBUS OH CLIMATE NORMALS FOR TODAY
                         NORMAL    RECORD    YEAR
 MAXIMUM TEMPERATURE (F)   71        92      1953
 MINIMUM TEMPERATURE (F)   51        31      1963


SUNRISE AND SUNSET
SEPTEMBER 30 2014.....SUNRISE   727 AM EDT   SUNSET   715 PM EDT
OCTOBER  1 2014.......SUNRISE   728 AM EDT   SUNSET   714 PM EDT


-  INDICATES NEGATIVE NUMBERS.
R  INDICATES RECORD WAS SET OR TIED.
MM INDICATES DATA IS MISSING.
T  INDICATES TRACE AMOUNT.




$$
