000
CDUS41 KILN 220740
CLICMH


CLIMATE REPORT
NATIONAL WEATHER SERVICE WILMINGTON OH
238 AM EST SUN JAN 22 2017


...................................

...THE COLUMBUS OH CLIMATE SUMMARY FOR JANUARY 21 2017...

CLIMATE NORMAL PERIOD 1981 TO 2010
CLIMATE RECORD PERIOD 1869 TO 2017


WEATHER ITEM   OBSERVED TIME   RECORD YEAR NORMAL DEPARTURE LAST
                VALUE   (LST)  VALUE       VALUE  FROM      YEAR
                                                  NORMAL
..................................................................
TEMPERATURE (F)
 YESTERDAY
  MAXIMUM         62    344 PM  72    1906  36     26       27
  MINIMUM         46    758 AM -16    1985  22     24       16
                                      1984
  AVERAGE         54                        29     25       22

PRECIPITATION (IN)
  YESTERDAY        0.03          4.79 1959   0.08  -0.05      T
  MONTH TO DATE    2.49                      1.89   0.60     1.06
  SINCE DEC 1      5.58                      4.86   0.72     5.94
  SINCE JAN 1      2.49                      1.89   0.60     1.06

SNOWFALL (IN)
  YESTERDAY        0.0           4.5  1926   0.3   -0.3       T
  MONTH TO DATE    0.9                       6.3   -5.4      5.0
  SINCE DEC 1      6.3                      11.3   -5.0      5.0
  SINCE JUL 1      6.3                      12.4   -6.1      5.0
  SNOW DEPTH       0

DEGREE DAYS
 HEATING
  YESTERDAY       11                        36    -25       43
  MONTH TO DATE  586                       749   -163      807
  SINCE DEC 1   1587                      1726   -139     1431
  SINCE JUL 1   2353                      2740   -387     2236

 COOLING
  YESTERDAY        0                         0      0        0
  MONTH TO DATE    0                         0      0        0
  SINCE DEC 1      0                         0      0        0
  SINCE JAN 1      0                         0      0        0
..................................................................


WIND (MPH)
  RESULTANT WIND SPEED   5   RESULTANT WIND DIRECTION  SE (140)
  HIGHEST WIND SPEED    14   HIGHEST WIND DIRECTION     S (190)
  HIGHEST GUST SPEED    16   HIGHEST GUST DIRECTION     S (200)
  AVERAGE WIND SPEED     6.3


SKY COVER
  POSSIBLE SUNSHINE  MM
  AVERAGE SKY COVER 0.8


WEATHER CONDITIONS
 THE FOLLOWING WEATHER WAS RECORDED YESTERDAY.
  LIGHT RAIN


RELATIVE HUMIDITY (PERCENT)
 HIGHEST    93           800 AM
 LOWEST     69           400 PM
 AVERAGE    81

..........................................................


THE COLUMBUS OH CLIMATE NORMALS FOR TODAY
                         NORMAL    RECORD    YEAR
 MAXIMUM TEMPERATURE (F)   37        71      1906
 MINIMUM TEMPERATURE (F)   22       -16      1936


SUNRISE AND SUNSET
JANUARY 22 2017.......SUNRISE   748 AM EST   SUNSET   539 PM EST
JANUARY 23 2017.......SUNRISE   747 AM EST   SUNSET   540 PM EST


-  INDICATES NEGATIVE NUMBERS.
R  INDICATES RECORD WAS SET OR TIED.
MM INDICATES DATA IS MISSING.
T  INDICATES TRACE AMOUNT.




$$
