000
CDUS41 KILN 160602
CLICMH


CLIMATE REPORT
NATIONAL WEATHER SERVICE WILMINGTON OH
158 AM EDT WED APR 16 2014


...................................

...THE COLUMBUS OH CLIMATE SUMMARY FOR APRIL 15 2014...

CLIMATE NORMAL PERIOD 1981 TO 2010
CLIMATE RECORD PERIOD 1869 TO 2014


WEATHER ITEM   OBSERVED TIME   RECORD YEAR NORMAL DEPARTURE LAST
                VALUE   (LST)  VALUE       VALUE  FROM      YEAR
                                                  NORMAL
..................................................................
TEMPERATURE (F)
 YESTERDAY
  MAXIMUM         45   1212 AM  84    2010  64    -19       70
  MINIMUM         31   1159 PM  22    1935  43    -12       49
  AVERAGE         38                        53    -15       60

PRECIPITATION (IN)
  YESTERDAY        0.25          1.46 1939   0.11   0.14     0.00
  MONTH TO DATE    2.68                      1.69   0.99     1.13
  SINCE MAR 1      5.27                      4.71   0.56     4.25
  SINCE JAN 1     10.06                      9.69   0.37     8.32

SNOWFALL (IN)
  YESTERDAY        0.9 R         0.7  1943   0.1    0.8      0.0
  MONTH TO DATE    0.9                       0.9    0.0       T
  SINCE MAR 1      5.4                       5.1    0.3     12.2
  SINCE JUL 1     56.4                      26.5   29.9     41.2
  SNOW DEPTH       0

DEGREE DAYS
 HEATING
  YESTERDAY       27                        12     15        5
  MONTH TO DATE  166                       222    -56      203
  SINCE MAR 1   1003                       938     65     1054
  SINCE JUL 1   5387                      4933    454     4912

 COOLING
  YESTERDAY        0                         0      0        0
  MONTH TO DATE    6                         0      6       11
  SINCE MAR 1      6                         0      6       11
  SINCE JAN 1      6                         0      6       11
..................................................................


WIND (MPH)
  RESULTANT WIND SPEED  15   RESULTANT WIND DIRECTION  NW (320)
  HIGHEST WIND SPEED    23   HIGHEST WIND DIRECTION    NW (300)
  HIGHEST GUST SPEED    30   HIGHEST GUST DIRECTION    NW (330)
  AVERAGE WIND SPEED    15.1


SKY COVER
  POSSIBLE SUNSHINE  MM
  AVERAGE SKY COVER 0.8


WEATHER CONDITIONS
 THE FOLLOWING WEATHER WAS RECORDED YESTERDAY.
  RAIN
  LIGHT RAIN
  SNOW
  LIGHT SNOW
  FOG


RELATIVE HUMIDITY (PERCENT)
 HIGHEST    96           100 AM
 LOWEST     43           800 PM
 AVERAGE    70

..........................................................


THE COLUMBUS OH CLIMATE NORMALS FOR TODAY
                         NORMAL    RECORD    YEAR
 MAXIMUM TEMPERATURE (F)   64        86      1896
 MINIMUM TEMPERATURE (F)   43        22      1962
                                             1935


SUNRISE AND SUNSET
APRIL 16 2014.........SUNRISE   652 AM EDT   SUNSET   811 PM EDT
APRIL 17 2014.........SUNRISE   651 AM EDT   SUNSET   812 PM EDT


-  INDICATES NEGATIVE NUMBERS.
R  INDICATES RECORD WAS SET OR TIED.
MM INDICATES DATA IS MISSING.
T  INDICATES TRACE AMOUNT.




$$
