000
CDUS41 KILN 210616
CLICMH


CLIMATE REPORT
NATIONAL WEATHER SERVICE WILMINGTON OH
214 AM EDT TUE OCT 21 2014


...................................

...THE COLUMBUS OH CLIMATE SUMMARY FOR OCTOBER 20 2014...

CLIMATE NORMAL PERIOD 1981 TO 2010
CLIMATE RECORD PERIOD 1869 TO 2014


WEATHER ITEM   OBSERVED TIME   RECORD YEAR NORMAL DEPARTURE LAST
                VALUE   (LST)  VALUE       VALUE  FROM      YEAR
                                                  NORMAL
..................................................................
TEMPERATURE (F)
 YESTERDAY
  MAXIMUM         62   1230 PM  84    1953  64     -2       62
  MINIMUM         44    405 AM  24    1972  44      0       37
                                      1952
  AVERAGE         53                        54     -1       50

PRECIPITATION (IN)
  YESTERDAY        0.29          0.77 1983   0.08   0.21     0.00
  MONTH TO DATE    2.19                      1.69   0.50     4.33
  SINCE SEP 1      2.84                      4.53  -1.69     6.85
  SINCE JAN 1     33.35                     32.22   1.13    33.49

SNOWFALL (IN)
  YESTERDAY        0.0           0.0         0.0    0.0      0.0
  MONTH TO DATE    T                         0.0    0.0      0.0
  SINCE SEP 1      T                         0.0    0.0      0.0
  SINCE JUL 1      T                         0.0    0.0      0.0
  SNOW DEPTH       0

DEGREE DAYS
 HEATING
  YESTERDAY       12                        12      0       15
  MONTH TO DATE  183                       177      6      106
  SINCE SEP 1    231                       246    -15      155
  SINCE JUL 1    231                       246    -15      159

 COOLING
  YESTERDAY        0                         0      0        0
  MONTH TO DATE    8                        13     -5       42
  SINCE SEP 1    141                       135      6      178
  SINCE JAN 1   1163                      1024    139     1179
..................................................................


WIND (MPH)
  RESULTANT WIND SPEED   5   RESULTANT WIND DIRECTION   S (190)
  HIGHEST WIND SPEED    17   HIGHEST WIND DIRECTION     S (180)
  HIGHEST GUST SPEED    23   HIGHEST GUST DIRECTION     S (180)
  AVERAGE WIND SPEED     5.1


SKY COVER
  POSSIBLE SUNSHINE  MM
  AVERAGE SKY COVER 0.8


WEATHER CONDITIONS
 THE FOLLOWING WEATHER WAS RECORDED YESTERDAY.
  THUNDERSTORM
  RAIN
  LIGHT RAIN
  FOG


RELATIVE HUMIDITY (PERCENT)
 HIGHEST    96           900 PM
 LOWEST     55           100 PM
 AVERAGE    76

..........................................................


THE COLUMBUS OH CLIMATE NORMALS FOR TODAY
                         NORMAL    RECORD    YEAR
 MAXIMUM TEMPERATURE (F)   63        83      1953
 MINIMUM TEMPERATURE (F)   43        17      1952


SUNRISE AND SUNSET
OCTOBER 21 2014.......SUNRISE   748 AM EDT   SUNSET   643 PM EDT
OCTOBER 22 2014.......SUNRISE   749 AM EDT   SUNSET   642 PM EDT


-  INDICATES NEGATIVE NUMBERS.
R  INDICATES RECORD WAS SET OR TIED.
MM INDICATES DATA IS MISSING.
T  INDICATES TRACE AMOUNT.




$$
