000
CDUS41 KILN 290542
CLICMH


CLIMATE REPORT
NATIONAL WEATHER SERVICE WILMINGTON OH
1241 AM EST SAT NOV 29 2014


...................................

...THE COLUMBUS OH CLIMATE SUMMARY FOR NOVEMBER 28 2014...

CLIMATE NORMAL PERIOD 1981 TO 2010
CLIMATE RECORD PERIOD 1869 TO 2014


WEATHER ITEM   OBSERVED TIME   RECORD YEAR NORMAL DEPARTURE LAST
                VALUE   (LST)  VALUE       VALUE  FROM      YEAR
                                                  NORMAL
..................................................................
TEMPERATURE (F)
 YESTERDAY
  MAXIMUM         32    335 PM  71    2005  47    -15       32
  MINIMUM         21    752 AM   7    1930  32    -11       21
  AVERAGE         27                        39    -12       27

PRECIPITATION (IN)
  YESTERDAY        T             1.22 1968   0.10  -0.10     0.00
  MONTH TO DATE    1.45                      2.99  -1.54     2.18
  SINCE SEP 1      4.87                      8.44  -3.57    10.61
  SINCE JAN 1     35.38                     36.13  -0.75    37.25

SNOWFALL (IN)
  YESTERDAY        T             6.2  1958   0.1   -0.1      0.0
  MONTH TO DATE    4.1                       0.8    3.3      4.7
  SINCE SEP 1      4.1                       1.0    3.1      4.7
  SINCE JUL 1      4.1                       1.0    3.1      4.7
  SNOW DEPTH       0

DEGREE DAYS
 HEATING
  YESTERDAY       38                        26     12       38
  MONTH TO DATE  780                       568    212      644
  SINCE SEP 1   1156                       962    194      993
  SINCE JUL 1   1156                       962    194      997

 COOLING
  YESTERDAY        0                         0      0        0
  MONTH TO DATE    0                         0      0        0
  SINCE SEP 1    141                       135      6      178
  SINCE JAN 1   1163                      1024    139     1179
..................................................................


WIND (MPH)
  RESULTANT WIND SPEED   4   RESULTANT WIND DIRECTION  SW (210)
  HIGHEST WIND SPEED    17   HIGHEST WIND DIRECTION     W (290)
  HIGHEST GUST SPEED    21   HIGHEST GUST DIRECTION    NW (300)
  AVERAGE WIND SPEED     7.7


SKY COVER
  POSSIBLE SUNSHINE  MM
  AVERAGE SKY COVER 0.8


WEATHER CONDITIONS
 THE FOLLOWING WEATHER WAS RECORDED YESTERDAY.
  LIGHT SNOW


RELATIVE HUMIDITY (PERCENT)
 HIGHEST    84           600 AM
 LOWEST     53           400 PM
 AVERAGE    69

..........................................................


THE COLUMBUS OH CLIMATE NORMALS FOR TODAY
                         NORMAL    RECORD    YEAR
 MAXIMUM TEMPERATURE (F)   46        70      1927
 MINIMUM TEMPERATURE (F)   32         3      1887


SUNRISE AND SUNSET
NOVEMBER 29 2014......SUNRISE   732 AM EST   SUNSET   507 PM EST
NOVEMBER 30 2014......SUNRISE   733 AM EST   SUNSET   507 PM EST


-  INDICATES NEGATIVE NUMBERS.
R  INDICATES RECORD WAS SET OR TIED.
MM INDICATES DATA IS MISSING.
T  INDICATES TRACE AMOUNT.




$$
