000
CDUS41 KILN 280620
CLICMH


CLIMATE REPORT
NATIONAL WEATHER SERVICE WILMINGTON OH
119 AM EST TUE FEB 28 2017


...................................

...THE COLUMBUS OH CLIMATE SUMMARY FOR FEBRUARY 27 2017...

CLIMATE NORMAL PERIOD 1981 TO 2010
CLIMATE RECORD PERIOD 1869 TO 2017


WEATHER ITEM   OBSERVED TIME   RECORD YEAR NORMAL DEPARTURE LAST
                VALUE   (LST)  VALUE       VALUE  FROM      YEAR
                                                  NORMAL
..................................................................
TEMPERATURE (F)
 YESTERDAY
  MAXIMUM         47    356 PM  71    1996  44      3       47
  MINIMUM         39   1212 AM -11    1963  28     11       30
  AVERAGE         43                        36      7       39

PRECIPITATION (IN)
  YESTERDAY        T             1.47 1910   0.08  -0.08      T
  MONTH TO DATE    2.45                      2.17   0.28     3.22
  SINCE DEC 1      8.37                      7.87   0.50     9.22
  SINCE JAN 1      5.28                      4.90   0.38     4.34

SNOWFALL (IN)
  YESTERDAY        0.0           6.4  1967   0.2   -0.2       T
  MONTH TO DATE    0.6                       5.9   -5.3      9.1
  SINCE DEC 1      7.6                      20.1  -12.5     14.5
  SINCE JUL 1      7.6                      21.2  -13.6     14.5
  SNOW DEPTH       0

DEGREE DAYS
 HEATING
  YESTERDAY       22                        29     -7       26
  MONTH TO DATE  621                       874   -253      855
  SINCE DEC 1   2489                      2952   -463     2605
  SINCE JUL 1   3255                      3966   -711     3410

 COOLING
  YESTERDAY        0                         0      0        0
  MONTH TO DATE    4                         0      4        0
  SINCE DEC 1      4                         0      4        0
  SINCE JAN 1      4                         0      4        0
..................................................................


WIND (MPH)
  RESULTANT WIND SPEED   6   RESULTANT WIND DIRECTION   S (170)
  HIGHEST WIND SPEED    16   HIGHEST WIND DIRECTION     S (180)
  HIGHEST GUST SPEED    20   HIGHEST GUST DIRECTION     S (200)
  AVERAGE WIND SPEED     6.9


SKY COVER
  POSSIBLE SUNSHINE  MM
  AVERAGE SKY COVER 0.9


WEATHER CONDITIONS
 THE FOLLOWING WEATHER WAS RECORDED YESTERDAY.
  LIGHT RAIN


RELATIVE HUMIDITY (PERCENT)
 HIGHEST    89          1100 PM
 LOWEST     37           400 AM
 AVERAGE    63

..........................................................


THE COLUMBUS OH CLIMATE NORMALS FOR TODAY
                         NORMAL    RECORD    YEAR
 MAXIMUM TEMPERATURE (F)   45        65      2016
                                             1955
                                             1939
 MINIMUM TEMPERATURE (F)   28         0      2015


SUNRISE AND SUNSET
FEBRUARY 28 2017......SUNRISE   706 AM EST   SUNSET   623 PM EST
MARCH  1 2017.........SUNRISE   704 AM EST   SUNSET   624 PM EST


-  INDICATES NEGATIVE NUMBERS.
R  INDICATES RECORD WAS SET OR TIED.
MM INDICATES DATA IS MISSING.
T  INDICATES TRACE AMOUNT.




$$
