000
CDUS41 KILN 292057
CLICMH


CLIMATE REPORT
NATIONAL WEATHER SERVICE WILMINGTON OH
454 PM EDT SAT APR 29 2017


...................................

...THE COLUMBUS OH CLIMATE SUMMARY FOR APRIL 29 2017...
VALID TODAY AS OF 0400 PM LOCAL TIME.

CLIMATE NORMAL PERIOD 1981 TO 2010
CLIMATE RECORD PERIOD 1869 TO 2017


WEATHER ITEM   OBSERVED TIME   RECORD YEAR NORMAL DEPARTURE LAST
                VALUE   (LST)  VALUE       VALUE  FROM      YEAR
                                                  NORMAL
..................................................................
TEMPERATURE (F)
 TODAY
  MAXIMUM         75    336 PM  86    1899  68      7       59
  MINIMUM         57    204 AM  28    1977  47     10       48
  AVERAGE         66                        58      8       54

PRECIPITATION (IN)
  TODAY            0.80          1.82 1996   0.11   0.69     0.00
  MONTH TO DATE    2.59                      3.29  -0.70     2.05
  SINCE MAR 1      7.98                      6.31   1.67     6.32
  SINCE JAN 1     13.44                     11.29   2.15    10.73

SNOWFALL (IN)
  TODAY            0.0           0.0    MM   0.0    0.0      0.0
  MONTH TO DATE    T                         1.1   -1.1      0.3
  SINCE MAR 1      1.7                       5.3   -3.6      2.6
  SINCE JUL 1      9.3                      26.7  -17.4     17.1
  SNOW DEPTH       0

DEGREE DAYS
 HEATING
  TODAY            0                         8     -8       11
  MONTH TO DATE  194                       363   -169      384
  SINCE MAR 1    867                      1079   -212      888
  SINCE JUL 1   4136                      5074   -938     4329

 COOLING
  TODAY            1                         1      0        0
  MONTH TO DATE   36                        11     25        1
  SINCE MAR 1     38                        11     27        1
  SINCE JAN 1     42                        11     31        1
..................................................................


WIND (MPH)
  HIGHEST WIND SPEED    15   HIGHEST WIND DIRECTION     E (110)
  HIGHEST GUST SPEED    20   HIGHEST GUST DIRECTION     E (100)
  AVERAGE WIND SPEED     6.8


SKY COVER
  POSSIBLE SUNSHINE  MM
  AVERAGE SKY COVER 0.8


WEATHER CONDITIONS
 THE FOLLOWING WEATHER WAS RECORDED TODAY.
  THUNDERSTORM
  HEAVY RAIN
  RAIN
  LIGHT RAIN
  FOG


RELATIVE HUMIDITY (PERCENT)
 HIGHEST   100           400 AM
 LOWEST     79           300 PM
 AVERAGE    90

..........................................................


THE COLUMBUS OH CLIMATE NORMALS FOR TOMORROW
                         NORMAL    RECORD    YEAR
 MAXIMUM TEMPERATURE (F)   68        89      1942
 MINIMUM TEMPERATURE (F)   47        30      1971


SUNRISE AND SUNSET
APRIL 29 2017.........SUNRISE   634 AM EDT   SUNSET   824 PM EDT
APRIL 30 2017.........SUNRISE   633 AM EDT   SUNSET   826 PM EDT


-  INDICATES NEGATIVE NUMBERS.
R  INDICATES RECORD WAS SET OR TIED.
MM INDICATES DATA IS MISSING.
T  INDICATES TRACE AMOUNT.




$$
