000
CDUS43 KILX 210646
CLICMI


CLIMATE REPORT
NATIONAL WEATHER SERVICE LINCOLN IL
1238 AM CST SUN DEC 21 2014


...................................

...THE CHAMPAIGN IL AIRPORT CLIMATE SUMMARY FOR DECEMBER 20 2014...

CLIMATE NORMAL PERIOD 1981 TO 2010
CLIMATE RECORD PERIOD 9999 TO 9999


WEATHER ITEM   OBSERVED TIME   RECORD YEAR NORMAL DEPARTURE LAST
                VALUE   (LST)  VALUE       VALUE  FROM      YEAR
                                                  NORMAL
..................................................................
TEMPERATURE (F)
 YESTERDAY
  MAXIMUM         34    403 PM  MM      MM  35     -1       59
  MINIMUM         23    332 AM  MM      MM  20      3       33
  AVERAGE         29                        27      2       46

PRECIPITATION (IN)
  YESTERDAY        0.00         MM      MM   0.08  -0.08     0.17
  MONTH TO DATE    0.68                      1.52  -0.84     0.91
  SINCE DEC 1      0.68                      1.52  -0.84     0.91
  SINCE JAN 1     38.07                     38.72  -0.65    30.80

DEGREE DAYS
 HEATING
  YESTERDAY       36                        38     -2       19
  MONTH TO DATE  647                       693    -46      757
  SINCE DEC 1    647                       693    -46      757
  SINCE JUL 1   1997                      1857    140     1951

 COOLING
  YESTERDAY        0                         0      0        0
  MONTH TO DATE    0                         0      0        0
  SINCE DEC 1      0                         0      0        0
  SINCE JAN 1    948                       945      3     1067
..................................................................


WIND (MPH)
  HIGHEST WIND SPEED    10   HIGHEST WIND DIRECTION    SE (140)
  HIGHEST GUST SPEED    12   HIGHEST GUST DIRECTION    SE (140)
  AVERAGE WIND SPEED     5.6


SKY COVER
  POSSIBLE SUNSHINE  MM
  AVERAGE SKY COVER 0.9


WEATHER CONDITIONS
 THE FOLLOWING WEATHER WAS RECORDED YESTERDAY.
  FOG


RELATIVE HUMIDITY (PERCENT)
 HIGHEST    92          1200 AM
 LOWEST     75          1200 PM
 AVERAGE    84

..........................................................


THE CHAMPAIGN IL AIRPORT CLIMATE NORMALS FOR TODAY
                         NORMAL    RECORD    YEAR
 MAXIMUM TEMPERATURE (F)   35        MM        MM
 MINIMUM TEMPERATURE (F)   20        MM        MM


SUNRISE AND SUNSET
DECEMBER 21 2014......SUNRISE   711 AM CST   SUNSET   431 PM CST
DECEMBER 22 2014......SUNRISE   712 AM CST   SUNSET   432 PM CST


-  INDICATES NEGATIVE NUMBERS.
R  INDICATES RECORD WAS SET OR TIED.
MM INDICATES DATA IS MISSING.
T  INDICATES TRACE AMOUNT.




$$
