000
CDUS43 KILX 022235
CLICMI


CLIMATE REPORT
NATIONAL WEATHER SERVICE LINCOLN IL
435 PM CST MON MAR 2 2015


...................................

...THE CHAMPAIGN IL AIRPORT CLIMATE SUMMARY FOR MARCH 2 2015...
VALID TODAY AS OF 0400 PM LOCAL TIME.

CLIMATE NORMAL PERIOD 1981 TO 2010
CLIMATE RECORD PERIOD 9999 TO 9999


WEATHER ITEM   OBSERVED TIME   RECORD YEAR NORMAL DEPARTURE LAST
                VALUE   (LST)  VALUE       VALUE  FROM      YEAR
                                                  NORMAL
..................................................................
TEMPERATURE (F)
 TODAY
  MAXIMUM         26    359 PM  MM      MM  44    -18       21
  MINIMUM          6    730 AM  MM      MM  26    -20        6
  AVERAGE         16                        35    -19       14

PRECIPITATION (IN)
  TODAY            0.00         MM      MM   0.06  -0.06     0.06
  MONTH TO DATE    0.00                      0.13  -0.13     0.06
  SINCE MAR 1      0.00                      0.13  -0.13     0.06
  SINCE JAN 1      1.67                      4.20  -2.53     2.81

DEGREE DAYS
 HEATING
  TODAY           49                        30     19       51
  MONTH TO DATE   95                        60     35       88
  SINCE MAR 1     95                        60     35       88
  SINCE JUL 1   4971                      4562    409     5169

 COOLING
  TODAY            0                         0      0        0
  MONTH TO DATE    0                         0      0        0
  SINCE MAR 1      0                         0      0        0
  SINCE JAN 1      0                         0      0        0
..................................................................


WIND (MPH)
  HIGHEST WIND SPEED     9   HIGHEST WIND DIRECTION    NW (300)
  HIGHEST GUST SPEED    10   HIGHEST GUST DIRECTION     W (280)
  AVERAGE WIND SPEED     5.8


SKY COVER
  POSSIBLE SUNSHINE  MM
  AVERAGE SKY COVER 0.1


WEATHER CONDITIONS
 THE FOLLOWING WEATHER WAS RECORDED TODAY.
  FOG
  HAZE


RELATIVE HUMIDITY (PERCENT)
 HIGHEST   100           700 AM
 LOWEST     68          1200 PM
 AVERAGE    84

..........................................................


THE CHAMPAIGN IL AIRPORT CLIMATE NORMALS FOR TOMORROW
                         NORMAL    RECORD    YEAR
 MAXIMUM TEMPERATURE (F)   44        MM        MM
 MINIMUM TEMPERATURE (F)   27        MM        MM


SUNRISE AND SUNSET
MARCH  2 2015.........SUNRISE   625 AM CST   SUNSET   546 PM CST
MARCH  3 2015.........SUNRISE   624 AM CST   SUNSET   547 PM CST


-  INDICATES NEGATIVE NUMBERS.
R  INDICATES RECORD WAS SET OR TIED.
MM INDICATES DATA IS MISSING.
T  INDICATES TRACE AMOUNT.




$$
