000
CDUS43 KILX 032128
CLICMI


CLIMATE REPORT
NATIONAL WEATHER SERVICE LINCOLN IL
428 PM CDT FRI JUL 3 2015


...................................

...THE CHAMPAIGN IL AIRPORT CLIMATE SUMMARY FOR JULY 3 2015...
VALID TODAY AS OF 0400 PM LOCAL TIME.

CLIMATE NORMAL PERIOD 1981 TO 2010
CLIMATE RECORD PERIOD 9999 TO 9999


WEATHER ITEM   OBSERVED TIME   RECORD YEAR NORMAL DEPARTURE LAST
                VALUE   (LST)  VALUE       VALUE  FROM      YEAR
                                                  NORMAL
..................................................................
TEMPERATURE (F)
 TODAY
  MAXIMUM         76    154 PM  MM      MM  85     -9       76
  MINIMUM         64    547 AM  MM      MM  64      0       58
  AVERAGE         70                        74     -4       67

PRECIPITATION (IN)
  TODAY            T            MM      MM   0.10  -0.10      T
  MONTH TO DATE    T                         0.30  -0.30     0.75
  SINCE JUN 1      8.35                      4.47   3.88     7.09
  SINCE JAN 1     19.76                     19.63   0.13    21.63

DEGREE DAYS
 HEATING
  TODAY            0                         0      0        0
  MONTH TO DATE    0                         0      0        0
  SINCE JUN 1      6                        17    -11        0
  SINCE JUL 1      0                         0      0        0

 COOLING
  TODAY            5                        10     -5        2
  MONTH TO DATE   12                        29    -17       14
  SINCE JUN 1    243                       252     -9      295
  SINCE JAN 1    397                       344     53      447
..................................................................


WIND (MPH)
  HIGHEST WIND SPEED    13   HIGHEST WIND DIRECTION    NE (40)
  HIGHEST GUST SPEED    17   HIGHEST GUST DIRECTION    NE (40)
  AVERAGE WIND SPEED     8.4


SKY COVER
  POSSIBLE SUNSHINE  MM
  AVERAGE SKY COVER 0.3


WEATHER CONDITIONS
 THE FOLLOWING WEATHER WAS RECORDED TODAY.
  LIGHT RAIN


RELATIVE HUMIDITY (PERCENT)
 HIGHEST    87          1200 AM
 LOWEST     69          1200 PM
 AVERAGE    78

..........................................................


THE CHAMPAIGN IL AIRPORT CLIMATE NORMALS FOR TOMORROW
                         NORMAL    RECORD    YEAR
 MAXIMUM TEMPERATURE (F)   85        MM        MM
 MINIMUM TEMPERATURE (F)   64        MM        MM


SUNRISE AND SUNSET
JULY  3 2015..........SUNRISE   529 AM CDT   SUNSET   826 PM CDT
JULY  4 2015..........SUNRISE   529 AM CDT   SUNSET   825 PM CDT


-  INDICATES NEGATIVE NUMBERS.
R  INDICATES RECORD WAS SET OR TIED.
MM INDICATES DATA IS MISSING.
T  INDICATES TRACE AMOUNT.




$$
