000
CDUS43 KILX 170657
CLICMI


CLIMATE REPORT
NATIONAL WEATHER SERVICE LINCOLN IL
148 AM CDT THU AUG 17 2017


...................................

...THE CHAMPAIGN IL AIRPORT CLIMATE SUMMARY FOR AUGUST 16 2017...

CLIMATE NORMAL PERIOD 1981 TO 2010
CLIMATE RECORD PERIOD 9999 TO 9999


WEATHER ITEM   OBSERVED TIME   RECORD YEAR NORMAL DEPARTURE LAST
                VALUE   (LST)  VALUE       VALUE  FROM      YEAR
                                                  NORMAL
..................................................................
TEMPERATURE (F)
 YESTERDAY
  MAXIMUM         84        MM  MM      MM  83      1       83
  MINIMUM         65        MM  MM      MM  62      3       71
  AVERAGE         75                        72      3       77

PRECIPITATION (IN)
  YESTERDAY        0.04         MM      MM   0.12  -0.08     0.09
  MONTH TO DATE    0.13                      1.54  -1.41     2.38
  SINCE JUN 1      4.93                     10.05  -5.12    12.38
  SINCE JAN 1     21.05                     25.21  -4.16    22.89

DEGREE DAYS
 HEATING
  YESTERDAY        0                         0      0        0
  MONTH TO DATE    4                         0      4        0
  SINCE JUN 1      7                        19    -12       10
  SINCE JUL 1      4                         2      2        8

 COOLING
  YESTERDAY       10                         8      2       12
  MONTH TO DATE   86                       128    -42      181
  SINCE JUN 1    696                       633     63      779
  SINCE JAN 1    795                       725     70      879
..................................................................


WIND (MPH)
  HIGHEST WIND SPEED    14   HIGHEST WIND DIRECTION     S (180)
  HIGHEST GUST SPEED    22   HIGHEST GUST DIRECTION     S (180)
  AVERAGE WIND SPEED     6.9


SKY COVER
  POSSIBLE SUNSHINE  MM
  AVERAGE SKY COVER 0.2


WEATHER CONDITIONS
 THE FOLLOWING WEATHER WAS RECORDED YESTERDAY.
  RAIN
  LIGHT RAIN
  FOG


RELATIVE HUMIDITY (PERCENT)
 HIGHEST    93           300 AM
 LOWEST     69          1000 AM
 AVERAGE    81

..........................................................


THE CHAMPAIGN IL AIRPORT CLIMATE NORMALS FOR TODAY
                         NORMAL    RECORD    YEAR
 MAXIMUM TEMPERATURE (F)   83        MM        MM
 MINIMUM TEMPERATURE (F)   62        MM        MM


SUNRISE AND SUNSET
AUGUST 17 2017........SUNRISE   607 AM CDT   SUNSET   747 PM CDT
AUGUST 18 2017........SUNRISE   608 AM CDT   SUNSET   745 PM CDT


-  INDICATES NEGATIVE NUMBERS.
R  INDICATES RECORD WAS SET OR TIED.
MM INDICATES DATA IS MISSING.
T  INDICATES TRACE AMOUNT.




$$
