000
CDUS43 KILX 140647
CLICMI


CLIMATE REPORT
NATIONAL WEATHER SERVICE LINCOLN IL
1237 AM CST THU DEC 14 2017


...................................

...THE CHAMPAIGN IL AIRPORT CLIMATE SUMMARY FOR DECEMBER 13 2017...

CLIMATE NORMAL PERIOD 1981 TO 2010
CLIMATE RECORD PERIOD 9999 TO 9999


WEATHER ITEM   OBSERVED TIME   RECORD YEAR NORMAL DEPARTURE LAST
                VALUE   (LST)  VALUE       VALUE  FROM      YEAR
                                                  NORMAL
..................................................................
TEMPERATURE (F)
 YESTERDAY
  MAXIMUM         45    155 PM  MM      MM  37      8       30
  MINIMUM         22   1244 AM  MM      MM  22      0        5
  AVERAGE         34                        29      5       18

PRECIPITATION (IN)
  YESTERDAY        T            MM      MM   0.07  -0.07     0.07
  MONTH TO DATE    0.08                      1.03  -0.95     0.59
  SINCE DEC 1      0.08                      1.03  -0.95     0.59
  SINCE JAN 1     31.73                     38.23  -6.50    36.20

DEGREE DAYS
 HEATING
  YESTERDAY       31                        36     -5       47
  MONTH TO DATE  386                       435    -49      448
  SINCE DEC 1    386                       435    -49      448
  SINCE JUL 1   1337                      1599   -262     1181

 COOLING
  YESTERDAY        0                         0      0        0
  MONTH TO DATE    0                         0      0        0
  SINCE DEC 1      0                         0      0        0
  SINCE JAN 1   1126                       945    181     1284
..................................................................


WIND (MPH)
  HIGHEST WIND SPEED    39   HIGHEST WIND DIRECTION     W (270)
  HIGHEST GUST SPEED    48   HIGHEST GUST DIRECTION     W (280)
  AVERAGE WIND SPEED    21.9


SKY COVER
  POSSIBLE SUNSHINE  MM
  AVERAGE SKY COVER 0.8


WEATHER CONDITIONS
 THE FOLLOWING WEATHER WAS RECORDED YESTERDAY.
  NO SIGNIFICANT WEATHER WAS OBSERVED.


RELATIVE HUMIDITY (PERCENT)
 HIGHEST    76           300 PM
 LOWEST     43          1200 PM
 AVERAGE    60

..........................................................


THE CHAMPAIGN IL AIRPORT CLIMATE NORMALS FOR TODAY
                         NORMAL    RECORD    YEAR
 MAXIMUM TEMPERATURE (F)   36        MM        MM
 MINIMUM TEMPERATURE (F)   22        MM        MM


SUNRISE AND SUNSET
DECEMBER 14 2017......SUNRISE   707 AM CST   SUNSET   428 PM CST
DECEMBER 15 2017......SUNRISE   708 AM CST   SUNSET   429 PM CST


-  INDICATES NEGATIVE NUMBERS.
R  INDICATES RECORD WAS SET OR TIED.
MM INDICATES DATA IS MISSING.
T  INDICATES TRACE AMOUNT.




$$
