000
CDUS43 KTOP 020643
CLICNK


CLIMATE REPORT
NATIONAL WEATHER SERVICE TOPEKA KS
143 AM CDT TUE SEP 2 2014


...................................

...THE CONCORDIA KS CLIMATE SUMMARY FOR SEPTEMBER 1 2014...

CLIMATE NORMAL PERIOD 1981 TO 2010
CLIMATE RECORD PERIOD 1885 TO 2014


WEATHER ITEM   OBSERVED TIME   RECORD YEAR NORMAL DEPARTURE LAST
                VALUE   (LST)  VALUE       VALUE  FROM      YEAR
                                                  NORMAL
..................................................................
TEMPERATURE (F)
 YESTERDAY
  MAXIMUM         82    343 PM 106    1990  86     -4       86
                                      1922
  MINIMUM         60    540 AM  48    1956  62     -2       65
  AVERAGE         71                        74     -3       76

PRECIPITATION (IN)
  YESTERDAY        T             3.75 1935   0.10  -0.10     0.01
  MONTH TO DATE    T                         0.10  -0.10     0.01
  SINCE SEP 1      T                         0.10  -0.10     0.01
  SINCE JAN 1     20.66                     21.20  -0.54    23.58

SNOWFALL (IN)
  YESTERDAY        0.0           0.0    MM   0.0    0.0      0.0
  MONTH TO DATE    0.0                       0.0    0.0      0.0
  SINCE JAN 1     16.9                      13.7    3.2     20.3
  SINCE JUL 1      0.0                       0.0    0.0      0.0
  SNOW DEPTH       0

DEGREE DAYS
 HEATING
  YESTERDAY        0                         0      0        0
  MONTH TO DATE    0                         0      0        0
  SINCE SEP 1      0                         0      0        0
  SINCE JUL 1      2                         3     -1        7

 COOLING
  YESTERDAY        6                         9     -3       11
  MONTH TO DATE    6                         9     -3       11
  SINCE SEP 1      6                         9     -3       11
  SINCE JAN 1   1215                      1175     40     1096
..................................................................


WIND (MPH)
  HIGHEST WIND SPEED    18   HIGHEST WIND DIRECTION    SW (210)
  HIGHEST GUST SPEED    24   HIGHEST GUST DIRECTION     S (200)
  AVERAGE WIND SPEED     5.1


SKY COVER
  AVERAGE SKY COVER 0.2


WEATHER CONDITIONS
 THE FOLLOWING WEATHER WAS RECORDED YESTERDAY.
  LIGHT RAIN


RELATIVE HUMIDITY (PERCENT)
 HIGHEST   100           200 AM
 LOWEST     51           400 PM
 AVERAGE    76

..........................................................


THE CONCORDIA KS CLIMATE NORMALS FOR TODAY
                         NORMAL    RECORD    YEAR
 MAXIMUM TEMPERATURE (F)   85       109      2000
 MINIMUM TEMPERATURE (F)   62        45      1893


SUNRISE AND SUNSET
SEPTEMBER  2 2014.....SUNRISE   700 AM CDT   SUNSET   800 PM CDT
SEPTEMBER  3 2014.....SUNRISE   701 AM CDT   SUNSET   758 PM CDT


-  INDICATES NEGATIVE NUMBERS.
R  INDICATES RECORD WAS SET OR TIED.
MM INDICATES DATA IS MISSING.
T  INDICATES TRACE AMOUNT.




$$
