000
CDUS43 KTOP 310634
CLICNK


CLIMATE REPORT
NATIONAL WEATHER SERVICE TOPEKA KS
133 AM CDT TUE MAY 31 2016


...................................

...THE CONCORDIA KS CLIMATE SUMMARY FOR MAY 30 2016...

CLIMATE NORMAL PERIOD 1981 TO 2010
CLIMATE RECORD PERIOD 1885 TO 2016


WEATHER ITEM   OBSERVED TIME   RECORD YEAR NORMAL DEPARTURE LAST
                VALUE   (LST)  VALUE       VALUE  FROM      YEAR
                                                  NORMAL
..................................................................
TEMPERATURE (F)
 YESTERDAY
  MAXIMUM         82    423 PM 102    1998  79      3       69
  MINIMUM         62    525 AM  39    1889  57      5       50
  AVERAGE         72                        68      4       60

PRECIPITATION (IN)
  YESTERDAY        T             2.10 1894   0.15  -0.15     T
  MONTH TO DATE    8.05                      4.02   4.03     4.22
  SINCE MAR 1     10.40                      8.48   1.92     6.56
  SINCE JAN 1     11.96                      9.85   2.11     8.08

SNOWFALL (IN)
  YESTERDAY        0.0           T    1970   0.0    0.0      0.0
  MONTH TO DATE    0.0                       0.0    0.0      0.0
  SINCE JAN 1     12.3                      13.7   -1.4      5.6
  SINCE JUL 1     13.6                      20.2   -6.6     11.7
  SNOW DEPTH       0

DEGREE DAYS
 HEATING
  YESTERDAY        0                         2     -2        5
  MONTH TO DATE  139                       129     10      132
  SINCE MAR 1    893                      1186   -293      968
  SINCE JUL 1   4364                      5393  -1029     5175

 COOLING
  YESTERDAY        7                         4      3        0
  MONTH TO DATE   47                        66    -19       47
  SINCE MAR 1     58                        83    -25       55
  SINCE JAN 1     58                        83    -25       55
..................................................................


WIND (MPH)
  HIGHEST WIND SPEED    29   HIGHEST WIND DIRECTION     W (280)
  HIGHEST GUST SPEED    37   HIGHEST GUST DIRECTION     W (280)
  AVERAGE WIND SPEED    11.3


SKY COVER
  AVERAGE SKY COVER 0.0


WEATHER CONDITIONS
 THE FOLLOWING WEATHER WAS RECORDED YESTERDAY.
  THUNDERSTORM
  LIGHT RAIN


RELATIVE HUMIDITY (PERCENT)
 HIGHEST    90           100 AM
 LOWEST     45           100 PM
 AVERAGE    68

..........................................................


THE CONCORDIA KS CLIMATE NORMALS FOR TODAY
                         NORMAL    RECORD    YEAR
 MAXIMUM TEMPERATURE (F)   79       100      1934
 MINIMUM TEMPERATURE (F)   57        41      1983


SUNRISE AND SUNSET
MAY 31 2016...........SUNRISE   605 AM CDT   SUNSET   852 PM CDT
JUNE  1 2016..........SUNRISE   605 AM CDT   SUNSET   852 PM CDT


-  INDICATES NEGATIVE NUMBERS.
R  INDICATES RECORD WAS SET OR TIED.
MM INDICATES DATA IS MISSING.
T  INDICATES TRACE AMOUNT.




$$
