000
CDUS43 KTOP 260638
CLICNK


CLIMATE REPORT
NATIONAL WEATHER SERVICE TOPEKA KS
138 AM CDT MON JUN 26 2017


...................................

...THE CONCORDIA KS CLIMATE SUMMARY FOR JUNE 25 2017...

CLIMATE NORMAL PERIOD 1981 TO 2010
CLIMATE RECORD PERIOD 1885 TO 2017


WEATHER ITEM   OBSERVED TIME   RECORD YEAR NORMAL DEPARTURE LAST
                VALUE   (LST)  VALUE       VALUE  FROM      YEAR
                                                  NORMAL
..................................................................
TEMPERATURE (F)
 YESTERDAY
  MAXIMUM         70    939 AM 104    1988  88    -18       92
                                      1937
  MINIMUM         56    959 PM  49    1958  65     -9       70
  AVERAGE         63                        76    -13       81

PRECIPITATION (IN)
  YESTERDAY        0.04          3.14 1894   0.14  -0.10     0.16
  MONTH TO DATE    0.72                      3.36  -2.64     0.22
  SINCE JUN 1      0.72                      3.36  -2.64     0.22
  SINCE JAN 1     19.10                     13.35   5.75    12.39

SNOWFALL (IN)
  YESTERDAY        0.0           0.0    MM   0.0    0.0      0.0
  MONTH TO DATE    0.0                       0.0    0.0      0.0
  SINCE JAN 1      2.1                      13.7  -11.6     12.3
  SINCE JUL 1      4.3                      20.2  -15.9     13.6
  SNOW DEPTH       0

DEGREE DAYS
 HEATING
  YESTERDAY        2                         0      2        0
  MONTH TO DATE    2                        11     -9        0
  SINCE JUN 1      2                        11     -9        0
  SINCE JUL 1   4566                      5406   -840     4364

 COOLING
  YESTERDAY        0                        12    -12       16
  MONTH TO DATE  290                       205     85      351
  SINCE JUN 1    290                       205     85      351
  SINCE JAN 1    368                       294     74      411
..................................................................


WIND (MPH)
  HIGHEST WIND SPEED    14   HIGHEST WIND DIRECTION    NE (40)
  HIGHEST GUST SPEED    17   HIGHEST GUST DIRECTION    NE (30)
  AVERAGE WIND SPEED     6.2


SKY COVER
  AVERAGE SKY COVER 0.5


WEATHER CONDITIONS
 THE FOLLOWING WEATHER WAS RECORDED YESTERDAY.
  LIGHT RAIN


RELATIVE HUMIDITY (PERCENT)
 HIGHEST    93          1000 PM
 LOWEST     39          1000 AM
 AVERAGE    66

..........................................................


THE CONCORDIA KS CLIMATE NORMALS FOR TODAY
                         NORMAL    RECORD    YEAR
 MAXIMUM TEMPERATURE (F)   89       109      1936
 MINIMUM TEMPERATURE (F)   65        48      1958


SUNRISE AND SUNSET
JUNE 26 2017..........SUNRISE   605 AM CDT   SUNSET   902 PM CDT
JUNE 27 2017..........SUNRISE   605 AM CDT   SUNSET   902 PM CDT


-  INDICATES NEGATIVE NUMBERS.
R  INDICATES RECORD WAS SET OR TIED.
MM INDICATES DATA IS MISSING.
T  INDICATES TRACE AMOUNT.




$$
