000
CDUS43 KICT 030622
CLICNU


CLIMATE REPORT
NATIONAL WEATHER SERVICE WICHITA KS
1221 AM CST TUE MAR 3 2015


...................................

...THE CHANUTE KS CLIMATE SUMMARY FOR MARCH 2 2015...

CLIMATE NORMAL PERIOD 1981 TO 2010
CLIMATE RECORD PERIOD 1894 TO 2015


WEATHER ITEM   OBSERVED TIME   RECORD YEAR NORMAL DEPARTURE LAST
                VALUE   (LST)  VALUE       VALUE  FROM      YEAR
                                                  NORMAL
..................................................................
TEMPERATURE (F)
 YESTERDAY
  MAXIMUM         38    122 PM  86    1901  53    -15       16
  MINIMUM         16    320 AM   3    1980  32    -16        5
  AVERAGE         27                        42    -15       11

PRECIPITATION (IN)
  YESTERDAY        0.00          1.50 1912   0.08  -0.08     0.01
  MONTH TO DATE    T                         0.17  -0.17     0.01
  SINCE MAR 1      T                         0.17  -0.17     0.01
  SINCE JAN 1      1.31                      3.33  -2.02     0.98

DEGREE DAYS
 HEATING
  YESTERDAY       38                        23     15       54
  MONTH TO DATE   77                        46     31       90
  SINCE MAR 1     77                        46     31       90
  SINCE JUL 1   3767                      3618    149     4110

 COOLING
  YESTERDAY        0                         0      0        0
  MONTH TO DATE    0                         0      0        0
  SINCE MAR 1      0                         0      0        0
  SINCE JAN 1      0                         0      0        0
..................................................................


WIND (MPH)
  HIGHEST WIND SPEED    18   HIGHEST WIND DIRECTION     E (100)
  HIGHEST GUST SPEED    22   HIGHEST GUST DIRECTION     E (110)
  AVERAGE WIND SPEED     8.6


SKY COVER
  POSSIBLE SUNSHINE  MM
  AVERAGE SKY COVER 0.4


WEATHER CONDITIONS
 THE FOLLOWING WEATHER WAS RECORDED YESTERDAY.
  FOG


RELATIVE HUMIDITY (PERCENT)
 HIGHEST   100          1100 PM
 LOWEST     48           100 PM
 AVERAGE    74

..........................................................


THE CHANUTE KS CLIMATE NORMALS FOR TODAY
                         NORMAL    RECORD    YEAR
 MAXIMUM TEMPERATURE (F)   54        84      1901
 MINIMUM TEMPERATURE (F)   32         0      2002


SUNRISE AND SUNSET
MARCH  3 2015.........SUNRISE   651 AM CST   SUNSET   617 PM CST
MARCH  4 2015.........SUNRISE   649 AM CST   SUNSET   618 PM CST


-  INDICATES NEGATIVE NUMBERS.
R  INDICATES RECORD WAS SET OR TIED.
MM INDICATES DATA IS MISSING.
T  INDICATES TRACE AMOUNT.




$$
