000
CDUS43 KICT 200628
CLICNU


CLIMATE REPORT
NATIONAL WEATHER SERVICE WICHITA KS
128 AM CDT SUN APR 20 2014


...................................

...THE CHANUTE KS CLIMATE SUMMARY FOR APRIL 19 2014...

CLIMATE NORMAL PERIOD 1981 TO 2010
CLIMATE RECORD PERIOD 1894 TO 2014


WEATHER ITEM   OBSERVED TIME   RECORD YEAR NORMAL DEPARTURE LAST
                VALUE   (LST)  VALUE       VALUE  FROM      YEAR
                                                  NORMAL
..................................................................
TEMPERATURE (F)
 YESTERDAY
  MAXIMUM         77    400 PM  88    1987  69      8       59
  MINIMUM         43    126 AM  30    1953  47     -4       31
  AVERAGE         60                        58      2       45

PRECIPITATION (IN)
  YESTERDAY        0.00          1.80 1927   0.15  -0.15     0.00
  MONTH TO DATE    0.87                      2.58  -1.71     1.55
  SINCE MAR 1      1.84                      5.62  -3.78     3.54
  SINCE JAN 1      2.81                      8.78  -5.97     9.30

DEGREE DAYS
 HEATING
  YESTERDAY        5                         8     -3       20
  MONTH TO DATE  230                       201     29      267
  SINCE MAR 1    916                       760    156      973
  SINCE JUL 1   4936                      4332    604     4065

 COOLING
  YESTERDAY        0                         1     -1        0
  MONTH TO DATE    4                        15    -11        3
  SINCE MAR 1      4                        19    -15        3
  SINCE JAN 1      4                        19    -15        4
..................................................................


WIND (MPH)
  HIGHEST WIND SPEED    24   HIGHEST WIND DIRECTION     S (170)
  HIGHEST GUST SPEED    30   HIGHEST GUST DIRECTION     S (170)
  AVERAGE WIND SPEED    11.9


SKY COVER
  POSSIBLE SUNSHINE  MM
  AVERAGE SKY COVER 0.0


WEATHER CONDITIONS
 THE FOLLOWING WEATHER WAS RECORDED YESTERDAY.
  FOG
  HAZE


RELATIVE HUMIDITY (PERCENT)
 HIGHEST    83           100 AM
 LOWEST     33           200 PM
 AVERAGE    58

..........................................................


THE CHANUTE KS CLIMATE NORMALS FOR TODAY
                         NORMAL    RECORD    YEAR
 MAXIMUM TEMPERATURE (F)   69        87      1987
 MINIMUM TEMPERATURE (F)   47        27      1953


SUNRISE AND SUNSET
APRIL 20 2014.........SUNRISE   640 AM CDT   SUNSET   802 PM CDT
APRIL 21 2014.........SUNRISE   639 AM CDT   SUNSET   803 PM CDT


-  INDICATES NEGATIVE NUMBERS.
R  INDICATES RECORD WAS SET OR TIED.
MM INDICATES DATA IS MISSING.
T  INDICATES TRACE AMOUNT.




$$
