000
CDUS45 KGJT 270800
CLICNY


CLIMATE REPORT
NATIONAL WEATHER SERVICE GRAND JUNCTION CO
130 AM MDT FRI MAY 27 2016


...................................

...THE CANYONLANDS AIRPORT UT CLIMATE SUMMARY FOR MAY 26 2016...

CLIMATE NORMAL PERIOD 1981 TO 2010
CLIMATE RECORD PERIOD 9999 TO 9999


WEATHER ITEM   OBSERVED TIME   RECORD YEAR NORMAL DEPARTURE LAST
                VALUE   (LST)  VALUE       VALUE  FROM      YEAR
                                                  NORMAL
..................................................................
TEMPERATURE (F)
 YESTERDAY
  MAXIMUM         75   1152 AM  MM      MM  83     -8       76
  MINIMUM         52   1159 PM  MM      MM  50      2       47
  AVERAGE         64                        66     -2       62

PRECIPITATION (IN)
  YESTERDAY        0.00         MM      MM   0.01  -0.01     0.03
  MONTH TO DATE    0.48                      0.50  -0.02     1.36
  SINCE MAR 1      1.79                      1.96  -0.17     1.98
  SINCE JAN 1      2.79                      3.12  -0.33     2.55

SNOWFALL (IN)
  YESTERDAY       MM            MM      MM  MM     MM       MM
  MONTH TO DATE   MM                        MM     MM       MM
  SINCE MAR 1     MM                        MM     MM       MM
  SINCE JUL 1     MM                        MM     MM       MM
  SNOW DEPTH      MM

DEGREE DAYS
 HEATING
  YESTERDAY        1                         2     -1        3
  MONTH TO DATE   94                       125    -31      132
  SINCE MAR 1    953                      1141   -188     1015
  SINCE JUL 1   5128                      5550   -422     4732

 COOLING
  YESTERDAY        0                         3     -3        0
  MONTH TO DATE   37                        39     -2       13
  SINCE MAR 1     40                        42     -2       14
  SINCE JAN 1     40                        42     -2       14
..................................................................


WIND (MPH)
  HIGHEST WIND SPEED    33   HIGHEST WIND DIRECTION    NW (310)
  HIGHEST GUST SPEED    42   HIGHEST GUST DIRECTION    NW (300)
  AVERAGE WIND SPEED     8.3


SKY COVER
  POSSIBLE SUNSHINE  MM
  AVERAGE SKY COVER 0.0


WEATHER CONDITIONS
 THE FOLLOWING WEATHER WAS RECORDED YESTERDAY.
  NO SIGNIFICANT WEATHER WAS OBSERVED.


RELATIVE HUMIDITY (PERCENT)
 HIGHEST    41          1100 PM
 LOWEST     13          1200 PM
 AVERAGE    27

..........................................................


THE CANYONLANDS AIRPORT UT CLIMATE NORMALS FOR TODAY
                         NORMAL    RECORD    YEAR
 MAXIMUM TEMPERATURE (F)   83        MM        MM
 MINIMUM TEMPERATURE (F)   50        MM        MM


SUNRISE AND SUNSET
MAY 27 2016...........SUNRISE   558 AM MDT   SUNSET   835 PM MDT
MAY 28 2016...........SUNRISE   557 AM MDT   SUNSET   836 PM MDT


-  INDICATES NEGATIVE NUMBERS.
R  INDICATES RECORD WAS SET OR TIED.
MM INDICATES DATA IS MISSING.
T  INDICATES TRACE AMOUNT.




$$
