000
CDUS45 KGJT 132340
CLICNY


CLIMATE REPORT
NATIONAL WEATHER SERVICE GRAND JUNCTION CO
437 PM MST WED DEC 13 2017


...................................

...THE CANYONLANDS AIRPORT UT CLIMATE SUMMARY FOR DECEMBER 13 2017...
VALID TODAY AS OF 0400 PM LOCAL TIME.

CLIMATE NORMAL PERIOD 1981 TO 2010
CLIMATE RECORD PERIOD 9999 TO 9999


WEATHER ITEM   OBSERVED TIME   RECORD YEAR NORMAL DEPARTURE LAST
                VALUE   (LST)  VALUE       VALUE  FROM      YEAR
                                                  NORMAL
..................................................................
TEMPERATURE (F)
 TODAY
  MAXIMUM         48    333 PM  MM      MM  37     11       48
  MINIMUM         11    734 AM  MM      MM  16     -5       25
  AVERAGE         30                        27      3       37

PRECIPITATION (IN)
  TODAY            0.00         MM      MM   0.02  -0.02     0.00
  MONTH TO DATE    0.00                      0.21  -0.21      T
  SINCE DEC 1      0.00                      0.21  -0.21      T
  SINCE JAN 1      4.06                      8.41  -4.35     6.21

SNOWFALL (IN)
  TODAY           MM            MM      MM  MM     MM       MM
  MONTH TO DATE   MM                        MM     MM       MM
  SINCE DEC 1     MM                        MM     MM       MM
  SINCE JUL 1     MM                        MM     MM       MM
  SNOW DEPTH      MM

DEGREE DAYS
 HEATING
  TODAY           35                        38     -3       28
  MONTH TO DATE  425                       471    -46      433
  SINCE DEC 1    425                       471    -46      433
  SINCE JUL 1   1437                      1680   -243     1202

 COOLING
  TODAY            0                         0      0        0
  MONTH TO DATE    0                         0      0        0
  SINCE DEC 1      0                         0      0        0
  SINCE JAN 1   1729                      1289    440     1627
..................................................................


WIND (MPH)
  HIGHEST WIND SPEED     7   HIGHEST WIND DIRECTION    NW (330)
  HIGHEST GUST SPEED     9   HIGHEST GUST DIRECTION    NW (330)
  AVERAGE WIND SPEED     2.4


SKY COVER
  POSSIBLE SUNSHINE  MM
  AVERAGE SKY COVER 0.0


WEATHER CONDITIONS
 THE FOLLOWING WEATHER WAS RECORDED TODAY.
  NO SIGNIFICANT WEATHER WAS OBSERVED.


RELATIVE HUMIDITY (PERCENT)
 HIGHEST    51           500 AM
 LOWEST     21           200 PM
 AVERAGE    36

..........................................................


THE CANYONLANDS AIRPORT UT CLIMATE NORMALS FOR TOMORROW
                         NORMAL    RECORD    YEAR
 MAXIMUM TEMPERATURE (F)   37        MM        MM
 MINIMUM TEMPERATURE (F)   16        MM        MM


SUNRISE AND SUNSET
DECEMBER 13 2017......SUNRISE   729 AM MST   SUNSET   458 PM MST
DECEMBER 14 2017......SUNRISE   730 AM MST   SUNSET   458 PM MST


-  INDICATES NEGATIVE NUMBERS.
R  INDICATES RECORD WAS SET OR TIED.
MM INDICATES DATA IS MISSING.
T  INDICATES TRACE AMOUNT.




$$
