000
CDUS45 KGJT 040736
CLICNY


CLIMATE REPORT
NATIONAL WEATHER SERVICE GRAND JUNCTION CO
128 AM MDT SAT JUL 4 2015


...................................

...THE CANYONLANDS AIRPORT UT CLIMATE SUMMARY FOR JULY 3 2015...

CLIMATE NORMAL PERIOD 1981 TO 2010
CLIMATE RECORD PERIOD 9999 TO 9999


WEATHER ITEM   OBSERVED TIME   RECORD YEAR NORMAL DEPARTURE LAST
                VALUE   (LST)  VALUE       VALUE  FROM      YEAR
                                                  NORMAL
..................................................................
TEMPERATURE (F)
 YESTERDAY
  MAXIMUM        101    426 PM  MM      MM  94      7       99
  MINIMUM         73    116 AM  MM      MM  63     10       62
  AVERAGE         87                        78      9       81

PRECIPITATION (IN)
  YESTERDAY        T            MM      MM   0.03  -0.03     0.00
  MONTH TO DATE    T                         0.08  -0.08     0.00
  SINCE JUN 1      1.55                      0.58   0.97      T
  SINCE JAN 1      4.10                      3.78   0.32     2.38

SNOWFALL (IN)
  YESTERDAY       MM            MM      MM  MM     MM       MM
  MONTH TO DATE   MM                        MM     MM       MM
  SINCE JUN 1     MM                        MM     MM       MM
  SINCE JUL 1     MM                        MM     MM       MM
  SNOW DEPTH      MM

DEGREE DAYS
 HEATING
  YESTERDAY        0                         0      0        0
  MONTH TO DATE    0                         0      0        0
  SINCE JUN 1      5                        17    -12        0
  SINCE JUL 1      0                         0      0        0

 COOLING
  YESTERDAY       22                        14      8       16
  MONTH TO DATE   65                        40     25       45
  SINCE JUN 1    434                       295    139      331
  SINCE JAN 1    462                       359    103      430
..................................................................


WIND (MPH)
  HIGHEST WIND SPEED    24   HIGHEST WIND DIRECTION     S (170)
  HIGHEST GUST SPEED    39   HIGHEST GUST DIRECTION     S (160)
  AVERAGE WIND SPEED     8.8


SKY COVER
  POSSIBLE SUNSHINE  MM
  AVERAGE SKY COVER 0.0


WEATHER CONDITIONS
 THE FOLLOWING WEATHER WAS RECORDED YESTERDAY.
  LIGHT RAIN


RELATIVE HUMIDITY (PERCENT)
 HIGHEST    46           600 AM
 LOWEST     11           600 PM
 AVERAGE    29

..........................................................


THE CANYONLANDS AIRPORT UT CLIMATE NORMALS FOR TODAY
                         NORMAL    RECORD    YEAR
 MAXIMUM TEMPERATURE (F)   95        MM        MM
 MINIMUM TEMPERATURE (F)   63        MM        MM


SUNRISE AND SUNSET
JULY  4 2015..........SUNRISE   559 AM MDT   SUNSET   847 PM MDT
JULY  5 2015..........SUNRISE   600 AM MDT   SUNSET   847 PM MDT


-  INDICATES NEGATIVE NUMBERS.
R  INDICATES RECORD WAS SET OR TIED.
MM INDICATES DATA IS MISSING.
T  INDICATES TRACE AMOUNT.




$$
