284
CDUS41 KGYX 070902
CLICON


CLIMATE REPORT
NATIONAL WEATHER SERVICE GRAY ME
402 AM EST WED DEC 7 2016


...................................

...THE CONCORD NH CLIMATE SUMMARY FOR DECEMBER 6 2016...

CLIMATE NORMAL PERIOD 1981 TO 2010
CLIMATE RECORD PERIOD 1868 TO 2016


WEATHER ITEM   OBSERVED TIME   RECORD YEAR NORMAL DEPARTURE LAST
                VALUE   (LST)  VALUE       VALUE  FROM      YEAR
                                                  NORMAL
..................................................................
TEMPERATURE (F)
 YESTERDAY
  MAXIMUM         42    135 PM  72    2001  40      2       56
  MINIMUM         17    632 AM -21    1901  21     -4       21
  AVERAGE         30                        30      0       39

PRECIPITATION (IN)
  YESTERDAY        0.00          2.09 1945   0.11  -0.11     0.00
  MONTH TO DATE    0.98                      0.66   0.32     0.46
  SINCE DEC 1      0.98                      0.66   0.32     0.46
  SINCE JAN 1     30.73                     38.07  -7.34    33.99

SNOWFALL (IN)
  YESTERDAY        0.0          12.8  2003   0.4   -0.4      0.0
  MONTH TO DATE    2.0                       2.2   -0.2      0.0
  SINCE DEC 1      2.0                       2.2   -0.2      0.0
  SINCE JUL 1      2.7                       4.8   -2.1      0.0
  SNOW DEPTH       2

DEGREE DAYS
 HEATING
  YESTERDAY       35                        35      0       26
  MONTH TO DATE  176                       201    -25      170
  SINCE DEC 1    176                       201    -25      170
  SINCE JUL 1   1428                      1761   -333     1450

 COOLING
  YESTERDAY        0                         0      0        0
  MONTH TO DATE    0                         0      0        0
  SINCE DEC 1      0                         0      0        0
  SINCE JAN 1    715                       452    263      595
..................................................................


WIND (MPH)
  RESULTANT WIND SPEED   1   RESULTANT WIND DIRECTION   N (360)
  HIGHEST WIND SPEED    12   HIGHEST WIND DIRECTION    NW (310)
  HIGHEST GUST SPEED    14   HIGHEST GUST DIRECTION    NW (320)
  AVERAGE WIND SPEED     1.9


SKY COVER
  AVERAGE SKY COVER 0.4


WEATHER CONDITIONS
 THE FOLLOWING WEATHER WAS RECORDED YESTERDAY.
  FOG
  FOG W/VISIBILITY <= 1/4 MILE


RELATIVE HUMIDITY (PERCENT)
 HIGHEST    92          1200 AM
 LOWEST     55           100 PM
 AVERAGE    74

..........................................................


THE CONCORD NH CLIMATE NORMALS FOR TODAY
                         NORMAL    RECORD    YEAR
 MAXIMUM TEMPERATURE (F)   39        73      1998
 MINIMUM TEMPERATURE (F)   21       -23      1901


SUNRISE AND SUNSET
DECEMBER  7 2016......SUNRISE   705 AM EST   SUNSET   411 PM EST
DECEMBER  8 2016......SUNRISE   706 AM EST   SUNSET   411 PM EST


-  INDICATES NEGATIVE NUMBERS.
R  INDICATES RECORD WAS SET OR TIED.
MM INDICATES DATA IS MISSING.
T  INDICATES TRACE AMOUNT.




$$
