000
CDUS41 KGYX 280811
CLICON


CLIMATE REPORT
NATIONAL WEATHER SERVICE GRAY ME
411 AM EDT TUE JUL 28 2015


...................................

...THE CONCORD NH CLIMATE SUMMARY FOR JULY 27 2015...

CLIMATE NORMAL PERIOD 1981 TO 2010
CLIMATE RECORD PERIOD 1868 TO 2015


WEATHER ITEM   OBSERVED TIME   RECORD YEAR NORMAL DEPARTURE LAST
                VALUE   (LST)  VALUE       VALUE  FROM      YEAR
                                                  NORMAL
..................................................................
TEMPERATURE (F)
 YESTERDAY
  MAXIMUM         85    316 PM  97    1963  83      2       76
  MINIMUM         65    539 AM  37    1977  58      7       57
  AVERAGE         75                        70      5       67

PRECIPITATION (IN)
  YESTERDAY        0.00          2.35 1928   0.12  -0.12     0.42
  MONTH TO DATE    1.95                      3.24  -1.29     6.64
  SINCE JUN 1      7.25                      6.93   0.32    10.47
  SINCE JAN 1     17.70                     22.59  -4.89    28.21

SNOWFALL (IN)
  YESTERDAY        0.0           0.0  2002   0.0    0.0      0.0
                                      2001
                                      2000
  MONTH TO DATE    0.0                       0.0    0.0      0.0
  SINCE JUN 1      0.0                       0.0    0.0      0.0
  SINCE JUL 1      0.0                       0.0    0.0      0.0
  SNOW DEPTH       0

DEGREE DAYS
 HEATING
  YESTERDAY        0                         0      0        0
  MONTH TO DATE    8                        13     -5        0
  SINCE JUN 1    103                        98      5       56
  SINCE JUL 1      8                        13     -5        0

 COOLING
  YESTERDAY       10                         6      4        2
  MONTH TO DATE  145                       152     -7      164
  SINCE JUN 1    210                       236    -26      237
  SINCE JAN 1    276                       254     22      239
..................................................................


WIND (MPH)
  RESULTANT WIND SPEED   2   RESULTANT WIND DIRECTION   S (160)
  HIGHEST WIND SPEED    13   HIGHEST WIND DIRECTION     S (180)
  HIGHEST GUST SPEED    16   HIGHEST GUST DIRECTION    SW (230)
  AVERAGE WIND SPEED     3.4


SKY COVER
  AVERAGE SKY COVER 0.6


WEATHER CONDITIONS
 THE FOLLOWING WEATHER WAS RECORDED YESTERDAY.
  FOG


RELATIVE HUMIDITY (PERCENT)
 HIGHEST   100           500 AM
 LOWEST     55           300 PM
 AVERAGE    78

..........................................................


THE CONCORD NH CLIMATE NORMALS FOR TODAY
                         NORMAL    RECORD    YEAR
 MAXIMUM TEMPERATURE (F)   83        97      1949
 MINIMUM TEMPERATURE (F)   58        40      1977


SUNRISE AND SUNSET
JULY 28 2015..........SUNRISE   532 AM EDT   SUNSET   813 PM EDT
JULY 29 2015..........SUNRISE   533 AM EDT   SUNSET   811 PM EDT


-  INDICATES NEGATIVE NUMBERS.
R  INDICATES RECORD WAS SET OR TIED.
MM INDICATES DATA IS MISSING.
T  INDICATES TRACE AMOUNT.




$$
