000
CDUS41 KGYX 180914
CLICON


CLIMATE REPORT
NATIONAL WEATHER SERVICE GRAY ME
414 AM EST WED JAN 18 2017


...................................

...THE CONCORD NH CLIMATE SUMMARY FOR JANUARY 17 2017...

CLIMATE NORMAL PERIOD 1981 TO 2010
CLIMATE RECORD PERIOD 1868 TO 2017


WEATHER ITEM   OBSERVED TIME   RECORD YEAR NORMAL DEPARTURE LAST
                VALUE   (LST)  VALUE       VALUE  FROM      YEAR
                                                  NORMAL
..................................................................
TEMPERATURE (F)
 YESTERDAY
  MAXIMUM         43    124 PM  56    1995  30     13       36
  MINIMUM         14    639 AM -20    1971  10      4       26
                                      1944
  AVERAGE         29                        20      9       31

PRECIPITATION (IN)
  YESTERDAY        0.30          0.67 1994   0.08   0.22     0.03
  MONTH TO DATE    1.48                      1.47   0.01     1.27
  SINCE DEC 1      4.80                      4.67   0.13     6.05
  SINCE JAN 1      1.48                      1.47   0.01     1.27

SNOWFALL (IN)
  YESTERDAY        3.5           7.5  1909   0.7    2.8      0.4
  MONTH TO DATE    5.7                      10.0   -4.3      5.4
  SINCE DEC 1     28.9                      24.5    4.4      9.8
  SINCE JUL 1     29.6                      27.1    2.5      9.8
  SNOW DEPTH       7

DEGREE DAYS
 HEATING
  YESTERDAY       36                        45     -9       34
  MONTH TO DATE  666                       755    -89      642
  SINCE DEC 1   1817                      1941   -124     1476
  SINCE JUL 1   3069                      3501   -432     2756

 COOLING
  YESTERDAY        0                         0      0        0
  MONTH TO DATE    0                         0      0        0
  SINCE DEC 1      0                         0      0        0
  SINCE JAN 1      0                         0      0        0
..................................................................


WIND (MPH)
  RESULTANT WIND SPEED   2   RESULTANT WIND DIRECTION   E (110)
  HIGHEST WIND SPEED    12   HIGHEST WIND DIRECTION     E (90)
  HIGHEST GUST SPEED    17   HIGHEST GUST DIRECTION     E (110)
  AVERAGE WIND SPEED     2.4


SKY COVER
  AVERAGE SKY COVER 0.3


WEATHER CONDITIONS
 THE FOLLOWING WEATHER WAS RECORDED YESTERDAY.
  LIGHT SNOW
  FOG


RELATIVE HUMIDITY (PERCENT)
 HIGHEST    89           800 PM
 LOWEST     36           100 PM
 AVERAGE    63

..........................................................


THE CONCORD NH CLIMATE NORMALS FOR TODAY
                         NORMAL    RECORD    YEAR
 MAXIMUM TEMPERATURE (F)   30        57      2006
                                             1990
 MINIMUM TEMPERATURE (F)   10       -30      1957


SUNRISE AND SUNSET
JANUARY 18 2017.......SUNRISE   713 AM EST   SUNSET   440 PM EST
JANUARY 19 2017.......SUNRISE   713 AM EST   SUNSET   441 PM EST


-  INDICATES NEGATIVE NUMBERS.
R  INDICATES RECORD WAS SET OR TIED.
MM INDICATES DATA IS MISSING.
T  INDICATES TRACE AMOUNT.




$$
