000
CDUS41 KGYX 010805
CLICON


CLIMATE REPORT
NATIONAL WEATHER SERVICE GRAY ME
405 AM EDT MON SEP 1 2014


...................................

...THE CONCORD NH CLIMATE SUMMARY FOR AUGUST 31 2014...

CLIMATE NORMAL PERIOD 1981 TO 2010
CLIMATE RECORD PERIOD 1868 TO 2014


WEATHER ITEM   OBSERVED TIME   RECORD YEAR NORMAL DEPARTURE LAST
                VALUE   (LST)  VALUE       VALUE  FROM      YEAR
                                                  NORMAL
..................................................................
TEMPERATURE (F)
 YESTERDAY
  MAXIMUM         84    116 PM  95    2010  78      6       80
  MINIMUM         62    358 AM  29    1965  53      9       66
  AVERAGE         73                        66      7       73

PRECIPITATION (IN)
  YESTERDAY        0.21          3.56 1954   0.09   0.12     0.02
  MONTH TO DATE    3.82                      3.18   0.64     2.05
  SINCE JUN 1     15.14                     10.61   4.53    15.53
  SINCE JAN 1     32.88                     26.27   6.61    28.29

SNOWFALL (IN)
  YESTERDAY        0.0           0.0  2002   0.0    0.0      0.0
                                      2001
                                      2000
  MONTH TO DATE    0.0                       0.0    0.0      0.0
  SINCE JUN 1      0.0                       0.0    0.0      0.0
  SINCE JUL 1      0.0                       0.0    0.0      0.0
  SNOW DEPTH       0

DEGREE DAYS
 HEATING
  YESTERDAY        0                         2     -2        0
  MONTH TO DATE   32                        32      0       28
  SINCE JUN 1     88                       133    -45      102
  SINCE JUL 1     32                        48    -16       30

 COOLING
  YESTERDAY        8                         3      5        8
  MONTH TO DATE   81                       139    -58       95
  SINCE JUN 1    329                       395    -66      470
  SINCE JAN 1    331                       413    -82      491
..................................................................


WIND (MPH)
  RESULTANT WIND SPEED   4   RESULTANT WIND DIRECTION   S (190)
  HIGHEST WIND SPEED    12   HIGHEST WIND DIRECTION    SW (210)
  HIGHEST GUST SPEED    15   HIGHEST GUST DIRECTION    SW (210)
  AVERAGE WIND SPEED     5.0


SKY COVER
  AVERAGE SKY COVER 0.4


WEATHER CONDITIONS
 THE FOLLOWING WEATHER WAS RECORDED YESTERDAY.
  HEAVY RAIN
  RAIN
  LIGHT RAIN
  FOG


RELATIVE HUMIDITY (PERCENT)
 HIGHEST   100          1100 PM
 LOWEST     62          1000 AM
 AVERAGE    81

..........................................................


THE CONCORD NH CLIMATE NORMALS FOR TODAY
                         NORMAL    RECORD    YEAR
 MAXIMUM TEMPERATURE (F)   78        95      2010
 MINIMUM TEMPERATURE (F)   53        36      1970


SUNRISE AND SUNSET
SEPTEMBER  1 2014.....SUNRISE   610 AM EDT   SUNSET   721 PM EDT
SEPTEMBER  2 2014.....SUNRISE   611 AM EDT   SUNSET   719 PM EDT


-  INDICATES NEGATIVE NUMBERS.
R  INDICATES RECORD WAS SET OR TIED.
MM INDICATES DATA IS MISSING.
T  INDICATES TRACE AMOUNT.




$$
