000
CDUS41 KGYX 161350
CLICON


CLIMATE REPORT
NATIONAL WEATHER SERVICE GRAY ME
850 AM EST SAT DEC 16 2017


...................................

...THE CONCORD NH CLIMATE SUMMARY FOR DECEMBER 15 2017...

CLIMATE NORMAL PERIOD 1981 TO 2010
CLIMATE RECORD PERIOD 1868 TO 2017


WEATHER ITEM   OBSERVED TIME   RECORD YEAR NORMAL DEPARTURE LAST
                VALUE   (LST)  VALUE       VALUE  FROM      YEAR
                                                  NORMAL
..................................................................
TEMPERATURE (F)
 YESTERDAY
  MAXIMUM         24    329 PM  60    2008  36    -12       25
  MINIMUM         -2    537 AM -14    1874  17    -19        3
  AVERAGE         11                        27    -16       14

PRECIPITATION (IN)
  YESTERDAY        0.00          2.15 1897   0.10  -0.10     0.01
  MONTH TO DATE    1.57                      1.64  -0.07     1.61
  SINCE DEC 1      1.57                      1.64  -0.07     1.61
  SINCE JAN 1     42.41                     39.05   3.36    31.36

SNOWFALL (IN)
  YESTERDAY        0.0           9.7  2003   0.5   -0.5      0.2
  MONTH TO DATE    8.9                       6.3    2.6      7.9
  SINCE DEC 1      8.9                       6.3    2.6      7.9
  SINCE JUL 1      9.5                       8.9    0.6      8.6
  SNOW DEPTH       5

DEGREE DAYS
 HEATING
  YESTERDAY       54                        38     16       51
  MONTH TO DATE  530                       530      0      528
  SINCE DEC 1    530                       530      0      528
  SINCE JUL 1   1731                      2090   -359     1780

 COOLING
  YESTERDAY        0                         0      0        0
  MONTH TO DATE    0                         0      0        0
  SINCE DEC 1      0                         0      0        0
  SINCE JAN 1    564                       452    112      715
..................................................................


WIND (MPH)
  RESULTANT WIND SPEED   0   RESULTANT WIND DIRECTION   E (90)
  HIGHEST WIND SPEED     7   HIGHEST WIND DIRECTION     N (20)
  HIGHEST GUST SPEED     9   HIGHEST GUST DIRECTION     W (290)
  AVERAGE WIND SPEED     0.6


SKY COVER
  AVERAGE SKY COVER 0.4


WEATHER CONDITIONS
 THE FOLLOWING WEATHER WAS RECORDED YESTERDAY.
  NO SIGNIFICANT WEATHER WAS OBSERVED.


RELATIVE HUMIDITY (PERCENT)
 HIGHEST    91           900 AM
 LOWEST     46           200 PM
 AVERAGE    69

..........................................................


THE CONCORD NH CLIMATE NORMALS FOR TODAY
                         NORMAL    RECORD    YEAR
 MAXIMUM TEMPERATURE (F)   36        56      1982
 MINIMUM TEMPERATURE (F)   17       -15      1951


SUNRISE AND SUNSET
DECEMBER 16 2017......SUNRISE   712 AM EST   SUNSET   412 PM EST
DECEMBER 17 2017......SUNRISE   712 AM EST   SUNSET   412 PM EST


-  INDICATES NEGATIVE NUMBERS.
R  INDICATES RECORD WAS SET OR TIED.
MM INDICATES DATA IS MISSING.
T  INDICATES TRACE AMOUNT.




$$
