000
CDUS45 KPUB 171125
CLICOS


CLIMATE REPORT
NATIONAL WEATHER SERVICE PUEBLO
425 AM MST WED DEC 17 2014


...................................

...THE COLORADO SPRINGS CO CLIMATE SUMMARY FOR DECEMBER 16 2014...

CLIMATE NORMAL PERIOD 1981 TO 2010
CLIMATE RECORD PERIOD 1872 TO 2014


WEATHER ITEM   OBSERVED TIME   RECORD YEAR NORMAL DEPARTURE LAST
                VALUE   (LST)  VALUE       VALUE  FROM      YEAR
                                                  NORMAL
..................................................................
TEMPERATURE (F)
 YESTERDAY
  MAXIMUM         35    327 PM  67    1952  41     -6       62
  MINIMUM         17    715 AM  -4    1914  17      0       31
  AVERAGE         26                        29     -3       47

PRECIPITATION (IN)
  YESTERDAY        0.00          0.13 1989   0.01  -0.01     0.00
  MONTH TO DATE    0.03                      0.19  -0.16     0.07
  SINCE DEC 1      0.03                      0.19  -0.16     0.07
  SINCE JAN 1     16.91                     16.39   0.52    19.22

SNOWFALL (IN)
  YESTERDAY        0.0           2.8  1989   0.2   -0.2      0.0
  MONTH TO DATE    T                         3.1   -3.1      2.9
  SINCE DEC 1      T                         3.1   -3.1      2.9
  SINCE JUL 1      7.1                      10.9   -3.8      7.1
  SNOW DEPTH       0

DEGREE DAYS
 HEATING
  YESTERDAY       39                        36      3       18
  MONTH TO DATE  432                       558   -126      635
  SINCE DEC 1    432                       558   -126      635
  SINCE JUL 1   1757                      2039   -282     1996

 COOLING
  YESTERDAY        0                         0      0        0
  MONTH TO DATE    0                         0      0        0
  SINCE DEC 1      0                         0      0        0
  SINCE JAN 1    487                       455     32      694
..................................................................


WIND (MPH)
  HIGHEST WIND SPEED     9   HIGHEST WIND DIRECTION     N (10)
  HIGHEST GUST SPEED    12   HIGHEST GUST DIRECTION     S (170)
  AVERAGE WIND SPEED     4.7


SKY COVER
  POSSIBLE SUNSHINE  MM
  AVERAGE SKY COVER 0.5


WEATHER CONDITIONS
 THE FOLLOWING WEATHER WAS RECORDED YESTERDAY.
  NO SIGNIFICANT WEATHER WAS OBSERVED.


RELATIVE HUMIDITY (PERCENT)
 HIGHEST    92           100 AM
 LOWEST     47           100 PM
 AVERAGE    70

..........................................................


THE COLORADO SPRINGS CO CLIMATE NORMALS FOR TODAY
                         NORMAL    RECORD    YEAR
 MAXIMUM TEMPERATURE (F)   41        75      1980
 MINIMUM TEMPERATURE (F)   17        -7      1932


SUNRISE AND SUNSET
DECEMBER 17 2014......SUNRISE   711 AM MST   SUNSET   439 PM MST
DECEMBER 18 2014......SUNRISE   712 AM MST   SUNSET   439 PM MST


-  INDICATES NEGATIVE NUMBERS.
R  INDICATES RECORD WAS SET OR TIED.
MM INDICATES DATA IS MISSING.
T  INDICATES TRACE AMOUNT.




$$
