000
CDUS45 KPUB 201129
CLICOS


CLIMATE REPORT
NATIONAL WEATHER SERVICE PUEBLO
428 AM MST MON FEB 20 2017


...................................

...THE COLORADO SPRINGS CO CLIMATE SUMMARY FOR FEBRUARY 19 2017...

CLIMATE NORMAL PERIOD 1981 TO 2010
CLIMATE RECORD PERIOD 1872 TO 2017


WEATHER ITEM   OBSERVED TIME   RECORD YEAR NORMAL DEPARTURE LAST
                VALUE   (LST)  VALUE       VALUE  FROM      YEAR
                                                  NORMAL
..................................................................
TEMPERATURE (F)
 YESTERDAY
  MAXIMUM         58    354 PM  67    1986  45     13       64
                                      1981
  MINIMUM         32    243 AM  -5    2006  20     12       37
  AVERAGE         45                        33     12       51

PRECIPITATION (IN)
  YESTERDAY        0.00          0.47 1987   0.02  -0.02     0.00
  MONTH TO DATE    0.05                      0.20  -0.15     1.00
  SINCE DEC 1      1.05                      0.86   0.19     1.79
  SINCE JAN 1      0.37                      0.52  -0.15     1.54

SNOWFALL (IN)
  YESTERDAY        0.0           7.1  1987   0.1   -0.1      0.0
  MONTH TO DATE    0.6                       3.3   -2.7     10.1
  SINCE DEC 1     13.3                      14.6   -1.3     21.3
  SINCE JUL 1     13.3                      22.4   -9.1     27.1
  SNOW DEPTH       0

DEGREE DAYS
 HEATING
  YESTERDAY       20                        32    -12       14
  MONTH TO DATE  435                       638   -203      566
  SINCE DEC 1   2586                      2800   -214     2560
  SINCE JUL 1   3489                      4281   -792     3663

 COOLING
  YESTERDAY        0                         0      0        0
  MONTH TO DATE    0                         0      0        0
  SINCE DEC 1      0                         0      0        0
  SINCE JAN 1      0                         0      0        0
..................................................................


WIND (MPH)
  HIGHEST WIND SPEED    32   HIGHEST WIND DIRECTION     S (190)
  HIGHEST GUST SPEED    39   HIGHEST GUST DIRECTION     S (190)
  AVERAGE WIND SPEED    12.3


SKY COVER
  POSSIBLE SUNSHINE  MM
  AVERAGE SKY COVER 0.6


WEATHER CONDITIONS
 THE FOLLOWING WEATHER WAS RECORDED YESTERDAY.
  NO SIGNIFICANT WEATHER WAS OBSERVED.


RELATIVE HUMIDITY (PERCENT)
 HIGHEST    64           600 AM
 LOWEST     21           400 PM
 AVERAGE    43

..........................................................


THE COLORADO SPRINGS CO CLIMATE NORMALS FOR TODAY
                         NORMAL    RECORD    YEAR
 MAXIMUM TEMPERATURE (F)   46        71      1935
 MINIMUM TEMPERATURE (F)   20        -9      1911


SUNRISE AND SUNSET
FEBRUARY 20 2017......SUNRISE   643 AM MST   SUNSET   542 PM MST
FEBRUARY 21 2017......SUNRISE   642 AM MST   SUNSET   543 PM MST


-  INDICATES NEGATIVE NUMBERS.
R  INDICATES RECORD WAS SET OR TIED.
MM INDICATES DATA IS MISSING.
T  INDICATES TRACE AMOUNT.




$$
