000
CDUS45 KPUB 290021
CLICOS


CLIMATE REPORT
NATIONAL WEATHER SERVICE PUEBLO
521 PM MST FRI NOV 28 2014


...................................

...THE COLORADO SPRINGS CO CLIMATE SUMMARY FOR NOVEMBER 28 2014...
VALID TODAY AS OF 0500 PM LOCAL TIME.

CLIMATE NORMAL PERIOD 1981 TO 2010
CLIMATE RECORD PERIOD 1872 TO 2014


WEATHER ITEM   OBSERVED TIME   RECORD YEAR NORMAL DEPARTURE LAST
                VALUE   (LST)  VALUE       VALUE  FROM      YEAR
                                                  NORMAL
..................................................................
TEMPERATURE (F)
 TODAY
  MAXIMUM         69    317 PM  73    1998  45     24       42
  MINIMUM         37    658 AM -10    1896  21     16       22
  AVERAGE         53                        33     20       32

PRECIPITATION (IN)
  TODAY            0.00          0.82 1928   0.02  -0.02     0.00
  MONTH TO DATE    0.26                      0.38  -0.12     0.27
  SINCE SEP 1      3.83                      2.39   1.44     5.49
  SINCE JAN 1     16.88                     16.18   0.70    19.15

SNOWFALL (IN)
  TODAY            0.0           4.0  1934   0.2   -0.2      0.0
  MONTH TO DATE    6.8                       4.3    2.5      4.0
  SINCE SEP 1      6.8                       7.4   -0.6      4.2
  SINCE JUL 1      6.8                       7.4   -0.6      4.2
  SNOW DEPTH       0

DEGREE DAYS
 HEATING
  TODAY           12                        32    -20       33
  MONTH TO DATE  821                       741     80      717
  SINCE SEP 1   1258                      1384   -126     1302
  SINCE JUL 1   1288                      1415   -127     1312

 COOLING
  TODAY            0                         0      0        0
  MONTH TO DATE    0                         0      0        0
  SINCE SEP 1     60                        37     23       92
  SINCE JAN 1    487                       455     32      694
..................................................................


WIND (MPH)
  HIGHEST WIND SPEED    15   HIGHEST WIND DIRECTION    NW (330)
  HIGHEST GUST SPEED    21   HIGHEST GUST DIRECTION     N (350)
  AVERAGE WIND SPEED     5.9


SKY COVER
  POSSIBLE SUNSHINE  MM
  AVERAGE SKY COVER 0.7


WEATHER CONDITIONS
 THE FOLLOWING WEATHER WAS RECORDED TODAY.
  NO SIGNIFICANT WEATHER WAS OBSERVED.


RELATIVE HUMIDITY (PERCENT)
 HIGHEST    34           400 AM
 LOWEST      9           200 PM
 AVERAGE    22

..........................................................


THE COLORADO SPRINGS CO CLIMATE NORMALS FOR TOMORROW
                         NORMAL    RECORD    YEAR
 MAXIMUM TEMPERATURE (F)   45        71      1973
 MINIMUM TEMPERATURE (F)   20        -5      1896


SUNRISE AND SUNSET
NOVEMBER 28 2014......SUNRISE   655 AM MST   SUNSET   438 PM MST
NOVEMBER 29 2014......SUNRISE   656 AM MST   SUNSET   438 PM MST


-  INDICATES NEGATIVE NUMBERS.
R  INDICATES RECORD WAS SET OR TIED.
MM INDICATES DATA IS MISSING.
T  INDICATES TRACE AMOUNT.




$$
