000
CDUS43 KLSX 050745
CLICOU


CLIMATE REPORT
NATIONAL WEATHER SERVICE ST LOUIS MO
145 AM CST MON DEC 5 2016


...................................

...THE COLUMBIA ASOS CLIMATE SUMMARY FOR DECEMBER 4 2016...

CLIMATE NORMAL PERIOD 1981 TO 2010
CLIMATE RECORD PERIOD 1890 TO 2016


WEATHER ITEM   OBSERVED TIME   RECORD YEAR NORMAL DEPARTURE LAST
                VALUE   (LST)  VALUE       VALUE  FROM      YEAR
                                                  NORMAL
..................................................................
TEMPERATURE (F)
 YESTERDAY
  MAXIMUM         40    443 PM  70    1933  45     -5       53
  MINIMUM         32   1137 PM   2    2006  27      5       29
                                      1893
  AVERAGE         36                        36      0       41

PRECIPITATION (IN)
  YESTERDAY        0.38          2.01 1999   0.09   0.29     0.00
  MONTH TO DATE    0.39                      0.37   0.02      T
  SINCE DEC 1      0.39                      0.37   0.02      T
  SINCE JAN 1     39.44                     40.55  -1.11    42.71

SNOWFALL (IN)
  YESTERDAY        T             3.2  1908   0.1   -0.1      0.0
  MONTH TO DATE    T                         0.4   -0.4       T
  SINCE DEC 1      T                         0.4   -0.4       T
  SINCE JUL 1      T                         1.3   -1.3       T
  SNOW DEPTH       0

DEGREE DAYS
 HEATING
  YESTERDAY       29                        29      0       24
  MONTH TO DATE  112                       114     -2      102
  SINCE DEC 1    112                       114     -2      102
  SINCE JUL 1    695                      1099   -404      798

 COOLING
  YESTERDAY        0                         0      0        0
  MONTH TO DATE    0                         0      0        0
  SINCE DEC 1      0                         0      0        0
  SINCE JAN 1   1632                      1249    383     1387
..................................................................


WIND (MPH)
  HIGHEST WIND SPEED    14   HIGHEST WIND DIRECTION     W (290)
  HIGHEST GUST SPEED    18   HIGHEST GUST DIRECTION     W (290)
  AVERAGE WIND SPEED     6.2


SKY COVER
  AVERAGE SKY COVER 0.8


WEATHER CONDITIONS
 THE FOLLOWING WEATHER WAS RECORDED YESTERDAY.
  LIGHT RAIN
  SNOW
  LIGHT SNOW
  FOG


RELATIVE HUMIDITY (PERCENT)
 HIGHEST   100
 LOWEST     85
 AVERAGE    93

..........................................................


THE COLUMBIA ASOS CLIMATE NORMALS FOR TODAY
                         NORMAL    RECORD    YEAR
 MAXIMUM TEMPERATURE (F)   44        74      1998
 MINIMUM TEMPERATURE (F)   27        -4      1895


SUNRISE AND SUNSET
DECEMBER  5 2016......SUNRISE   712 AM CST   SUNSET   447 PM CST
DECEMBER  6 2016......SUNRISE   713 AM CST   SUNSET   447 PM CST


-  INDICATES NEGATIVE NUMBERS.
R  INDICATES RECORD WAS SET OR TIED.
MM INDICATES DATA IS MISSING.
T  INDICATES TRACE AMOUNT.




$$
