000
CDUS43 KLSX 290804
CLICOU


CLIMATE REPORT
NATIONAL WEATHER SERVICE ST LOUIS MO
303 AM CDT SUN MAY 29 2016


...................................

...THE COLUMBIA ASOS CLIMATE SUMMARY FOR MAY 28 2016...

CLIMATE NORMAL PERIOD 1981 TO 2010
CLIMATE RECORD PERIOD 1890 TO 2016


WEATHER ITEM   OBSERVED TIME   RECORD YEAR NORMAL DEPARTURE LAST
                VALUE   (LST)  VALUE       VALUE  FROM      YEAR
                                                  NORMAL
..................................................................
TEMPERATURE (F)
 YESTERDAY
  MAXIMUM         83    233 PM  91    2012  78      5       81
                                      2006
                                      1926
  MINIMUM         65    552 AM  39    1992  57      8       62
                                      1891
  AVERAGE         74                        67      7       72

PRECIPITATION (IN)
  YESTERDAY        0.00          1.20 1892   0.15  -0.15     0.47
  MONTH TO DATE    3.94                      4.51  -0.57     4.68
  SINCE MAR 1      8.46                     11.91  -3.45     9.51
  SINCE JAN 1     10.11                     16.08  -5.97    11.86

SNOWFALL (IN)
  YESTERDAY        0.0           0.0  2015   0.0    0.0      0.0
  MONTH TO DATE    0.0                       0.0    0.0      0.0
  SINCE MAR 1      T                         1.9   -1.9      1.6
  SINCE JUL 1      9.0                      18.0   -9.0     12.0
  SNOW DEPTH       0

DEGREE DAYS
 HEATING
  YESTERDAY        0                         2     -2        0
  MONTH TO DATE  128                       105     23       73
  SINCE MAR 1    775                      1062   -287      877
  SINCE JUL 1   3952                      5008  -1056     4932

 COOLING
  YESTERDAY        9                         4      5        7
  MONTH TO DATE   66                        65      1       96
  SINCE MAR 1     98                        90      8      111
  SINCE JAN 1     98                        90      8      111
..................................................................


WIND (MPH)
  HIGHEST WIND SPEED    22   HIGHEST WIND DIRECTION     S (200)
  HIGHEST GUST SPEED    27   HIGHEST GUST DIRECTION     S (170)
  AVERAGE WIND SPEED    12.1


SKY COVER
  AVERAGE SKY COVER 0.2


WEATHER CONDITIONS
 THE FOLLOWING WEATHER WAS RECORDED YESTERDAY.
  NO SIGNIFICANT WEATHER WAS OBSERVED.


RELATIVE HUMIDITY (PERCENT)
 HIGHEST   100
 LOWEST     51
 AVERAGE    76

..........................................................


THE COLUMBIA ASOS CLIMATE NORMALS FOR TODAY
                         NORMAL    RECORD    YEAR
 MAXIMUM TEMPERATURE (F)   78        94      1926
                                             1913
 MINIMUM TEMPERATURE (F)   57        39      1984
                                             1947


SUNRISE AND SUNSET
MAY 29 2016...........SUNRISE   547 AM CDT   SUNSET   826 PM CDT
MAY 30 2016...........SUNRISE   546 AM CDT   SUNSET   827 PM CDT


-  INDICATES NEGATIVE NUMBERS.
R  INDICATES RECORD WAS SET OR TIED.
MM INDICATES DATA IS MISSING.
T  INDICATES TRACE AMOUNT.




$$
