000
CDUS43 KLSX 280744
CLICOU


CLIMATE REPORT
NATIONAL WEATHER SERVICE ST LOUIS MO
138 AM CST SUN DEC 28 2014


...................................

...THE COLUMBIA ASOS CLIMATE SUMMARY FOR DECEMBER 27 2014...

CLIMATE NORMAL PERIOD 1981 TO 2010
CLIMATE RECORD PERIOD 1890 TO 2014


WEATHER ITEM   OBSERVED TIME   RECORD YEAR NORMAL DEPARTURE LAST
                VALUE   (LST)  VALUE       VALUE  FROM      YEAR
                                                  NORMAL
..................................................................
TEMPERATURE (F)
 YESTERDAY
  MAXIMUM         51    359 AM  71    1946  39     12       53
  MINIMUM         29   1159 PM  -7    1924  21      8       25
  AVERAGE         40                        30     10       39

PRECIPITATION (IN)
  YESTERDAY        0.04          2.05 1968   0.07  -0.03     0.00
  MONTH TO DATE    2.18                      2.17   0.01     1.71
  SINCE DEC 1      2.18                      2.17   0.01     1.71
  SINCE JAN 1     44.12                     42.35   1.77    41.52

SNOWFALL (IN)
  YESTERDAY        T             4.0  1915   0.2   -0.2      0.0
  MONTH TO DATE    1.0                       3.7   -2.7      2.4
  SINCE DEC 1      1.0                       3.7   -2.7      2.4
  SINCE JUL 1      1.8                       4.6   -2.8      2.4
  SNOW DEPTH       0

DEGREE DAYS
 HEATING
  YESTERDAY       25                        35    -10       26
  MONTH TO DATE  712                       869   -157      941
  SINCE DEC 1    712                       869   -157      941
  SINCE JUL 1   1793                      1854    -61     1948

 COOLING
  YESTERDAY        0                         0      0        0
  MONTH TO DATE    0                         0      0        0
  SINCE DEC 1      0                         0      0        0
  SINCE JAN 1   1266                      1249     17     1322
..................................................................


WIND (MPH)
  HIGHEST WIND SPEED    26   HIGHEST WIND DIRECTION     W (290)
  HIGHEST GUST SPEED    32   HIGHEST GUST DIRECTION     W (290)
  AVERAGE WIND SPEED    11.0


SKY COVER
  AVERAGE SKY COVER 1.0


WEATHER CONDITIONS
 THE FOLLOWING WEATHER WAS RECORDED YESTERDAY.
  LIGHT RAIN
  LIGHT SNOW
  FOG


RELATIVE HUMIDITY (PERCENT)
 HIGHEST    93
 LOWEST     72
 AVERAGE    83

..........................................................


THE COLUMBIA ASOS CLIMATE NORMALS FOR TODAY
                         NORMAL    RECORD    YEAR
 MAXIMUM TEMPERATURE (F)   39        71      1984
 MINIMUM TEMPERATURE (F)   21       -12      1924


SUNRISE AND SUNSET
DECEMBER 28 2014......SUNRISE   726 AM CST   SUNSET   455 PM CST
DECEMBER 29 2014......SUNRISE   727 AM CST   SUNSET   455 PM CST


-  INDICATES NEGATIVE NUMBERS.
R  INDICATES RECORD WAS SET OR TIED.
MM INDICATES DATA IS MISSING.
T  INDICATES TRACE AMOUNT.




$$
