000
CDUS43 KLSX 300729
CLICOU


CLIMATE REPORT
NATIONAL WEATHER SERVICE ST LOUIS MO
228 AM CDT FRI SEP 30 2016


...................................

...THE COLUMBIA ASOS CLIMATE SUMMARY FOR SEPTEMBER 29 2016...

CLIMATE NORMAL PERIOD 1981 TO 2010
CLIMATE RECORD PERIOD 1890 TO 2016


WEATHER ITEM   OBSERVED TIME   RECORD YEAR NORMAL DEPARTURE LAST
                VALUE   (LST)  VALUE       VALUE  FROM      YEAR
                                                  NORMAL
..................................................................
TEMPERATURE (F)
 YESTERDAY
  MAXIMUM         77    259 PM  99    1953  73      4       83
  MINIMUM         50    629 AM  30    1899  50      0       59
  AVERAGE         64                        62      2       71

PRECIPITATION (IN)
  YESTERDAY        0.00          1.50 1988   0.13  -0.13      T
  MONTH TO DATE    7.33                      3.75   3.58     1.14
  SINCE SEP 1      7.33                      3.75   3.58     1.14
  SINCE JAN 1     35.67                     33.50   2.17    33.10

SNOWFALL (IN)
  YESTERDAY        0.0           0.0  2015   0.0    0.0      0.0
  MONTH TO DATE    0.0                       0.0    0.0      0.0
  SINCE SEP 1      0.0                       0.0    0.0      0.0
  SINCE JUL 1      0.0                       0.0    0.0      0.0
  SNOW DEPTH       0

DEGREE DAYS
 HEATING
  YESTERDAY        1                         5     -4        0
  MONTH TO DATE    6                        59    -53       16
  SINCE SEP 1      6                        59    -53       16
  SINCE JUL 1      6                        61    -55       18

 COOLING
  YESTERDAY        0                         2     -2        6
  MONTH TO DATE  232                       142     90      238
  SINCE SEP 1    232                       142     90      238
  SINCE JAN 1   1543                      1225    318     1359
..................................................................


WIND (MPH)
  HIGHEST WIND SPEED    22   HIGHEST WIND DIRECTION     N (340)
  HIGHEST GUST SPEED    35   HIGHEST GUST DIRECTION     N (350)
  AVERAGE WIND SPEED    11.8


SKY COVER
  AVERAGE SKY COVER 0.2


WEATHER CONDITIONS
 THE FOLLOWING WEATHER WAS RECORDED YESTERDAY.
  NO SIGNIFICANT WEATHER WAS OBSERVED.


RELATIVE HUMIDITY (PERCENT)
 HIGHEST    93
 LOWEST     38
 AVERAGE    66

..........................................................


THE COLUMBIA ASOS CLIMATE NORMALS FOR TODAY
                         NORMAL    RECORD    YEAR
 MAXIMUM TEMPERATURE (F)   73        95      1897
 MINIMUM TEMPERATURE (F)   50        26      1895


SUNRISE AND SUNSET
SEPTEMBER 30 2016.....SUNRISE   704 AM CDT   SUNSET   652 PM CDT
OCTOBER  1 2016.......SUNRISE   705 AM CDT   SUNSET   651 PM CDT


-  INDICATES NEGATIVE NUMBERS.
R  INDICATES RECORD WAS SET OR TIED.
MM INDICATES DATA IS MISSING.
T  INDICATES TRACE AMOUNT.




$$
