000
CDUS43 KLSX 220728
CLICOU


CLIMATE REPORT
NATIONAL WEATHER SERVICE ST LOUIS MO
228 AM CDT WED OCT 22 2014


...................................

...THE COLUMBIA ASOS CLIMATE SUMMARY FOR OCTOBER 21 2014...

CLIMATE NORMAL PERIOD 1981 TO 2010
CLIMATE RECORD PERIOD 1890 TO 2014


WEATHER ITEM   OBSERVED TIME   RECORD YEAR NORMAL DEPARTURE LAST
                VALUE   (LST)  VALUE       VALUE  FROM      YEAR
                                                  NORMAL
..................................................................
TEMPERATURE (F)
 YESTERDAY
  MAXIMUM         73    230 PM  87    1978  66      7       53
  MINIMUM         44    527 AM  25    1917  44      0       37
                                      1916
  AVERAGE         59                        55      4       45

PRECIPITATION (IN)
  YESTERDAY        0.00          2.11 1949   0.11  -0.11     0.00
  MONTH TO DATE    9.86                      2.35   7.51     1.12
  SINCE SEP 1     16.01                      6.22   9.79     3.54
  SINCE JAN 1     40.30                     35.97   4.33    36.63

SNOWFALL (IN)
  YESTERDAY        0.0           0.0  2013   0.0    0.0      0.0
  MONTH TO DATE    0.0                       0.0    0.0      0.0
  SINCE SEP 1      0.0                       0.0    0.0      0.0
  SINCE JUL 1      0.0                       0.0    0.0      0.0
  SNOW DEPTH       0

DEGREE DAYS
 HEATING
  YESTERDAY        6                        11     -5       20
  MONTH TO DATE  155                       173    -18      148
  SINCE SEP 1    202                       239    -37      164
  SINCE JUL 1    202                       241    -39      164

 COOLING
  YESTERDAY        0                         0      0        0
  MONTH TO DATE    6                        15     -9       47
  SINCE SEP 1    144                       159    -15      254
  SINCE JAN 1   1254                      1242     12     1321
..................................................................


WIND (MPH)
  HIGHEST WIND SPEED    13   HIGHEST WIND DIRECTION     N (10)
  HIGHEST GUST SPEED    14   HIGHEST GUST DIRECTION     N (10)
  AVERAGE WIND SPEED     6.1


SKY COVER
  AVERAGE SKY COVER 0.0


WEATHER CONDITIONS
 THE FOLLOWING WEATHER WAS RECORDED YESTERDAY.
  HAZE


RELATIVE HUMIDITY (PERCENT)
 HIGHEST    86
 LOWEST     38
 AVERAGE    62

..........................................................


THE COLUMBIA ASOS CLIMATE NORMALS FOR TODAY
                         NORMAL    RECORD    YEAR
 MAXIMUM TEMPERATURE (F)   65        88      1899
 MINIMUM TEMPERATURE (F)   43        24      1976


SUNRISE AND SUNSET
OCTOBER 22 2014.......SUNRISE   725 AM CDT   SUNSET   621 PM CDT
OCTOBER 23 2014.......SUNRISE   726 AM CDT   SUNSET   619 PM CDT


-  INDICATES NEGATIVE NUMBERS.
R  INDICATES RECORD WAS SET OR TIED.
MM INDICATES DATA IS MISSING.
T  INDICATES TRACE AMOUNT.




$$
