000
CDUS45 KRIW 020738
CLICPR


CLIMATE REPORT
NATIONAL WEATHER SERVICE RIVERTON WY
128 AM MDT TUE JUN 2 2015


...................................

...THE CASPER WY CLIMATE SUMMARY FOR JUNE 1 2015...

CLIMATE NORMAL PERIOD 1981 TO 2010
CLIMATE RECORD PERIOD 1939 TO 2015


WEATHER ITEM   OBSERVED TIME   RECORD YEAR NORMAL DEPARTURE LAST
                VALUE   (LST)  VALUE       VALUE  FROM      YEAR
                                                  NORMAL
..................................................................
TEMPERATURE (F)
 YESTERDAY
  MAXIMUM         83    303 PM  89    1977  73     10       66
                                      1956
                                      1940
  MINIMUM         47    244 AM  30    1951  42      5       40
  AVERAGE         65                        57      8       53

PRECIPITATION (IN)
  YESTERDAY        T             0.69 1991   0.06  -0.06     0.20
  MONTH TO DATE    T                         0.06  -0.06     0.20
  SINCE JUN 1      T                         0.06  -0.06     0.20
  SINCE JAN 1      7.50                      5.27   2.23     4.96

SNOWFALL (IN)
  YESTERDAY        0.0                       0.0    0.0      0.0
  MONTH TO DATE    0.0                       0.0    0.0      0.0
  SINCE JUN 1      0.0                       0.0    0.0      0.0
  SINCE JUL 1     71.7                      74.8   -3.1     91.6
  SNOW DEPTH       0

DEGREE DAYS
 HEATING
  YESTERDAY        0                         8     -8       12
  MONTH TO DATE    0                         8     -8       12
  SINCE JUN 1      0                         8     -8       12
  SINCE JUL 1   6938                      7452   -514     7722

 COOLING
  YESTERDAY        0                         0      0        0
  MONTH TO DATE    0                         0      0        0
  SINCE JUN 1      0                         0      0        0
  SINCE JAN 1      0                         4     -4        6
..................................................................


WIND (MPH)
  HIGHEST WIND SPEED    30   HIGHEST WIND DIRECTION     W (270)
  HIGHEST GUST SPEED    40   HIGHEST GUST DIRECTION     W (260)
  AVERAGE WIND SPEED    10.7


SKY COVER
  POSSIBLE SUNSHINE  MM
  AVERAGE SKY COVER 0.1


WEATHER CONDITIONS
 THE FOLLOWING WEATHER WAS RECORDED YESTERDAY.
  THUNDERSTORM
  LIGHT RAIN


RELATIVE HUMIDITY (PERCENT)
 HIGHEST   100           200 AM
 LOWEST     22           200 PM
 AVERAGE    61

..........................................................


THE CASPER WY CLIMATE NORMALS FOR TODAY
                         NORMAL    RECORD    YEAR
 MAXIMUM TEMPERATURE (F)   73        92      2006
 MINIMUM TEMPERATURE (F)   42        28      1951


SUNRISE AND SUNSET
JUNE  2 2015..........SUNRISE   529 AM MDT   SUNSET   839 PM MDT
JUNE  3 2015..........SUNRISE   529 AM MDT   SUNSET   839 PM MDT


-  INDICATES NEGATIVE NUMBERS.
R  INDICATES RECORD WAS SET OR TIED.
MM INDICATES DATA IS MISSING.
T  INDICATES TRACE AMOUNT.




$$
