000
CDUS45 KRIW 190749
CLICPR


CLIMATE REPORT
NATIONAL WEATHER SERVICE RIVERTON WY
143 AM MDT SAT APR 19 2014


...................................

...THE CASPER WY CLIMATE SUMMARY FOR APRIL 18 2014...

CLIMATE NORMAL PERIOD 1981 TO 2010
CLIMATE RECORD PERIOD 1939 TO 2014


WEATHER ITEM   OBSERVED TIME   RECORD YEAR NORMAL DEPARTURE LAST
                VALUE   (LST)  VALUE       VALUE  FROM      YEAR
                                                  NORMAL
..................................................................
TEMPERATURE (F)
 YESTERDAY
  MAXIMUM         74    317 PM  80    2001  57     17       36
                                      1946
  MINIMUM         37   1159 PM   4    2013  29      8        4
  AVERAGE         56                        43     13       20

PRECIPITATION (IN)
  YESTERDAY        0.00          0.70 1971   0.04  -0.04      T
  MONTH TO DATE    0.64                      0.69  -0.05     2.28
  SINCE MAR 1      2.28                      1.51   0.77     3.13
  SINCE JAN 1      3.76                      2.59   1.17     3.90

SNOWFALL (IN)
  YESTERDAY        0.0                       0.4   -0.4       T
  MONTH TO DATE    5.2                       7.7   -2.5     35.1
  SINCE MAR 1     23.9                      18.6    5.3     45.6
  SINCE JUL 1     90.1                      68.0   22.1     78.3
  SNOW DEPTH       0

DEGREE DAYS
 HEATING
  YESTERDAY        9                        22    -13       45
  MONTH TO DATE  427                       431     -4      570
  SINCE MAR 1   1339                      1356    -17     1531
  SINCE JUL 1   7103                      6804    299     6581

 COOLING
  YESTERDAY        0                         0      0        0
  MONTH TO DATE    0                         0      0        0
  SINCE MAR 1      0                         0      0        0
  SINCE JAN 1      0                         0      0        0
..................................................................


WIND (MPH)
  HIGHEST WIND SPEED    38   HIGHEST WIND DIRECTION    SW (220)
  HIGHEST GUST SPEED    50   HIGHEST GUST DIRECTION    SW (230)
  AVERAGE WIND SPEED    19.6


SKY COVER
  POSSIBLE SUNSHINE  MM
  AVERAGE SKY COVER 0.1


WEATHER CONDITIONS
 THE FOLLOWING WEATHER WAS RECORDED YESTERDAY.
  NO SIGNIFICANT WEATHER WAS OBSERVED.


RELATIVE HUMIDITY (PERCENT)
 HIGHEST    59           300 AM
 LOWEST     17           300 PM
 AVERAGE    38

..........................................................


THE CASPER WY CLIMATE NORMALS FOR TODAY
                         NORMAL    RECORD    YEAR
 MAXIMUM TEMPERATURE (F)   58        81      1962
 MINIMUM TEMPERATURE (F)   29        -4      1966


SUNRISE AND SUNSET
APRIL 19 2014.........SUNRISE   618 AM MDT   SUNSET   753 PM MDT
APRIL 20 2014.........SUNRISE   616 AM MDT   SUNSET   754 PM MDT


-  INDICATES NEGATIVE NUMBERS.
R  INDICATES RECORD WAS SET OR TIED.
MM INDICATES DATA IS MISSING.
T  INDICATES TRACE AMOUNT.




$$
