000
CDUS45 KRIW 230735
CLICPR


CLIMATE REPORT
NATIONAL WEATHER SERVICE RIVERTON WY
127 AM MDT SAT AUG 23 2014


...................................

...THE CASPER WY CLIMATE SUMMARY FOR AUGUST 22 2014...

CLIMATE NORMAL PERIOD 1981 TO 2010
CLIMATE RECORD PERIOD 1939 TO 2014


WEATHER ITEM   OBSERVED TIME   RECORD YEAR NORMAL DEPARTURE LAST
                VALUE   (LST)  VALUE       VALUE  FROM      YEAR
                                                  NORMAL
..................................................................
TEMPERATURE (F)
 YESTERDAY
  MAXIMUM         81    226 PM  97    2010  85     -4       89
                                      2009
  MINIMUM         46    521 AM  36    1966  50     -4       55
  AVERAGE         64                        68     -4       72

PRECIPITATION (IN)
  YESTERDAY        0.15          0.38 1992   0.02   0.13      T
  MONTH TO DATE    0.70                      0.64   0.06     0.68
  SINCE JUN 1      3.22                      3.66  -0.44     3.21
  SINCE JAN 1      7.98                      8.87  -0.89     9.18

SNOWFALL (IN)
  YESTERDAY        0.0                       0.0    0.0      0.0
  MONTH TO DATE    0.0                       0.0    0.0      0.0
  SINCE JUN 1      T                         0.1   -0.1      0.0
  SINCE JUL 1      T                         0.0    0.0      0.0
  SNOW DEPTH       0

DEGREE DAYS
 HEATING
  YESTERDAY        1                         1      0        0
  MONTH TO DATE    1                        13    -12        0
  SINCE JUN 1    175                       165     10       72
  SINCE JUL 1     17                        29    -12        0

 COOLING
  YESTERDAY        0                         4     -4        7
  MONTH TO DATE  111                       124    -13      130
  SINCE JUN 1    316                       365    -49      443
  SINCE JAN 1    322                       369    -47      453
..................................................................


WIND (MPH)
  HIGHEST WIND SPEED    21   HIGHEST WIND DIRECTION     E (100)
  HIGHEST GUST SPEED    25   HIGHEST GUST DIRECTION     E (90)
  AVERAGE WIND SPEED     5.9


SKY COVER
  POSSIBLE SUNSHINE  MM
  AVERAGE SKY COVER 0.4


WEATHER CONDITIONS
 THE FOLLOWING WEATHER WAS RECORDED YESTERDAY.
  THUNDERSTORM
  HEAVY RAIN
  LIGHT RAIN
  FOG
  FOG W/VISIBILITY <= 1/4 MILE


RELATIVE HUMIDITY (PERCENT)
 HIGHEST    93           400 AM
 LOWEST     28           200 PM
 AVERAGE    61

..........................................................


THE CASPER WY CLIMATE NORMALS FOR TODAY
                         NORMAL    RECORD    YEAR
 MAXIMUM TEMPERATURE (F)   85        97      2006
 MINIMUM TEMPERATURE (F)   50        41      1966


SUNRISE AND SUNSET
AUGUST 23 2014........SUNRISE   621 AM MDT   SUNSET   755 PM MDT
AUGUST 24 2014........SUNRISE   622 AM MDT   SUNSET   754 PM MDT


-  INDICATES NEGATIVE NUMBERS.
R  INDICATES RECORD WAS SET OR TIED.
MM INDICATES DATA IS MISSING.
T  INDICATES TRACE AMOUNT.




$$
