000
CDUS45 KRIW 240737
CLICPR


CLIMATE REPORT
NATIONAL WEATHER SERVICE RIVERTON WY
133 AM MDT FRI OCT 24 2014


...................................

...THE CASPER WY CLIMATE SUMMARY FOR OCTOBER 23 2014...

CLIMATE NORMAL PERIOD 1981 TO 2010
CLIMATE RECORD PERIOD 1939 TO 2014


WEATHER ITEM   OBSERVED TIME   RECORD YEAR NORMAL DEPARTURE LAST
                VALUE   (LST)  VALUE       VALUE  FROM      YEAR
                                                  NORMAL
..................................................................
TEMPERATURE (F)
 YESTERDAY
  MAXIMUM         71    246 PM  81    2003  57     14       61
  MINIMUM         33   1228 AM  11    1984  29      4       30
  AVERAGE         52                        43      9       46

PRECIPITATION (IN)
  YESTERDAY        0.00          0.25 1975   0.04  -0.04     0.00
  MONTH TO DATE    1.05                      0.85   0.20     3.03
  SINCE SEP 1      1.69                      1.93  -0.24     4.50
  SINCE JAN 1     10.07                     11.01  -0.94    13.70

SNOWFALL (IN)
  YESTERDAY        0.0                       0.3   -0.3      0.0
  MONTH TO DATE    3.2                       5.1   -1.9     16.4
  SINCE SEP 1      4.2                       6.9   -2.7     21.2
  SINCE JUL 1      4.2                       6.9   -2.7     21.2
  SNOW DEPTH       0

DEGREE DAYS
 HEATING
  YESTERDAY       13                        22     -9       19
  MONTH TO DATE  311                       427   -116      535
  SINCE SEP 1    501                       666   -165      702
  SINCE JUL 1    548                       712   -164      702

 COOLING
  YESTERDAY        0                         0      0        0
  MONTH TO DATE    0                         0      0        0
  SINCE SEP 1     29                        25      4       80
  SINCE JAN 1    357                       422    -65      618
..................................................................


WIND (MPH)
  HIGHEST WIND SPEED    32   HIGHEST WIND DIRECTION    SW (240)
  HIGHEST GUST SPEED    40   HIGHEST GUST DIRECTION     W (250)
  AVERAGE WIND SPEED    15.4


SKY COVER
  POSSIBLE SUNSHINE  MM
  AVERAGE SKY COVER 0.0


WEATHER CONDITIONS
 THE FOLLOWING WEATHER WAS RECORDED YESTERDAY.
  NO SIGNIFICANT WEATHER WAS OBSERVED.


RELATIVE HUMIDITY (PERCENT)
 HIGHEST    47           100 AM
 LOWEST     16           300 PM
 AVERAGE    32

..........................................................


THE CASPER WY CLIMATE NORMALS FOR TODAY
                         NORMAL    RECORD    YEAR
 MAXIMUM TEMPERATURE (F)   56        77      1992
 MINIMUM TEMPERATURE (F)   29        13      2001


SUNRISE AND SUNSET
OCTOBER 24 2014.......SUNRISE   730 AM MDT   SUNSET   609 PM MDT
OCTOBER 25 2014.......SUNRISE   732 AM MDT   SUNSET   608 PM MDT


-  INDICATES NEGATIVE NUMBERS.
R  INDICATES RECORD WAS SET OR TIED.
MM INDICATES DATA IS MISSING.
T  INDICATES TRACE AMOUNT.




$$
