305
CDUS46 KLOX 300905
CLICQT


CLIMATE REPORT
NATIONAL WEATHER SERVICE LOS ANGELES/OXNARD CA
205 AM PDT SAT APR 30 2016


...................................

...THE DOWNTOWN LOS ANGELES (USC) CA CLIMATE SUMMARY FOR APRIL 29 2016...

CLIMATE NORMAL PERIOD 1981 TO 2010
CLIMATE RECORD PERIOD 1877 TO 2016


WEATHER ITEM   OBSERVED TIME   RECORD YEAR NORMAL DEPARTURE LAST
                VALUE   (LST)  VALUE       VALUE  FROM      YEAR
                                                  NORMAL
..................................................................
TEMPERATURE (F)
 YESTERDAY
  MAXIMUM         69   1044 AM  98    1981  74     -5       89
  MINIMUM         56   1159 PM  44    1901  55      1       60
                                      1894
                                      1892
  AVERAGE         63                        65     -2       75

PRECIPITATION (IN)
  YESTERDAY        0.00          0.89 1983   0.02  -0.02     0.00
  MONTH TO DATE    0.24                      0.89  -0.65     0.13
  SINCE OCT 1      6.83                     14.27  -7.44     7.53
  SINCE JAN 1      5.80                     10.24  -4.44     2.92

SNOWFALL (IN)
  YESTERDAY        0.0
  MONTH TO DATE    0.0
  SINCE MAR 1      0.0
  SINCE JUL 1      0.0

DEGREE DAYS
 HEATING
  YESTERDAY        2                         2      0        0
  MONTH TO DATE   24                        97    -73       37
  SINCE MAR 1     96                       254   -158       66
  SINCE JUL 1    736                      1029   -293      429

 COOLING
  YESTERDAY        0                         2     -2       10
  MONTH TO DATE   81                        41     40       63
  SINCE MAR 1    104                        61     43      200
  SINCE JAN 1    179                        84     95      257
..................................................................


WIND (MPH)
  HIGHEST WIND SPEED     9   HIGHEST WIND DIRECTION     W (280)
  HIGHEST GUST SPEED    17   HIGHEST GUST DIRECTION     W (280)
  AVERAGE WIND SPEED     2.8


SKY COVER
  POSSIBLE SUNSHINE  MM
  AVERAGE SKY COVER 0.4


WEATHER CONDITIONS
 THE FOLLOWING WEATHER WAS RECORDED YESTERDAY.
  NO SIGNIFICANT WEATHER WAS OBSERVED.


RELATIVE HUMIDITY (PERCENT)
 HIGHEST    80           100 AM
 LOWEST     52          1000 AM
 AVERAGE    66

..........................................................


THE DOWNTOWN LOS ANGELES (USC) CA CLIMATE NORMALS FOR TODAY
                         NORMAL    RECORD    YEAR
 MAXIMUM TEMPERATURE (F)   74        96      1996
 MINIMUM TEMPERATURE (F)   56        44      1915


SUNRISE AND SUNSET
APRIL 30 2016.........SUNRISE   604 AM PDT   SUNSET   737 PM PDT
MAY  1 2016...........SUNRISE   603 AM PDT   SUNSET   737 PM PDT


-  INDICATES NEGATIVE NUMBERS.
R  INDICATES RECORD WAS SET OR TIED.
MM INDICATES DATA IS MISSING.
T  INDICATES TRACE AMOUNT.




$$
