000
CDUS46 KLOX 171152
CLICQT


CLIMATE REPORT
NATIONAL WEATHER SERVICE LOS ANGELES/OXNARD CA
451 AM PDT TUE OCT 17 2017


...................................

...THE DOWNTOWN LOS ANGELES (USC) CA CLIMATE SUMMARY FOR OCTOBER 16 2017...

CLIMATE NORMAL PERIOD 1981 TO 2010
CLIMATE RECORD PERIOD 1877 TO 2017


WEATHER ITEM   OBSERVED TIME   RECORD YEAR NORMAL DEPARTURE LAST
                VALUE   (LST)  VALUE       VALUE  FROM      YEAR
                                                  NORMAL
..................................................................
TEMPERATURE (F)
 YESTERDAY
  MAXIMUM         96   1201 PM 104    1958  79     17       75
  MINIMUM         66    628 AM  44    1881  59      7       64
  AVERAGE         81                        69     12       70

PRECIPITATION (IN)
  YESTERDAY        0.00          0.35 1963   0.02  -0.02      T
  MONTH TO DATE    0.00                      0.28  -0.28      T
  SINCE OCT 1      0.00                      0.28  -0.28      T
  SINCE JAN 1     13.12                     11.18   1.94     5.85

SNOWFALL (IN)
  YESTERDAY        0.0
  MONTH TO DATE    0.0
  SINCE SEP 1      0.0
  SINCE JUL 1      0.0

DEGREE DAYS
 HEATING
  YESTERDAY        0                         0      0        0
  MONTH TO DATE    0                         0      0        0
  SINCE SEP 1      0                         2     -2        0
  SINCE JUL 1      0                         2     -2        0

 COOLING
  YESTERDAY       16                         4     12        5
  MONTH TO DATE  137                        81     56       85
  SINCE SEP 1    450                       325    125      353
  SINCE JAN 1   1652                      1159    493     1348
..................................................................


WIND (MPH)
  HIGHEST WIND SPEED    10   HIGHEST WIND DIRECTION     W (280)
  HIGHEST GUST SPEED    16   HIGHEST GUST DIRECTION     W (270)
  AVERAGE WIND SPEED     1.1


SKY COVER
  POSSIBLE SUNSHINE  MM
  AVERAGE SKY COVER 0.0


WEATHER CONDITIONS
 THE FOLLOWING WEATHER WAS RECORDED YESTERDAY.
  HAZE


RELATIVE HUMIDITY (PERCENT)
 HIGHEST    49          1200 AM
 LOWEST      8          1100 AM
 AVERAGE    29

..........................................................


THE DOWNTOWN LOS ANGELES (USC) CA CLIMATE NORMALS FOR TODAY
                         NORMAL    RECORD    YEAR
 MAXIMUM TEMPERATURE (F)   78       102      1958
 MINIMUM TEMPERATURE (F)   59        44      1881


SUNRISE AND SUNSET
OCTOBER 17 2017.......SUNRISE   700 AM PDT   SUNSET   616 PM PDT
OCTOBER 18 2017.......SUNRISE   701 AM PDT   SUNSET   615 PM PDT


-  INDICATES NEGATIVE NUMBERS.
R  INDICATES RECORD WAS SET OR TIED.
MM INDICATES DATA IS MISSING.
T  INDICATES TRACE AMOUNT.




$$
