000
CDUS46 KLOX 290115
CLICQT


CLIMATE REPORT
NATIONAL WEATHER SERVICE LOS ANGELES/OXNARD CA
614 PM PDT TUE MAR 28 2017


...................................

...THE DOWNTOWN LOS ANGELES (USC) CA CLIMATE SUMMARY FOR MARCH 28 2017...
VALID TODAY AS OF 600 PM LOCAL TIME.

CLIMATE NORMAL PERIOD 1981 TO 2010
CLIMATE RECORD PERIOD 1877 TO 2017


WEATHER ITEM   OBSERVED TIME   RECORD YEAR NORMAL DEPARTURE LAST
                VALUE   (LST)  VALUE       VALUE  FROM      YEAR
                                                  NORMAL
..................................................................
TEMPERATURE (F)
 TODAY
  MAXIMUM         79   1228 PM  90    1879  71      8       66
  MINIMUM         57    607 AM  37    1892  52      5       54
  AVERAGE         68                        61      7       60

PRECIPITATION (IN)
  TODAY            0.00          1.62 2006   0.06  -0.06     0.02
  MONTH TO DATE    0.09                      2.28  -2.19     1.60
  SINCE OCT 1     18.59                     13.23   5.36     6.59
  SINCE JAN 1     12.64                      9.20   3.44     5.56

SNOWFALL (IN)
  TODAY            0.0
  MONTH TO DATE    0.0
  SINCE MAR 1      0.0
  SINCE JUL 1      0.0

DEGREE DAYS
 HEATING
  TODAY            0                         5     -5        5
  MONTH TO DATE   42                       144   -102       53
  SINCE MAR 1     42                       144   -102       53
  SINCE JUL 1    694                       919   -225      693

 COOLING
  TODAY            3                         1      2        0
  MONTH TO DATE   56                        25     31       23
  SINCE MAR 1     56                        25     31       23
  SINCE JAN 1     64                        48     16       98
..................................................................


WIND (MPH)
  HIGHEST WIND SPEED    10   HIGHEST WIND DIRECTION    NW (330)
  HIGHEST GUST SPEED    18   HIGHEST GUST DIRECTION     N (360)
  AVERAGE WIND SPEED     4.0


SKY COVER
  POSSIBLE SUNSHINE  MM
  AVERAGE SKY COVER 0.0


WEATHER CONDITIONS
 THE FOLLOWING WEATHER WAS RECORDED TODAY.
  NO SIGNIFICANT WEATHER WAS OBSERVED.


RELATIVE HUMIDITY (PERCENT)
 HIGHEST    77           600 AM
 LOWEST     19          1200 PM
 AVERAGE    48

..........................................................


THE DOWNTOWN LOS ANGELES (USC) CA CLIMATE NORMALS FOR TOMORROW
                         NORMAL    RECORD    YEAR
 MAXIMUM TEMPERATURE (F)   71        99      1879
 MINIMUM TEMPERATURE (F)   52        41      1901
                                             1880


SUNRISE AND SUNSET
MARCH 28 2017.........SUNRISE   645 AM PDT   SUNSET   711 PM PDT
MARCH 29 2017.........SUNRISE   644 AM PDT   SUNSET   712 PM PDT


-  INDICATES NEGATIVE NUMBERS.
R  INDICATES RECORD WAS SET OR TIED.
MM INDICATES DATA IS MISSING.
T  INDICATES TRACE AMOUNT.




$$
