000
CDUS46 KLOX 250116
CLICQT


CLIMATE REPORT
NATIONAL WEATHER SERVICE LOS ANGELES/OXNARD CA
616 PM PDT SAT SEP 24 2016


...................................

...THE DOWNTOWN LOS ANGELES (USC) CA CLIMATE SUMMARY FOR SEPTEMBER 24 2016...
VALID TODAY AS OF 0600 PM LOCAL TIME.

CLIMATE NORMAL PERIOD 1981 TO 2010
CLIMATE RECORD PERIOD 1877 TO 2016


WEATHER ITEM   OBSERVED TIME   RECORD YEAR NORMAL DEPARTURE LAST
                VALUE   (LST)  VALUE       VALUE  FROM      YEAR
                                                  NORMAL
..................................................................
TEMPERATURE (F)
 TODAY
  MAXIMUM         90   1134 AM 106    1978  82      8       92
  MINIMUM         60    538 AM  45    1880  62     -2       68
  AVERAGE         75                        72      3       80

PRECIPITATION (IN)
  TODAY            0.00          1.95 1986   0.01  -0.01     0.00
  MONTH TO DATE    T                         0.16  -0.16     2.39
  SINCE OCT 1      6.88                     14.85  -7.97    11.24
  SINCE JAN 1      5.85                     10.82  -4.97     6.63

SNOWFALL (IN)
  TODAY            0.0
  MONTH TO DATE    0.0
  SINCE SEP 1      0.0
  SINCE JUL 1      0.0

DEGREE DAYS
 HEATING
  TODAY            0                         0      0        0
  MONTH TO DATE    0                         0      0        0
  SINCE SEP 1      0                         0      0        0
  SINCE JUL 1      0                         0      0        0

 COOLING
  TODAY           10                         7      3       15
  MONTH TO DATE  167                       202    -35      332
  SINCE SEP 1    167                       202    -35      332
  SINCE JAN 1   1162                      1036    126     1453
..................................................................


WIND (MPH)
  HIGHEST WIND SPEED     9   HIGHEST WIND DIRECTION     W (280)
  HIGHEST GUST SPEED    15   HIGHEST GUST DIRECTION     W (270)
  AVERAGE WIND SPEED     1.9


SKY COVER
  POSSIBLE SUNSHINE  MM
  AVERAGE SKY COVER 0.0


WEATHER CONDITIONS
 THE FOLLOWING WEATHER WAS RECORDED TODAY.
  HAZE


RELATIVE HUMIDITY (PERCENT)
 HIGHEST    73           100 AM
 LOWEST     17          1100 AM
 AVERAGE    45

..........................................................


THE DOWNTOWN LOS ANGELES (USC) CA CLIMATE NORMALS FOR TOMORROW
                         NORMAL    RECORD    YEAR
 MAXIMUM TEMPERATURE (F)   82       107      1978
                                             1963
 MINIMUM TEMPERATURE (F)   62        48      1879


SUNRISE AND SUNSET
SEPTEMBER 24 2016.....SUNRISE   643 AM PDT   SUNSET   646 PM PDT
SEPTEMBER 25 2016.....SUNRISE   644 AM PDT   SUNSET   645 PM PDT


-  INDICATES NEGATIVE NUMBERS.
R  INDICATES RECORD WAS SET OR TIED.
MM INDICATES DATA IS MISSING.
T  INDICATES TRACE AMOUNT.




$$
