000
CDUS46 KLOX 260915
CLICQT


CLIMATE REPORT
NATIONAL WEATHER SERVICE LOS ANGELES/OXNARD CA
215 AM PDT THU MAY 26 2016


...................................

...THE DOWNTOWN LOS ANGELES (USC) CA CLIMATE SUMMARY FOR MAY 25 2016...

CLIMATE NORMAL PERIOD 1981 TO 2010
CLIMATE RECORD PERIOD 1877 TO 2016


WEATHER ITEM   OBSERVED TIME   RECORD YEAR NORMAL DEPARTURE LAST
                VALUE   (LST)  VALUE       VALUE  FROM      YEAR
                                                  NORMAL
..................................................................
TEMPERATURE (F)
 YESTERDAY
  MAXIMUM         68    453 PM 103    1896  75     -7       71
  MINIMUM         56    408 AM  47    1916  58     -2       57
                                      1879
  AVERAGE         62                        66     -4       64

PRECIPITATION (IN)
  YESTERDAY        0.00          0.42 1882   0.01  -0.01     0.00
  MONTH TO DATE    0.05                      0.23  -0.18     0.93
  SINCE OCT 1      6.88                     14.52  -7.64     8.46
  SINCE JAN 1      5.85                     10.49  -4.64     3.85

SNOWFALL (IN)
  YESTERDAY        0.0
  MONTH TO DATE    0.0
  SINCE MAR 1      0.0
  SINCE JUL 1      0.0

DEGREE DAYS
 HEATING
  YESTERDAY        3                         1      2        1
  MONTH TO DATE   20                        38    -18       40
  SINCE MAR 1    118                       296   -178      106
  SINCE JUL 1    758                      1071   -313      469

 COOLING
  YESTERDAY        0                         2     -2        0
  MONTH TO DATE   21                        50    -29       15
  SINCE MAR 1    125                       114     11      223
  SINCE JAN 1    200                       137     63      280
..................................................................


WIND (MPH)
  HIGHEST WIND SPEED    13   HIGHEST WIND DIRECTION     W (280)
  HIGHEST GUST SPEED    19   HIGHEST GUST DIRECTION     W (270)
  AVERAGE WIND SPEED     2.2


SKY COVER
  POSSIBLE SUNSHINE  MM
  AVERAGE SKY COVER 0.5


WEATHER CONDITIONS
 THE FOLLOWING WEATHER WAS RECORDED YESTERDAY.
  NO SIGNIFICANT WEATHER WAS OBSERVED.


RELATIVE HUMIDITY (PERCENT)
 HIGHEST    86           200 AM
 LOWEST     45           400 PM
 AVERAGE    66

..........................................................


THE DOWNTOWN LOS ANGELES (USC) CA CLIMATE NORMALS FOR TODAY
                         NORMAL    RECORD    YEAR
 MAXIMUM TEMPERATURE (F)   75        96      1896
 MINIMUM TEMPERATURE (F)   58        46      1917


SUNRISE AND SUNSET
MAY 26 2016...........SUNRISE   545 AM PDT   SUNSET   756 PM PDT
MAY 27 2016...........SUNRISE   544 AM PDT   SUNSET   757 PM PDT


-  INDICATES NEGATIVE NUMBERS.
R  INDICATES RECORD WAS SET OR TIED.
MM INDICATES DATA IS MISSING.
T  INDICATES TRACE AMOUNT.




$$
