000
CDUS46 KLOX 201121
CLICQT


CLIMATE REPORT
NATIONAL WEATHER SERVICE LOS ANGELES/OXNARD CA
321 AM PST MON FEB 20 2017


...................................

...THE DOWNTOWN LOS ANGELES (USC) CA CLIMATE SUMMARY FOR FEBRUARY 19 2017...

CLIMATE NORMAL PERIOD 1981 TO 2010
CLIMATE RECORD PERIOD 1877 TO 2017


WEATHER ITEM   OBSERVED TIME   RECORD YEAR NORMAL DEPARTURE LAST
                VALUE   (LST)  VALUE       VALUE  FROM      YEAR
                                                  NORMAL
..................................................................
TEMPERATURE (F)
 YESTERDAY
  MAXIMUM         63    249 PM  91    1995  69     -6       69
  MINIMUM         54    406 AM  34    1880  50      4       51
  AVERAGE         59                        59      0       60

PRECIPITATION (IN)
  YESTERDAY        0.03          2.32 1958   0.15  -0.12     0.00
  MONTH TO DATE    4.05                      2.56   1.49     0.79
  SINCE OCT 1     18.38                      9.71   8.67     4.99
  SINCE JAN 1     12.43                      5.68   6.75     3.96

SNOWFALL (IN)
  YESTERDAY        0.0
  MONTH TO DATE    0.0
  SINCE DEC 1      0.0
  SINCE JUL 1      0.0

DEGREE DAYS
 HEATING
  YESTERDAY        6                         6      0        5
  MONTH TO DATE   73                       132    -59       61
  SINCE DEC 1    510                       592    -82      528
  SINCE JUL 1    581                       723   -142      632

 COOLING
  YESTERDAY        0                         1     -1        0
  MONTH TO DATE    5                         6     -1       58
  SINCE DEC 1     14                        19     -5       68
  SINCE JAN 1      8                        15     -7       58
..................................................................


WIND (MPH)
  HIGHEST WIND SPEED     8   HIGHEST WIND DIRECTION     W (270)
  HIGHEST GUST SPEED    12   HIGHEST GUST DIRECTION     W (270)
  AVERAGE WIND SPEED     2.1


SKY COVER
  POSSIBLE SUNSHINE  MM
  AVERAGE SKY COVER 0.9


WEATHER CONDITIONS
 THE FOLLOWING WEATHER WAS RECORDED YESTERDAY.
  LIGHT RAIN
  FOG


RELATIVE HUMIDITY (PERCENT)
 HIGHEST    93          1200 AM
 LOWEST     64           100 PM
 AVERAGE    79

..........................................................


THE DOWNTOWN LOS ANGELES (USC) CA CLIMATE NORMALS FOR TODAY
                         NORMAL    RECORD    YEAR
 MAXIMUM TEMPERATURE (F)   69        95      1995
 MINIMUM TEMPERATURE (F)   50        34      1882


SUNRISE AND SUNSET
FEBRUARY 20 2017......SUNRISE   632 AM PST   SUNSET   542 PM PST
FEBRUARY 21 2017......SUNRISE   631 AM PST   SUNSET   543 PM PST


-  INDICATES NEGATIVE NUMBERS.
R  INDICATES RECORD WAS SET OR TIED.
MM INDICATES DATA IS MISSING.
T  INDICATES TRACE AMOUNT.




$$
