000
CDUS46 KLOX 282210
CLICQT


CLIMATE REPORT
NATIONAL WEATHER SERVICE LOS ANGELES/OXNARD CA
310 PM PDT THU MAY 28 2015


...................................

...THE DOWNTOWN LOS ANGELES (USC) CA CLIMATE SUMMARY FOR MAY 28 2015...
VALID AS OF 0300 PM LOCAL TIME.

CLIMATE NORMAL PERIOD 1981 TO 2010
CLIMATE RECORD PERIOD 1877 TO 2015


WEATHER ITEM   OBSERVED TIME   RECORD YEAR NORMAL DEPARTURE LAST
                VALUE   (LST)  VALUE       VALUE  FROM      YEAR
                                                  NORMAL
..................................................................
TEMPERATURE (F)
 TODAY
  MAXIMUM         75   1257 PM 101    1973  75      0       79
  MINIMUM         57    333 AM  48    1895  58     -1       65
  AVERAGE         66                        66      0       72

PRECIPITATION (IN)
  TODAY            0.00          1.14 1990   0.01  -0.01     0.00
  MONTH TO DATE    0.93                      0.25   0.68     0.00
  SINCE OCT 1      8.46                     14.54  -6.08     5.99
  SINCE JAN 1      3.85                     10.51  -6.66     5.11

SNOWFALL (IN)
  TODAY            0.0
  MONTH TO DATE    0.0
  SINCE MAR 1      0.0
  SINCE JUL 1      0.0

DEGREE DAYS
 HEATING
  TODAY            0                         1     -1        0
  MONTH TO DATE   41                        41      0        9
  SINCE MAR 1    107                       299   -192      124
  SINCE JUL 1    470                      1074   -604      601

 COOLING
  TODAY            1                         2     -1        7
  MONTH TO DATE   16                        56    -40      169
  SINCE MAR 1    224                       120    104      255
  SINCE JAN 1    281                       143    138      278
..................................................................


WIND (MPH)
  HIGHEST WIND SPEED     9   HIGHEST WIND DIRECTION     W (270)
  HIGHEST GUST SPEED    16   HIGHEST GUST DIRECTION     W (280)
  AVERAGE WIND SPEED     1.5


SKY COVER
  POSSIBLE SUNSHINE  MM
  AVERAGE SKY COVER 0.5


WEATHER CONDITIONS
 THE FOLLOWING WEATHER WAS RECORDED TODAY.
  FOG
  HAZE


RELATIVE HUMIDITY (PERCENT)
 HIGHEST    87           600 AM
 LOWEST     53           100 PM
 AVERAGE    70

..........................................................


THE DOWNTOWN LOS ANGELES (USC) CA CLIMATE NORMALS FOR TOMORROW
                         NORMAL    RECORD    YEAR
 MAXIMUM TEMPERATURE (F)   75        99      1978
 MINIMUM TEMPERATURE (F)   58        46      1881


SUNRISE AND SUNSET
MAY 28 2015...........SUNRISE   544 AM PDT   SUNSET   757 PM PDT
MAY 29 2015...........SUNRISE   544 AM PDT   SUNSET   757 PM PDT


-  INDICATES NEGATIVE NUMBERS.
R  INDICATES RECORD WAS SET OR TIED.
MM INDICATES DATA IS MISSING.
T  INDICATES TRACE AMOUNT.




$$
