000
CDUS46 KLOX 280907
CLICQT


CLIMATE REPORT
NATIONAL WEATHER SERVICE LOS ANGELES/OXNARD CA
107 AM PST FRI NOV 28 2014


...................................

...THE DOWNTOWN LOS ANGELES (USC) CA CLIMATE SUMMARY FOR NOVEMBER 27 2014...

CLIMATE NORMAL PERIOD 1981 TO 2010
CLIMATE RECORD PERIOD 1877 TO 2014


WEATHER ITEM   OBSERVED TIME   RECORD YEAR NORMAL DEPARTURE LAST
                VALUE   (LST)  VALUE       VALUE  FROM      YEAR
                                                  NORMAL
..................................................................
TEMPERATURE (F)
 YESTERDAY
  MAXIMUM         89    147 PM  90    1903  70     19       75
  MINIMUM         58   1159 PM  37    1897  49      9       54
  AVERAGE         74                        60     14       65

PRECIPITATION (IN)
  YESTERDAY        0.00          0.99 1905   0.05  -0.05     0.00
  MONTH TO DATE    0.18                      0.91  -0.73     0.39
  SINCE JUL 1      0.48                      1.86  -1.38     0.54
  SINCE JAN 1      5.59                     12.47  -6.88     3.17

SNOWFALL (IN)
  YESTERDAY        0.0
  MONTH TO DATE    0.0
  SINCE SEP 1      0.0
  SINCE JUL 1      0.0

DEGREE DAYS
 HEATING
  YESTERDAY        0                         6     -6        0
  MONTH TO DATE   19                        94    -75       45
  SINCE SEP 1     19                       114    -95       69
  SINCE JUL 1     19                       114    -95       69

 COOLING
  YESTERDAY        9                         0      9        0
  MONTH TO DATE   61                        32     29       45
  SINCE SEP 1    666                       405    261      404
  SINCE JAN 1   1743                      1239    504     1209
..................................................................


WIND (MPH)
  HIGHEST WIND SPEED     7   HIGHEST WIND DIRECTION    NE (30)
  HIGHEST GUST SPEED    10   HIGHEST GUST DIRECTION    NE (40)
  AVERAGE WIND SPEED     1.6


SKY COVER
  POSSIBLE SUNSHINE  MM
  AVERAGE SKY COVER 0.0


WEATHER CONDITIONS
 THE FOLLOWING WEATHER WAS RECORDED YESTERDAY.
  NO SIGNIFICANT WEATHER WAS OBSERVED.


RELATIVE HUMIDITY (PERCENT)
 HIGHEST    56           900 PM
 LOWEST      8           200 PM
 AVERAGE    32

..........................................................


THE DOWNTOWN LOS ANGELES (USC) CA CLIMATE NORMALS FOR TODAY
                         NORMAL    RECORD    YEAR
 MAXIMUM TEMPERATURE (F)   70        90      1924
 MINIMUM TEMPERATURE (F)   49        36      1906


SUNRISE AND SUNSET
NOVEMBER 28 2014......SUNRISE   638 AM PST   SUNSET   444 PM PST
NOVEMBER 29 2014......SUNRISE   639 AM PST   SUNSET   444 PM PST


-  INDICATES NEGATIVE NUMBERS.
R  INDICATES RECORD WAS SET OR TIED.
MM INDICATES DATA IS MISSING.
T  INDICATES TRACE AMOUNT.




$$
