000
CDUS42 KILM 182042
CLICRE


CLIMATE REPORT
NATIONAL WEATHER SERVICE WILMINGTON NC
441 PM EDT FRI APR 18 2014


...................................

...THE NORTH MYRTLE BEACH SC CLIMATE SUMMARY FOR APRIL 18 2014...
VALID TODAY AS OF 0400 PM LOCAL TIME.

CLIMATE NORMAL PERIOD 1981 TO 2010
CLIMATE RECORD PERIOD 1949 TO 2014


WEATHER ITEM   OBSERVED TIME   RECORD YEAR NORMAL DEPARTURE LAST
                VALUE   (LST)  VALUE       VALUE  FROM      YEAR
                                                  NORMAL
..................................................................
TEMPERATURE (F)
 TODAY
  MAXIMUM         68    136 PM  82    2002  72     -4       77
  MINIMUM         50    719 AM  35    2001  53     -3       60
  AVERAGE         59                        62     -3       69

PRECIPITATION (IN)
  TODAY            T                         0.09  -0.09     0.11
  MONTH TO DATE    0.63                      1.84  -1.21     3.47
  SINCE MAR 1      5.37                      5.76  -0.39     6.65
  SINCE JAN 1      9.49                     12.87  -3.38    11.71

SNOWFALL (IN)
  TODAY           MM
  MONTH TO DATE   MM
  SINCE MAR 1     MM
  SINCE JUL 1     MM
  SNOW DEPTH      MM

DEGREE DAYS
 HEATING
  TODAY            6                         4      2        0
  MONTH TO DATE   74                       105    -31       80
  SINCE MAR 1    522                       443     79      565
  SINCE JUL 1   2546                      2387    159     2346

 COOLING
  TODAY            0                         1     -1        4
  MONTH TO DATE   15                        14      1       20
  SINCE MAR 1     15                        17     -2       22
  SINCE JAN 1     15                        17     -2       24
..................................................................


WIND (MPH)
  HIGHEST WIND SPEED    18   HIGHEST WIND DIRECTION    NE (30)
  HIGHEST GUST SPEED    22   HIGHEST GUST DIRECTION    NE (40)
  AVERAGE WIND SPEED    12.3


SKY COVER
  POSSIBLE SUNSHINE  MM
  AVERAGE SKY COVER 0.9


WEATHER CONDITIONS
 THE FOLLOWING WEATHER WAS RECORDED TODAY.
  LIGHT RAIN
  FOG
  HAZE


RELATIVE HUMIDITY (PERCENT)
 HIGHEST    77          1200 AM
 LOWEST     58           200 PM
 AVERAGE    68

..........................................................


THE NORTH MYRTLE BEACH SC CLIMATE NORMALS FOR TOMORROW
                         NORMAL    RECORD    YEAR
 MAXIMUM TEMPERATURE (F)   72        82      1995
 MINIMUM TEMPERATURE (F)   53        32      2001


SUNRISE AND SUNSET
APRIL 18 2014.........SUNRISE   641 AM EDT   SUNSET   748 PM EDT
APRIL 19 2014.........SUNRISE   639 AM EDT   SUNSET   749 PM EDT


-  INDICATES NEGATIVE NUMBERS.
R  INDICATES RECORD WAS SET OR TIED.
MM INDICATES DATA IS MISSING.
T  INDICATES TRACE AMOUNT.




$$
