000
CDUS42 KILM 210940
CLICRE


CLIMATE REPORT
NATIONAL WEATHER SERVICE WILMINGTON NC
440 AM EST TUE NOV 21 2017


...................................

...THE N.MYRTLE BEACH SOUTH CAROLINA CLIMATE SUMMARY FOR NOVEMBER 20 2017...

CLIMATE NORMAL PERIOD 1981 TO 2010
CLIMATE RECORD PERIOD 1949 TO 2017


WEATHER ITEM   OBSERVED TIME   RECORD YEAR NORMAL DEPARTURE LAST
                VALUE   (LST)  VALUE       VALUE  FROM      YEAR
                                                  NORMAL
..................................................................
TEMPERATURE (F)
 YESTERDAY
  MAXIMUM         61    331 PM  76    2007  65     -4       58
  MINIMUM         32    622 AM  20    1951  45    -13       37
  AVERAGE         47                        55     -8       48

PRECIPITATION (IN)
  YESTERDAY        0.00          0.12 2005   0.11  -0.11     0.00
  MONTH TO DATE    1.33                      2.02  -0.69     0.17
  SINCE SEP 1      9.88                     12.18  -2.30    27.92
  SINCE JAN 1     45.49                     47.53  -2.04    53.56

SNOWFALL (IN)
  YESTERDAY       MM
  MONTH TO DATE   MM
  SINCE SEP 1     MM
  SINCE JUL 1     MM
  SNOW DEPTH      MM

DEGREE DAYS
 HEATING
  YESTERDAY       18                        10      8       17
  MONTH TO DATE  164                       156      8      173
  SINCE SEP 1    226                       246    -20      201
  SINCE JUL 1    226                       246    -20      201

 COOLING
  YESTERDAY        0                         0      0        0
  MONTH TO DATE   17                        12      5        7
  SINCE SEP 1    532                       419    113      509
  SINCE JAN 1   2197                      1895    302     2365
..................................................................


WIND (MPH)
  HIGHEST WIND SPEED    13   HIGHEST WIND DIRECTION    NE (30)
  HIGHEST GUST SPEED    21   HIGHEST GUST DIRECTION    NE (30)
  AVERAGE WIND SPEED     3.8


SKY COVER
  POSSIBLE SUNSHINE  MM
  AVERAGE SKY COVER 0.0


WEATHER CONDITIONS
 THE FOLLOWING WEATHER WAS RECORDED YESTERDAY.
  NO SIGNIFICANT WEATHER WAS OBSERVED.


RELATIVE HUMIDITY (PERCENT)
 HIGHEST   100          1000 PM
 LOWEST     27           200 PM
 AVERAGE    64

..........................................................


THE N.MYRTLE BEACH SOUTH CAROLINA CLIMATE NORMALS FOR TODAY
                         NORMAL    RECORD    YEAR
 MAXIMUM TEMPERATURE (F)   65        77      2011
 MINIMUM TEMPERATURE (F)   45        20      1951


SUNRISE AND SUNSET
NOVEMBER 21 2017......SUNRISE   653 AM EST   SUNSET   509 PM EST
NOVEMBER 22 2017......SUNRISE   654 AM EST   SUNSET   508 PM EST


-  INDICATES NEGATIVE NUMBERS.
R  INDICATES RECORD WAS SET OR TIED.
MM INDICATES DATA IS MISSING.
T  INDICATES TRACE AMOUNT.




$$
