000
CDUS42 KILM 060941
CLICRE


CLIMATE REPORT
NATIONAL WEATHER SERVICE WILMINGTON NC
441 AM EST FRI MAR 6 2015


...................................

...THE NORTH MYRTLE BEACH SC CLIMATE SUMMARY FOR MARCH 5 2015...

CLIMATE NORMAL PERIOD 1981 TO 2010
CLIMATE RECORD PERIOD 1949 TO 2015


WEATHER ITEM   OBSERVED TIME   RECORD YEAR NORMAL DEPARTURE LAST
                VALUE   (LST)  VALUE       VALUE  FROM      YEAR
                                                  NORMAL
..................................................................
TEMPERATURE (F)
 YESTERDAY
  MAXIMUM         67    109 PM  80    1955  62      5       41
  MINIMUM         38   1159 PM  24    2002  42     -4       34
  AVERAGE         53                        52      1       38

PRECIPITATION (IN)
  YESTERDAY        0.31                      0.12   0.19     0.07
  MONTH TO DATE    0.39                      0.59  -0.20     0.16
  SINCE MAR 1      0.39                      0.59  -0.20     0.16
  SINCE JAN 1      7.58                      7.70  -0.12     4.28

SNOWFALL (IN)
  YESTERDAY       MM
  MONTH TO DATE   MM
  SINCE MAR 1     MM
  SINCE JUL 1     MM
  SNOW DEPTH      MM

DEGREE DAYS
 HEATING
  YESTERDAY       12                        13     -1       27
  MONTH TO DATE   67                        69     -2      105
  SINCE MAR 1     67                        69     -2      105
  SINCE JUL 1   2122                      2013    109     2129

 COOLING
  YESTERDAY        0                         0      0        0
  MONTH TO DATE    0                         0      0        0
  SINCE MAR 1      0                         0      0        0
  SINCE JAN 1      1                         0      1        0
..................................................................


WIND (MPH)
  HIGHEST WIND SPEED    29   HIGHEST WIND DIRECTION    SW (220)
  HIGHEST GUST SPEED    37   HIGHEST GUST DIRECTION    SW (210)
  AVERAGE WIND SPEED    17.3


SKY COVER
  POSSIBLE SUNSHINE  MM
  AVERAGE SKY COVER 0.8


WEATHER CONDITIONS
 THE FOLLOWING WEATHER WAS RECORDED YESTERDAY.
  HEAVY RAIN
  RAIN
  LIGHT RAIN
  FOG
  FOG W/VISIBILITY <= 1/4 MILE


RELATIVE HUMIDITY (PERCENT)
 HIGHEST   100           100 AM
 LOWEST     78           200 PM
 AVERAGE    89

..........................................................


THE NORTH MYRTLE BEACH SC CLIMATE NORMALS FOR TODAY
                         NORMAL    RECORD    YEAR
 MAXIMUM TEMPERATURE (F)   62        77      1955
 MINIMUM TEMPERATURE (F)   42        25      1954


SUNRISE AND SUNSET
MARCH  6 2015.........SUNRISE   637 AM EST   SUNSET   615 PM EST
MARCH  7 2015.........SUNRISE   636 AM EST   SUNSET   616 PM EST


-  INDICATES NEGATIVE NUMBERS.
R  INDICATES RECORD WAS SET OR TIED.
MM INDICATES DATA IS MISSING.
T  INDICATES TRACE AMOUNT.




$$
