000
CDUS42 KILM 300840
CLICRE


CLIMATE REPORT
NATIONAL WEATHER SERVICE WILMINGTON NC
440 AM EDT MON MAY 30 2016


...................................

...THE NORTH MYRTLE BEACH SC CLIMATE SUMMARY FOR MAY 29 2016...

CLIMATE NORMAL PERIOD 1981 TO 2010
CLIMATE RECORD PERIOD 1949 TO 2016


WEATHER ITEM   OBSERVED TIME   RECORD YEAR NORMAL DEPARTURE LAST
                VALUE   (LST)  VALUE       VALUE  FROM      YEAR
                                                  NORMAL
..................................................................
TEMPERATURE (F)
 YESTERDAY
  MAXIMUM         81   1211 PM  92    1991  81      0       82
  MINIMUM         72    214 AM  50    1951  65      7       63
  AVERAGE         77                        73      4       73

PRECIPITATION (IN)
  YESTERDAY        0.78                      0.14   0.64     0.00
  MONTH TO DATE    5.14                      3.11   2.03     6.80
  SINCE MAR 1      7.60                      9.99  -2.39    12.87
  SINCE JAN 1     15.67                     17.10  -1.43    20.06

DEGREE DAYS
 HEATING
  YESTERDAY        0                         0      0        0
  MONTH TO DATE   12                        23    -11        8
  SINCE MAR 1    306                       502   -196      363
  SINCE JUL 1   1781                      2446   -665     2450

 COOLING
  YESTERDAY       12                         8      4        8
  MONTH TO DATE  174                       153     21      186
  SINCE MAR 1    274                       195     79      238
  SINCE JAN 1    274                       195     79      239
..................................................................


WIND (MPH)
  HIGHEST WIND SPEED    17   HIGHEST WIND DIRECTION    NE (50)
  HIGHEST GUST SPEED    21   HIGHEST GUST DIRECTION    SE (120)
  AVERAGE WIND SPEED     9.0


SKY COVER
  POSSIBLE SUNSHINE  MM
  AVERAGE SKY COVER 0.8


WEATHER CONDITIONS
 THE FOLLOWING WEATHER WAS RECORDED YESTERDAY.
  THUNDERSTORM
  HEAVY RAIN
  RAIN
  LIGHT RAIN
  FOG


RELATIVE HUMIDITY (PERCENT)
 HIGHEST    93          1200 AM
 LOWEST     74           600 PM
 AVERAGE    84

..........................................................


THE NORTH MYRTLE BEACH SC CLIMATE NORMALS FOR TODAY
                         NORMAL    RECORD    YEAR
 MAXIMUM TEMPERATURE (F)   81        90      1953
 MINIMUM TEMPERATURE (F)   65        50      1951


SUNRISE AND SUNSET
MAY 30 2016...........SUNRISE   606 AM EDT   SUNSET   820 PM EDT
MAY 31 2016...........SUNRISE   605 AM EDT   SUNSET   820 PM EDT


-  INDICATES NEGATIVE NUMBERS.
R  INDICATES RECORD WAS SET OR TIED.
MM INDICATES DATA IS MISSING.
T  INDICATES TRACE AMOUNT.




$$
