000
CDUS42 KILM 240847
CLICRE


CLIMATE REPORT
NATIONAL WEATHER SERVICE WILMINGTON NC
446 AM EDT SUN SEP 24 2017


...................................

...THE N.MYRTLE BEACH SOUTH CAROLINA CLIMATE SUMMARY FOR SEPTEMBER 23 2017...

CLIMATE NORMAL PERIOD 1981 TO 2010
CLIMATE RECORD PERIOD 1949 TO 2017


WEATHER ITEM   OBSERVED TIME   RECORD YEAR NORMAL DEPARTURE LAST
                VALUE   (LST)  VALUE       VALUE  FROM      YEAR
                                                  NORMAL
..................................................................
TEMPERATURE (F)
 YESTERDAY
  MAXIMUM         86   1143 AM  90    2007  82      4       84
  MINIMUM         69    606 AM  47    1999  65      4       72
  AVERAGE         78                        73      5       78

PRECIPITATION (IN)
  YESTERDAY        0.00          2.31 2000   0.18  -0.18     0.29
  MONTH TO DATE    4.28                      4.94  -0.66    17.63
  SINCE SEP 1      4.28                      4.94  -0.66    17.63
  SINCE JAN 1     39.89                     40.29  -0.40    43.27

DEGREE DAYS
 HEATING
  YESTERDAY        0                         0      0        0
  MONTH TO DATE    0                         0      0        0
  SINCE SEP 1      0                         0      0        0
  SINCE JUL 1      0                         0      0        0

 COOLING
  YESTERDAY       13                         9      4       13
  MONTH TO DATE  258                       256      2      291
  SINCE SEP 1    258                       256      2      291
  SINCE JAN 1   1923                      1732    191     2147
..................................................................


WIND (MPH)
  HIGHEST WIND SPEED    10   HIGHEST WIND DIRECTION    SE (150)
  HIGHEST GUST SPEED    13   HIGHEST GUST DIRECTION    SE (150)
  AVERAGE WIND SPEED     5.2


SKY COVER
  POSSIBLE SUNSHINE  MM
  AVERAGE SKY COVER 0.1


WEATHER CONDITIONS
 THE FOLLOWING WEATHER WAS RECORDED YESTERDAY.
  FOG
  FOG W/VISIBILITY <= 1/4 MILE


RELATIVE HUMIDITY (PERCENT)
 HIGHEST   100           200 AM
 LOWEST     55          1200 PM
 AVERAGE    78

..........................................................


THE N.MYRTLE BEACH SOUTH CAROLINA CLIMATE NORMALS FOR TODAY
                         NORMAL    RECORD    YEAR
 MAXIMUM TEMPERATURE (F)   82        89      2000
 MINIMUM TEMPERATURE (F)   65        50      1999


SUNRISE AND SUNSET
SEPTEMBER 24 2017.....SUNRISE   704 AM EDT   SUNSET   708 PM EDT
SEPTEMBER 25 2017.....SUNRISE   705 AM EDT   SUNSET   707 PM EDT


-  INDICATES NEGATIVE NUMBERS.
R  INDICATES RECORD WAS SET OR TIED.
MM INDICATES DATA IS MISSING.
T  INDICATES TRACE AMOUNT.




$$
