000
CDUS42 KILM 010841
CLICRE


CLIMATE REPORT
NATIONAL WEATHER SERVICE WILMINGTON NC
441 AM EDT FRI AUG 1 2014


...................................

...THE NORTH MYRTLE BEACH SC CLIMATE SUMMARY FOR JULY 31 2014...

CLIMATE NORMAL PERIOD 1981 TO 2010
CLIMATE RECORD PERIOD 1949 TO 2014


WEATHER ITEM   OBSERVED TIME   RECORD YEAR NORMAL DEPARTURE LAST
                VALUE   (LST)  VALUE       VALUE  FROM      YEAR
                                                  NORMAL
..................................................................
TEMPERATURE (F)
 YESTERDAY
  MAXIMUM         86   1215 PM  95    1953  87     -1       83
  MINIMUM         71    558 AM  63    1997  73     -2       73
  AVERAGE         79                        80     -1       78

PRECIPITATION (IN)
  YESTERDAY        T                         0.20  -0.20     0.04
  MONTH TO DATE    6.44                      5.90   0.54     6.68
  SINCE JUN 1      9.07                     10.54  -1.47    19.13
  SINCE JAN 1     22.05                     27.94  -5.89    36.57

DEGREE DAYS
 HEATING
  YESTERDAY        0                         0      0        0
  MONTH TO DATE    0                         0      0        0
  SINCE JUN 1      0                         0      0        0
  SINCE JUL 1      0                         0      0        0

 COOLING
  YESTERDAY       14                        15     -1       13
  MONTH TO DATE  461                       476    -15      469
  SINCE JUN 1    866                       833     33      856
  SINCE JAN 1   1148                      1045    103     1036
..................................................................


WIND (MPH)
  HIGHEST WIND SPEED    18   HIGHEST WIND DIRECTION     E (100)
  HIGHEST GUST SPEED    26   HIGHEST GUST DIRECTION     E (100)
  AVERAGE WIND SPEED    10.5


SKY COVER
  POSSIBLE SUNSHINE  MM
  AVERAGE SKY COVER 0.5


WEATHER CONDITIONS
 THE FOLLOWING WEATHER WAS RECORDED YESTERDAY.
  THUNDERSTORM
  LIGHT RAIN


RELATIVE HUMIDITY (PERCENT)
 HIGHEST    84           200 AM
 LOWEST     61           100 PM
 AVERAGE    73

..........................................................


THE NORTH MYRTLE BEACH SC CLIMATE NORMALS FOR TODAY
                         NORMAL    RECORD    YEAR
 MAXIMUM TEMPERATURE (F)   87        98      1999
 MINIMUM TEMPERATURE (F)   73        65      1993


SUNRISE AND SUNSET
AUGUST  1 2014........SUNRISE   627 AM EDT   SUNSET   815 PM EDT
AUGUST  2 2014........SUNRISE   627 AM EDT   SUNSET   814 PM EDT


-  INDICATES NEGATIVE NUMBERS.
R  INDICATES RECORD WAS SET OR TIED.
MM INDICATES DATA IS MISSING.
T  INDICATES TRACE AMOUNT.




$$
