561
CDUS44 KCRP 260711
CLICRP

CLIMATE REPORT
NATIONAL WEATHER SERVICE CORPUS CHRISTI TX
211 AM CDT THU MAY 26 2016


...THE CORPUS CHRISTI CLIMATE SUMMARY FOR MAY 25 2016...

CLIMATE NORMAL PERIOD 1981 TO 2010
CLIMATE RECORD PERIOD 1887 TO 2016


WEATHER ITEM   OBSERVED TIME   RECORD YEAR NORMAL DEPARTURE LAST
                VALUE   (LST)  VALUE       VALUE  FROM      YEAR
                                                  NORMAL
..................................................................
TEMPERATURE (F)
 YESTERDAY
  MAXIMUM         89    253 PM  97    2009  88      1       86
  MINIMUM         79    603 AM  60    1940  72      7       75
  AVERAGE         84                        80      4       81

PRECIPITATION (IN)
  YESTERDAY        T             3.31 1933   0.11  -0.11      T
  MONTH TO DATE    5.81                      2.41   3.40    13.41
  SINCE MAR 1     15.75                      6.14   9.61    25.90
  SINCE JAN 1     18.04                      9.61   8.43    29.35

SNOWFALL (IN)
  YESTERDAY        0.0
  MONTH TO DATE    0.0
  SINCE MAR 1      0.0
  SINCE JUL 1      0.0
  SNOW DEPTH       0

DEGREE DAYS
 HEATING
  YESTERDAY        0                         0      0        0
  MONTH TO DATE    0                         0      0        0
  SINCE MAR 1     21                        98    -77      116
  SINCE JUL 1    640                       898   -258     1053

 COOLING
  YESTERDAY       19                        15      4       16
  MONTH TO DATE  355                       321     34      349
  SINCE MAR 1    853                       673    180      705
  SINCE JAN 1    930                       749    181      733
..................................................................


WIND (MPH)
  HIGHEST WIND SPEED    22   HIGHEST WIND DIRECTION    SE (130)
  HIGHEST GUST SPEED    26   HIGHEST GUST DIRECTION    SE (130)
  AVERAGE WIND SPEED    13.8


SKY COVER
  POSSIBLE SUNSHINE  MM
  AVERAGE SKY COVER 0.8


WEATHER CONDITIONS
 THE FOLLOWING WEATHER WAS RECORDED YESTERDAY.
  LIGHT RAIN
  FOG
  HAZE


RELATIVE HUMIDITY (PERCENT)
 HIGHEST    94           700 AM
 LOWEST     68          1100 AM
 AVERAGE    81

..........................................................


THE CORPUS CHRISTI CLIMATE NORMALS FOR TODAY
                         NORMAL    RECORD    YEAR
 MAXIMUM TEMPERATURE (F)   88        97      1928
 MINIMUM TEMPERATURE (F)   72        61      1947
                                             1901


SUNRISE AND SUNSET
MAY 26 2016...........SUNRISE   636 AM CDT   SUNSET   819 PM CDT
MAY 27 2016...........SUNRISE   635 AM CDT   SUNSET   819 PM CDT


-  INDICATES NEGATIVE NUMBERS.
R  INDICATES RECORD WAS SET OR TIED.
MM INDICATES DATA IS MISSING.
T  INDICATES TRACE AMOUNT.

$$

TMT
