000
CDUS44 KCRP 240036
CLICRP

CLIMATE REPORT
NATIONAL WEATHER SERVICE CORPUS CHRISTI TX
734 PM CDT FRI JUN 23 2017

...................................

...THE CORPUS CHRISTI CLIMATE SUMMARY FOR JUNE 23 2017...
VALID TODAY AS OF 700 PM LOCAL TIME.

CLIMATE NORMAL PERIOD 1981 TO 2010
CLIMATE RECORD PERIOD 1887 TO 2017


WEATHER ITEM   OBSERVED TIME   RECORD YEAR NORMAL DEPARTURE LAST
                VALUE   (LST)  VALUE       VALUE  FROM      YEAR
                                                  NORMAL
..................................................................
TEMPERATURE (F)
 TODAY
  MAXIMUM         94    350 PM  98    1990  92      2       92
                                      1953
  MINIMUM         81    615 AM  67    2008  75      6       75
  AVERAGE         88                        83      5       84

PRECIPITATION (IN)
  TODAY            0.00          2.87 1960   0.12  -0.12     0.00
  MONTH TO DATE    1.47                      2.52  -1.05     2.88
  SINCE JUN 1      1.47                      2.52  -1.05     2.88
  SINCE JAN 1     14.74                     12.79   1.95    21.10

SNOWFALL (IN)
  TODAY            0.0
  MONTH TO DATE    0.0
  SINCE JUN 1      0.0
  SINCE JUL 1      0.0
  SNOW DEPTH       0

DEGREE DAYS
 HEATING
  TODAY            0                         0      0        0
  MONTH TO DATE    0                         0      0        0
  SINCE JUN 1      0                         0      0        0
  SINCE JUL 1    368                       898   -530      640

 COOLING
  TODAY           23                        18      5       19
  MONTH TO DATE  433                       394     39      416
  SINCE JUN 1    433                       394     39      416
  SINCE JAN 1   1623                      1235    388     1452
..................................................................


WIND (MPH)
  HIGHEST WIND SPEED    22   HIGHEST WIND DIRECTION    SE (140)
  HIGHEST GUST SPEED    27   HIGHEST GUST DIRECTION    SE (140)


SKY COVER
  POSSIBLE SUNSHINE  MM
  AVERAGE SKY COVER 0.5


WEATHER CONDITIONS
 THE FOLLOWING WEATHER WAS RECORDED TODAY.
  NO SIGNIFICANT WEATHER WAS OBSERVED.


RELATIVE HUMIDITY (PERCENT)
 HIGHEST    91           600 AM
 LOWEST     62          1100 AM
 AVERAGE    77

..........................................................


THE CORPUS CHRISTI CLIMATE NORMALS FOR TOMORROW
                         NORMAL    RECORD    YEAR
 MAXIMUM TEMPERATURE (F)   92        98      2012
                                             2009
                                             1990
 MINIMUM TEMPERATURE (F)   75        68      2005


SUNRISE AND SUNSET
JUNE 23 2017..........SUNRISE   635 AM CDT   SUNSET   829 PM CDT
JUNE 24 2017..........SUNRISE   636 AM CDT   SUNSET   829 PM CDT


-  INDICATES NEGATIVE NUMBERS.
R  INDICATES RECORD WAS SET OR TIED.
MM INDICATES DATA IS MISSING.
T  INDICATES TRACE AMOUNT.




$$
