000
CDUS44 KCRP 300644
CLICRP

CLIMATE REPORT
NATIONAL WEATHER SERVICE CORPUS CHRISTI TX
143 AM CDT SUN AUG 30 2015


...................................

...THE CORPUS CHRISTI CLIMATE SUMMARY FOR AUGUST 29 2015...

CLIMATE NORMAL PERIOD 1981 TO 2010
CLIMATE RECORD PERIOD 1887 TO 2015


WEATHER ITEM   OBSERVED TIME   RECORD YEAR NORMAL DEPARTURE LAST
                VALUE   (LST)  VALUE       VALUE  FROM      YEAR
                                                  NORMAL
..................................................................
TEMPERATURE (F)
 YESTERDAY
  MAXIMUM         92    329 PM 107    2012  93     -1       90
  MINIMUM         67R   618 AM  69    1992  75     -8       77
                                      1958
  AVERAGE         80                        84     -4       84

PRECIPITATION (IN)
  YESTERDAY        0.00          2.90 1946   0.15  -0.15     0.18
  MONTH TO DATE    2.34                      2.61  -0.27     1.26
  SINCE JUN 1      5.16                      8.76  -3.60     3.41
  SINCE JAN 1     35.42                     19.03  16.39    10.51

SNOWFALL (IN)
  YESTERDAY        0.0
  MONTH TO DATE    0.0
  SINCE JUN 1      0.0
  SINCE JUL 1      0.0
  SNOW DEPTH       0

DEGREE DAYS
 HEATING
  YESTERDAY        0                         0      0        0
  MONTH TO DATE    0                         0      0        0
  SINCE JUN 1      0                         0      0        0
  SINCE JUL 1      0                         0      0        0

 COOLING
  YESTERDAY       15                        19     -4       19
  MONTH TO DATE  607                       575     32      635
  SINCE JUN 1   1791                      1684    107     1862
  SINCE JAN 1   2621                      2525     96     2668
..................................................................


WIND (MPH)
  HIGHEST WIND SPEED    18   HIGHEST WIND DIRECTION     E (100)
  HIGHEST GUST SPEED    23   HIGHEST GUST DIRECTION     E (110)
  AVERAGE WIND SPEED     7.8


SKY COVER
  POSSIBLE SUNSHINE  MM
  AVERAGE SKY COVER 0.3


WEATHER CONDITIONS
 THE FOLLOWING WEATHER WAS RECORDED YESTERDAY.
  NO SIGNIFICANT WEATHER WAS OBSERVED.


RELATIVE HUMIDITY (PERCENT)
 HIGHEST    78           400 AM
 LOWEST     36           400 PM
 AVERAGE    57

..........................................................


THE CORPUS CHRISTI CLIMATE NORMALS FOR TODAY
                         NORMAL    RECORD    YEAR
 MAXIMUM TEMPERATURE (F)   93       107      2012
 MINIMUM TEMPERATURE (F)   75        69      1942
                                             1893


SUNRISE AND SUNSET
AUGUST 30 2015........SUNRISE   708 AM CDT   SUNSET   753 PM CDT
AUGUST 31 2015........SUNRISE   708 AM CDT   SUNSET   752 PM CDT


-  INDICATES NEGATIVE NUMBERS.
R  INDICATES RECORD WAS SET OR TIED.
MM INDICATES DATA IS MISSING.
T  INDICATES TRACE AMOUNT.

$$

GW
