000
CDUS44 KCRP 310933
CLICRP

CLIMATE REPORT
NATIONAL WEATHER SERVICE CORPUS CHRISTI TX
429 AM CDT FRI JUL 31 2015

...................................

...THE CORPUS CHRISTI CLIMATE SUMMARY FOR JULY 30 2015...

CLIMATE NORMAL PERIOD 1981 TO 2010
CLIMATE RECORD PERIOD 1887 TO 2015


WEATHER ITEM   OBSERVED TIME   RECORD YEAR NORMAL DEPARTURE LAST
                VALUE   (LST)  VALUE       VALUE  FROM      YEAR
                                                  NORMAL
..................................................................
TEMPERATURE (F)
 YESTERDAY
  MAXIMUM         99    357 PM 101    1960  94      5       96
                                      1946
  MINIMUM         69R   523 AM  70    1971  75     -6       73
                                      1949
  AVERAGE         84                        85     -1       85

PRECIPITATION (IN)
  YESTERDAY        0.00          0.85 1916   0.06  -0.06     0.00
  MONTH TO DATE    0.57                      2.73  -2.16     0.74
  SINCE JUN 1      2.20                      6.09  -3.89     2.15
  SINCE JAN 1     32.46                     16.36  16.10     9.25

SNOWFALL (IN)
  YESTERDAY        0.0
  MONTH TO DATE    0.0
  SINCE JUN 1      0.0
  SINCE JUL 1      0.0
  SNOW DEPTH       0

DEGREE DAYS
 HEATING
  YESTERDAY        0                         0      0        0
  MONTH TO DATE    0                         0      0        0
  SINCE JUN 1      0                         0      0        0
  SINCE JUL 1      0                         0      0        0

 COOLING
  YESTERDAY       19                        20     -1       20
  MONTH TO DATE  621                       568     53      596
  SINCE JUN 1   1160                      1090     70     1203
  SINCE JAN 1   1990                      1931     59     2009
..................................................................


WIND (MPH)
  HIGHEST WIND SPEED    16   HIGHEST WIND DIRECTION    SE (130)
  HIGHEST GUST SPEED    20   HIGHEST GUST DIRECTION     E (80)
  AVERAGE WIND SPEED     6.7


SKY COVER
  POSSIBLE SUNSHINE  MM
  AVERAGE SKY COVER 0.7


WEATHER CONDITIONS
 THE FOLLOWING WEATHER WAS RECORDED YESTERDAY.
  FOG
  FOG W/VISIBILITY <= 1/4 MILE


RELATIVE HUMIDITY (PERCENT)
 HIGHEST   100           600 AM
 LOWEST     26           400 PM
 AVERAGE    63

..........................................................


THE CORPUS CHRISTI CLIMATE NORMALS FOR TODAY
                         NORMAL    RECORD    YEAR
 MAXIMUM TEMPERATURE (F)   94       100      2012
 MINIMUM TEMPERATURE (F)   75        70      1949
                                             1946


SUNRISE AND SUNSET
JULY 31 2015..........SUNRISE   652 AM CDT   SUNSET   820 PM CDT
AUGUST  1 2015........SUNRISE   653 AM CDT   SUNSET   819 PM CDT


-  INDICATES NEGATIVE NUMBERS.
R  INDICATES RECORD WAS SET OR TIED.
MM INDICATES DATA IS MISSING.
T  INDICATES TRACE AMOUNT.


$$

87
