000
CDUS44 KCRP 232134
CLICRP

CLIMATE REPORT
NATIONAL WEATHER SERVICE CORPUS CHRISTI TX
432 PM CDT WED AUG 23 2017

...................................

...THE CORPUS CHRISTI CLIMATE SUMMARY FOR AUGUST 23 2017...
VALID AS OF 400 PM LOCAL TIME.

CLIMATE NORMAL PERIOD 1981 TO 2010
CLIMATE RECORD PERIOD 1887 TO 2017


WEATHER ITEM   OBSERVED TIME   RECORD YEAR NORMAL DEPARTURE LAST
                VALUE   (LST)  VALUE       VALUE  FROM      YEAR
                                                  NORMAL
..................................................................
TEMPERATURE (F)
 TODAY
  MAXIMUM         96    252 PM 102    2010  94      2       96
  MINIMUM         73    440 AM  66    1949  75     -2       80
                                      1891
  AVERAGE         85                        85      0       88

PRECIPITATION (IN)
  TODAY            0.00          2.04 1999   0.11  -0.11     0.00
  MONTH TO DATE    0.84                      1.82  -0.98     2.62
  SINCE JUN 1      4.04                      7.97  -3.93     5.57
  SINCE JAN 1     17.31                     18.24  -0.93    23.79

SNOWFALL (IN)
  TODAY            0.0
  MONTH TO DATE    0.0
  SINCE JUN 1      0.0
  SINCE JUL 1      0.0
  SNOW DEPTH       0

DEGREE DAYS
 HEATING
  TODAY            0                         0      0        0
  MONTH TO DATE    0                         0      0        0
  SINCE JUN 1      0                         0      0        0
  SINCE JUL 1      0                         0      0        0

 COOLING
  TODAY           20                        20      0       23
  MONTH TO DATE  491                       460     31      494
  SINCE JUN 1   1668                      1569     99     1723
  SINCE JAN 1   2858                      2410    448     2759
..................................................................


WIND (MPH)
  HIGHEST WIND SPEED    17   HIGHEST WIND DIRECTION     E (90)
  HIGHEST GUST SPEED    27   HIGHEST GUST DIRECTION     E (100)


SKY COVER
  POSSIBLE SUNSHINE  MM
  AVERAGE SKY COVER 0.3


WEATHER CONDITIONS
 THE FOLLOWING WEATHER WAS RECORDED TODAY.
  NO SIGNIFICANT WEATHER WAS OBSERVED.


RELATIVE HUMIDITY (PERCENT)
 HIGHEST   100           300 AM
 LOWEST     45           300 PM
 AVERAGE    73

..........................................................


THE CORPUS CHRISTI CLIMATE NORMALS FOR TOMORROW
                         NORMAL    RECORD    YEAR
 MAXIMUM TEMPERATURE (F)   94       101      2010
 MINIMUM TEMPERATURE (F)   75        65      1891


SUNRISE AND SUNSET
AUGUST 23 2017........SUNRISE   705 AM CDT   SUNSET   800 PM CDT
AUGUST 24 2017........SUNRISE   705 AM CDT   SUNSET   759 PM CDT


-  INDICATES NEGATIVE NUMBERS.
R  INDICATES RECORD WAS SET OR TIED.
MM INDICATES DATA IS MISSING.
T  INDICATES TRACE AMOUNT.




$$
