000
CDUS44 KCRP 292313
CLICRP

CLIMATE REPORT
NATIONAL WEATHER SERVICE CORPUS CHRISTI TX
612 PM CDT MON JUN 29 2015

...................................

...THE CORPUS CHRISTI CLIMATE SUMMARY FOR JUNE 29 2015...
VALID TODAY AS OF 612 PM LOCAL TIME.

CLIMATE NORMAL PERIOD 1981 TO 2010
CLIMATE RECORD PERIOD 1887 TO 2015


WEATHER ITEM   OBSERVED TIME   RECORD YEAR NORMAL DEPARTURE LAST
                VALUE   (LST)  VALUE       VALUE  FROM      YEAR
                                                  NORMAL
..................................................................
TEMPERATURE (F)
 TODAY
  MAXIMUM         91    242 PM 107    2013  92     -1       95
  MINIMUM         77    248 AM  65    1985  75      2       80
  AVERAGE         84                        83      1       88

PRECIPITATION (IN)
  TODAY            T             4.17 1991   0.11  -0.11     0.00
  MONTH TO DATE    1.58                      3.24  -1.66     1.41
  SINCE JUN 1      1.58                      3.24  -1.66     1.41
  SINCE JAN 1     31.84                     13.51  18.33     8.51

SNOWFALL (IN)
  TODAY            0.0
  MONTH TO DATE    0.0
  SINCE JUN 1      0.0
  SINCE JUL 1      0.0
  SNOW DEPTH       0

DEGREE DAYS
 HEATING
  TODAY            0                         0      0        0
  MONTH TO DATE    0                         0      0        0
  SINCE JUN 1      0                         0      0        0
  SINCE JUL 1   1053                       898    155     1145

 COOLING
  TODAY           19                        18      1       23
  MONTH TO DATE  521                       502     19      585
  SINCE JUN 1    521                       502     19      585
  SINCE JAN 1   1351                      1343      8     1391
..................................................................


WIND (MPH)
  HIGHEST WIND SPEED    20   HIGHEST WIND DIRECTION    SE (130)
  HIGHEST GUST SPEED    26   HIGHEST GUST DIRECTION    SE (130)


SKY COVER
  POSSIBLE SUNSHINE  MM
  AVERAGE SKY COVER 0.9


WEATHER CONDITIONS
 THE FOLLOWING WEATHER WAS RECORDED TODAY.
  THUNDERSTORM
  LIGHT RAIN
  FOG


RELATIVE HUMIDITY (PERCENT)
 HIGHEST    91           100 AM
 LOWEST     64          1100 AM
 AVERAGE    78

..........................................................


THE CORPUS CHRISTI CLIMATE NORMALS FOR TOMORROW
                         NORMAL    RECORD    YEAR
 MAXIMUM TEMPERATURE (F)   92        98      2009
 MINIMUM TEMPERATURE (F)   75        63      1985


SUNRISE AND SUNSET
JUNE 29 2015..........SUNRISE   637 AM CDT   SUNSET   830 PM CDT
JUNE 30 2015..........SUNRISE   637 AM CDT   SUNSET   830 PM CDT


-  INDICATES NEGATIVE NUMBERS.
R  INDICATES RECORD WAS SET OR TIED.
MM INDICATES DATA IS MISSING.
T  INDICATES TRACE AMOUNT.




$$
