000
CDUS44 KCRP 020930
CLICRP

CLIMATE REPORT
NATIONAL WEATHER SERVICE CORPUS CHRISTI TX
425 AM CDT THU OCT 2 2014

...................................

...THE CORPUS CHRISTI CLIMATE SUMMARY FOR OCTOBER 1 2014...

CLIMATE NORMAL PERIOD 1981 TO 2010
CLIMATE RECORD PERIOD 1887 TO 2014


WEATHER ITEM   OBSERVED TIME   RECORD YEAR NORMAL DEPARTURE LAST
                VALUE   (LST)  VALUE       VALUE  FROM      YEAR
                                                  NORMAL
..................................................................
TEMPERATURE (F)
 YESTERDAY
  MAXIMUM         90    307 PM  96    1989  87      3       93
                                      1977
  MINIMUM         74    647 AM  52    1985  69      5       78
                                      1984
  AVERAGE         82                        78      4       86

PRECIPITATION (IN)
  YESTERDAY        0.00          2.47 1958   0.13  -0.13     0.22
  MONTH TO DATE    0.00                      0.13  -0.13     0.22
  SINCE SEP 1      6.01                      5.11   0.90     6.53
  SINCE JAN 1     19.85                     24.45  -4.60    17.54

SNOWFALL (IN)
  YESTERDAY        0.0
  MONTH TO DATE    0.0
  SINCE SEP 1      0.0
  SINCE JUL 1      0.0
  SNOW DEPTH       0

DEGREE DAYS
 HEATING
  YESTERDAY        0                         0      0        0
  MONTH TO DATE    0                         0      0        0
  SINCE SEP 1      0                         0      0        0
  SINCE JUL 1      0                         0      0        0

 COOLING
  YESTERDAY       17                        13      4       21
  MONTH TO DATE   17                        13      4       21
  SINCE SEP 1    521                       495     26      603
  SINCE JAN 1   3224                      3056    168     3616
..................................................................


WIND (MPH)
  HIGHEST WIND SPEED    17   HIGHEST WIND DIRECTION    SE (140)
  HIGHEST GUST SPEED    22   HIGHEST GUST DIRECTION    SE (150)
  AVERAGE WIND SPEED     9.1


SKY COVER
  POSSIBLE SUNSHINE  MM
  AVERAGE SKY COVER 0.4


WEATHER CONDITIONS
 THE FOLLOWING WEATHER WAS RECORDED YESTERDAY.
  FOG


RELATIVE HUMIDITY (PERCENT)
 HIGHEST   100           200 AM
 LOWEST     59           100 PM
 AVERAGE    80

..........................................................


THE CORPUS CHRISTI CLIMATE NORMALS FOR TODAY
                         NORMAL    RECORD    YEAR
 MAXIMUM TEMPERATURE (F)   87        97      1977
 MINIMUM TEMPERATURE (F)   68        56      1992


SUNRISE AND SUNSET
OCTOBER  2 2014.......SUNRISE   723 AM CDT   SUNSET   715 PM CDT
OCTOBER  3 2014.......SUNRISE   724 AM CDT   SUNSET   714 PM CDT


-  INDICATES NEGATIVE NUMBERS.
R  INDICATES RECORD WAS SET OR TIED.
MM INDICATES DATA IS MISSING.
T  INDICATES TRACE AMOUNT.


$$

87
