000
CDUS44 KCRP 030651
CLICRP

CLIMATE REPORT
NATIONAL WEATHER SERVICE CORPUS CHRISTI TX
150 AM CDT WED SEP 3 2014


...THE CORPUS CHRISTI CLIMATE SUMMARY FOR SEPTEMBER 2 2014...

CLIMATE NORMAL PERIOD 1981 TO 2010
CLIMATE RECORD PERIOD 1887 TO 2014


WEATHER ITEM   OBSERVED TIME   RECORD YEAR NORMAL DEPARTURE LAST
                VALUE   (LST)  VALUE       VALUE  FROM      YEAR
                                                  NORMAL
..................................................................
TEMPERATURE (F)
 YESTERDAY
  MAXIMUM         91    158 PM 102    2000  93     -2       98
  MINIMUM         78    728 PM  70    1893  74      4       77
  AVERAGE         85                        84      1       88

PRECIPITATION (IN)
  YESTERDAY        0.12          1.85 1968   0.17  -0.05      T
  MONTH TO DATE    0.12                      0.33  -0.21      T
  SINCE SEP 1      0.12                      0.33  -0.21      T
  SINCE JAN 1     13.96                     19.67  -5.71    11.01

SNOWFALL (IN)
  YESTERDAY        0.0
  MONTH TO DATE    0.0
  SINCE SEP 1      0.0
  SINCE JUL 1      0.0
  SNOW DEPTH       0

DEGREE DAYS
 HEATING
  YESTERDAY        0                         0      0        0
  MONTH TO DATE    0                         0      0        0
  SINCE SEP 1      0                         0      0        0
  SINCE JUL 1      0                         0      0        0

 COOLING
  YESTERDAY       20                        19      1       23
  MONTH TO DATE   40                        38      2       45
  SINCE SEP 1     40                        38      2       45
  SINCE JAN 1   2743                      2599    144     3058
..................................................................


WIND (MPH)
  HIGHEST WIND SPEED    26   HIGHEST WIND DIRECTION    SE (150)
  HIGHEST GUST SPEED    36   HIGHEST GUST DIRECTION    SE (140)
  AVERAGE WIND SPEED    13.1


SKY COVER
  POSSIBLE SUNSHINE  MM
  AVERAGE SKY COVER 0.5


WEATHER CONDITIONS
 THE FOLLOWING WEATHER WAS RECORDED YESTERDAY.
  RAIN
  LIGHT RAIN
  HAZE


RELATIVE HUMIDITY (PERCENT)
 HIGHEST    91           200 AM
 LOWEST     59          1200 PM
 AVERAGE    75

..........................................................


THE CORPUS CHRISTI CLIMATE NORMALS FOR TODAY
                         NORMAL    RECORD    YEAR
 MAXIMUM TEMPERATURE (F)   93       106      2011
 MINIMUM TEMPERATURE (F)   74        67      1888


SUNRISE AND SUNSET
SEPTEMBER  3 2014.....SUNRISE   710 AM CDT   SUNSET   748 PM CDT
SEPTEMBER  4 2014.....SUNRISE   710 AM CDT   SUNSET   747 PM CDT


-  INDICATES NEGATIVE NUMBERS.
R  INDICATES RECORD WAS SET OR TIED.
MM INDICATES DATA IS MISSING.
T  INDICATES TRACE AMOUNT.

$$

TMT
