000
CDUS41 KRLX 020822
CLICRW


CLIMATE REPORT
NATIONAL WEATHER SERVICE CHARLESTON WV
321 AM EST MON MAR 2 2015


...................................

...THE CHARLESTON WV CLIMATE SUMMARY FOR MARCH 1 2015...

CLIMATE NORMAL PERIOD 1981 TO 2010
CLIMATE RECORD PERIOD 1901 TO 2015


WEATHER ITEM   OBSERVED TIME   RECORD YEAR NORMAL DEPARTURE LAST
                VALUE   (LST)  VALUE       VALUE  FROM      YEAR
                                                  NORMAL
..................................................................
TEMPERATURE (F)
 YESTERDAY
  MAXIMUM         44   1039 PM  77    1976  51     -7       50
  MINIMUM         29   1244 AM   2    1934  31     -2       24
  AVERAGE         37                        41     -4       37

PRECIPITATION (IN)
  YESTERDAY        0.43          2.76 1997   0.13   0.30     0.00
  MONTH TO DATE    0.43                      0.13   0.30     0.00
  SINCE JAN 1      5.63                      6.32  -0.69     7.06

SNOWFALL (IN)
  YESTERDAY        0.0
  MONTH TO DATE    0.0
  SINCE SEP 1     19.1
  SNOW DEPTH       T

DEGREE DAYS
 HEATING
  YESTERDAY       28                        24      4       28
  MONTH TO DATE   28                        24      4       28
  SINCE MAR 1     28                        24      4       28
  SINCE JUL 1   3933                      3478    455     3795

 COOLING
  YESTERDAY        0                         0      0        0
  MONTH TO DATE    0                         0      0        0
  SINCE MAR 1      0                         0      0        0
  SINCE JAN 1      0                         0      0        0
..................................................................


WIND (MPH)
  HIGHEST WIND SPEED    10   HIGHEST WIND DIRECTION     W (270)
  HIGHEST GUST SPEED    15   HIGHEST GUST DIRECTION     W (280)
  AVERAGE WIND SPEED     3.5


SKY COVER
  POSSIBLE SUNSHINE  MM
  AVERAGE SKY COVER 1.0


WEATHER CONDITIONS
 THE FOLLOWING WEATHER WAS RECORDED YESTERDAY.
  RAIN
  LIGHT RAIN
  SNOW
  FOG


RELATIVE HUMIDITY (PERCENT)
 HIGHEST   100          1100 AM
 LOWEST     58           100 AM
 AVERAGE    79

..........................................................


THE CHARLESTON WV CLIMATE NORMALS FOR TODAY
                         NORMAL    RECORD    YEAR
 MAXIMUM TEMPERATURE (F)   51        81      1991
 MINIMUM TEMPERATURE (F)   32         7      1980


SUNRISE AND SUNSET
MARCH  2 2015.........SUNRISE   657 AM EST   SUNSET   620 PM EST
MARCH  3 2015.........SUNRISE   656 AM EST   SUNSET   621 PM EST


-  INDICATES NEGATIVE NUMBERS.
R  INDICATES RECORD WAS SET OR TIED.
MM INDICATES DATA IS MISSING.
T  INDICATES TRACE AMOUNT.




$$
