000
CDUS41 KRLX 122224
CLICRW


CLIMATE REPORT
NATIONAL WEATHER SERVICE CHARLESTON WV
523 PM EST FRI FEB 12 2016


...................................

...THE CHARLESTON WV CLIMATE SUMMARY FOR FEBRUARY 12 2016...
VALID TODAY AS OF 0500 PM LOCAL TIME.

CLIMATE NORMAL PERIOD 1981 TO 2010
CLIMATE RECORD PERIOD 1901 TO 2016


WEATHER ITEM   OBSERVED TIME   RECORD YEAR NORMAL DEPARTURE LAST
                VALUE   (LST)  VALUE       VALUE  FROM      YEAR
                                                  NORMAL
..................................................................
TEMPERATURE (F)
 TODAY
  MAXIMUM         30    202 PM  80    1932  46    -16       36
  MINIMUM         11    445 AM  -2    1981  28    -17       16
  AVERAGE         21                        37    -16       26

PRECIPITATION (IN)
  TODAY            0.00          1.08 1938   0.11  -0.11     0.01
  MONTH TO DATE    0.97                      1.31  -0.34     0.71
  SINCE DEC 1      9.10                      7.58   1.52     5.79
  SINCE JAN 1      3.51                      4.31  -0.80     2.94

DEGREE DAYS
 HEATING
  TODAY           44                        28     16       39
  MONTH TO DATE  345                       347     -2      370
  SINCE DEC 1   1866                      2151   -285     2137
  SINCE JUL 1   2518                      3035   -517     3180

 COOLING
  TODAY            0                         0      0        0
  MONTH TO DATE    0                         0      0        0
  SINCE DEC 1      0                         1     -1        0
  SINCE JAN 1      0                         0      0        0
..................................................................


WIND (MPH)
  HIGHEST WIND SPEED    12   HIGHEST WIND DIRECTION     W (260)
  HIGHEST GUST SPEED    17   HIGHEST GUST DIRECTION     W (270)
  AVERAGE WIND SPEED     2.4


SKY COVER
  POSSIBLE SUNSHINE  MM
  AVERAGE SKY COVER 0.7


WEATHER CONDITIONS
 THE FOLLOWING WEATHER WAS RECORDED TODAY.
  NO SIGNIFICANT WEATHER WAS OBSERVED.


RELATIVE HUMIDITY (PERCENT)
 HIGHEST    84           200 AM
 LOWEST     43           200 PM
 AVERAGE    64

..........................................................


THE CHARLESTON WV CLIMATE NORMALS FOR TOMORROW
                         NORMAL    RECORD    YEAR
 MAXIMUM TEMPERATURE (F)   46        72      1990
                                             1938
 MINIMUM TEMPERATURE (F)   28         3      1955


SUNRISE AND SUNSET
FEBRUARY 12 2016......SUNRISE   721 AM EST   SUNSET   601 PM EST
FEBRUARY 13 2016......SUNRISE   720 AM EST   SUNSET   602 PM EST


-  INDICATES NEGATIVE NUMBERS.
R  INDICATES RECORD WAS SET OR TIED.
MM INDICATES DATA IS MISSING.
T  INDICATES TRACE AMOUNT.




$$
