000
CDUS41 KRLX 030717
CLICRW


CLIMATE REPORT
NATIONAL WEATHER SERVICE CHARLESTON WV
316 AM EDT THU SEP 3 2015


...................................

...THE CHARLESTON WV CLIMATE SUMMARY FOR SEPTEMBER 2 2015...

CLIMATE NORMAL PERIOD 1981 TO 2010
CLIMATE RECORD PERIOD 1901 TO 2015


WEATHER ITEM   OBSERVED TIME   RECORD YEAR NORMAL DEPARTURE LAST
                VALUE   (LST)  VALUE       VALUE  FROM      YEAR
                                                  NORMAL
..................................................................
TEMPERATURE (F)
 YESTERDAY
  MAXIMUM         90    225 PM 104    1932  82      8       87
  MINIMUM         65    631 AM  44    1949  62      3       68
                                      1909
  AVERAGE         78                        72      6       78

PRECIPITATION (IN)
  YESTERDAY        0.00          1.60 2014   0.11  -0.11     1.60
  MONTH TO DATE    0.00                      0.22  -0.22     1.61
  SINCE JAN 1     36.39                     31.33   5.06    33.76

SNOWFALL (IN)
  YESTERDAY        0.0
  MONTH TO DATE    0.0
  SINCE SEP 1      0.0
  SNOW DEPTH       0

DEGREE DAYS
 HEATING
  YESTERDAY        0                         0      0        0
  MONTH TO DATE    0                         0      0        0
  SINCE SEP 1      0                         0      0        0
  SINCE JUL 1      0                         2     -2        0

 COOLING
  YESTERDAY       13                         7      6       13
  MONTH TO DATE   25                        14     11       27
  SINCE SEP 1     25                        14     11       27
  SINCE JAN 1   1096                       960    136      934
..................................................................


WIND (MPH)
  HIGHEST WIND SPEED    15   HIGHEST WIND DIRECTION    NW (320)
  HIGHEST GUST SPEED    22   HIGHEST GUST DIRECTION    NW (310)
  AVERAGE WIND SPEED     1.9


SKY COVER
  POSSIBLE SUNSHINE  MM
  AVERAGE SKY COVER 0.4


WEATHER CONDITIONS
 THE FOLLOWING WEATHER WAS RECORDED YESTERDAY.
  FOG
  HAZE


RELATIVE HUMIDITY (PERCENT)
 HIGHEST   100           300 AM
 LOWEST     41           400 PM
 AVERAGE    71

..........................................................


THE CHARLESTON WV CLIMATE NORMALS FOR TODAY
                         NORMAL    RECORD    YEAR
 MAXIMUM TEMPERATURE (F)   82       104      1932
 MINIMUM TEMPERATURE (F)   61        45      1967


SUNRISE AND SUNSET
SEPTEMBER  3 2015.....SUNRISE   657 AM EDT   SUNSET   754 PM EDT
SEPTEMBER  4 2015.....SUNRISE   658 AM EDT   SUNSET   752 PM EDT


-  INDICATES NEGATIVE NUMBERS.
R  INDICATES RECORD WAS SET OR TIED.
MM INDICATES DATA IS MISSING.
T  INDICATES TRACE AMOUNT.




$$
