000
CDUS41 KRLX 272216
CLICRW


CLIMATE REPORT
NATIONAL WEATHER SERVICE CHARLESTON WV
515 PM EST SAT DEC 27 2014


...................................

...THE CHARLESTON WV CLIMATE SUMMARY FOR DECEMBER 27 2014...
VALID TODAY AS OF 0500 PM LOCAL TIME.

CLIMATE NORMAL PERIOD 1981 TO 2010
CLIMATE RECORD PERIOD 1901 TO 2014


WEATHER ITEM   OBSERVED TIME   RECORD YEAR NORMAL DEPARTURE LAST
                VALUE   (LST)  VALUE       VALUE  FROM      YEAR
                                                  NORMAL
..................................................................
TEMPERATURE (F)
 TODAY
  MAXIMUM         63    245 PM  73    2008  43     20       48
  MINIMUM         37    716 AM   2    1925  27     10       21
  AVERAGE         50                        35     15       35

PRECIPITATION (IN)
  TODAY            0.00          1.06 2011   0.10  -0.10     0.00
  MONTH TO DATE    2.62                      2.88  -0.26     5.33
  SINCE DEC 1      2.62                      2.88  -0.26     5.33
  SINCE JAN 1     45.98                     43.64   2.34    46.30

DEGREE DAYS
 HEATING
  TODAY           15                        30    -15       30
  MONTH TO DATE  649                       736    -87      679
  SINCE DEC 1    649                       736    -87      679
  SINCE JUL 1   1692                      1620     72     1636

 COOLING
  TODAY            0                         0      0        0
  MONTH TO DATE    0                         0      0        2
  SINCE DEC 1      0                         0      0        2
  SINCE JAN 1   1049                      1096    -47     1123
..................................................................


WIND (MPH)
  HIGHEST WIND SPEED    13   HIGHEST WIND DIRECTION     S (200)
  HIGHEST GUST SPEED    16   HIGHEST GUST DIRECTION    SW (210)
  AVERAGE WIND SPEED     2.6


SKY COVER
  POSSIBLE SUNSHINE  MM
  AVERAGE SKY COVER 0.7


WEATHER CONDITIONS
 THE FOLLOWING WEATHER WAS RECORDED TODAY.
  NO SIGNIFICANT WEATHER WAS OBSERVED.


RELATIVE HUMIDITY (PERCENT)
 HIGHEST    85          1200 AM
 LOWEST     21           500 PM
 AVERAGE    53

..........................................................


THE CHARLESTON WV CLIMATE NORMALS FOR TOMORROW
                         NORMAL    RECORD    YEAR
 MAXIMUM TEMPERATURE (F)   43        73      1984
                                             1982
 MINIMUM TEMPERATURE (F)   27         2      1925


SUNRISE AND SUNSET
DECEMBER 27 2014......SUNRISE   742 AM EST   SUNSET   513 PM EST
DECEMBER 28 2014......SUNRISE   743 AM EST   SUNSET   513 PM EST


-  INDICATES NEGATIVE NUMBERS.
R  INDICATES RECORD WAS SET OR TIED.
MM INDICATES DATA IS MISSING.
T  INDICATES TRACE AMOUNT.




$$
