000
CDUS41 KRLX 222224
CLICRW


CLIMATE REPORT
NATIONAL WEATHER SERVICE CHARLESTON WV
523 PM EST SUN JAN 22 2017


...................................

...THE CHARLESTON WV CLIMATE SUMMARY FOR JANUARY 22 2017...
VALID TODAY AS OF 0500 PM LOCAL TIME.

CLIMATE NORMAL PERIOD 1981 TO 2010
CLIMATE RECORD PERIOD 1901 TO 2017


WEATHER ITEM   OBSERVED TIME   RECORD YEAR NORMAL DEPARTURE LAST
                VALUE   (LST)  VALUE       VALUE  FROM      YEAR
                                                  NORMAL
..................................................................
TEMPERATURE (F)
 TODAY
  MAXIMUM         61    340 PM  75    1999  43     18       24
  MINIMUM         44    815 AM -10    1984  26     18       17
  AVERAGE         53                        34     19       21

PRECIPITATION (IN)
  TODAY            T             1.84 1926   0.09  -0.09     1.61
  MONTH TO DATE    3.47                      2.11   1.36     2.18
  SINCE DEC 1      7.30                      5.38   1.92     7.77
  SINCE JAN 1      3.47                      2.11   1.36     2.18

DEGREE DAYS
 HEATING
  TODAY           12                        31    -19       44
  MONTH TO DATE  498                       681   -183      769
  SINCE DEC 1   1290                      1537   -247     1247
  SINCE JUL 1   1944                      2421   -477     1899

 COOLING
  TODAY            0                         0      0        0
  MONTH TO DATE    0                         0      0        0
  SINCE DEC 1      0                         1     -1        0
  SINCE JAN 1      0                         0      0        0
..................................................................


WIND (MPH)
  HIGHEST WIND SPEED    15   HIGHEST WIND DIRECTION     E (110)
  HIGHEST GUST SPEED    20   HIGHEST GUST DIRECTION     E (110)
  AVERAGE WIND SPEED     3.8


SKY COVER
  POSSIBLE SUNSHINE  MM
  AVERAGE SKY COVER 0.7


WEATHER CONDITIONS
 THE FOLLOWING WEATHER WAS RECORDED TODAY.
  LIGHT RAIN
  FOG
  FOG W/VISIBILITY <= 1/4 MILE


RELATIVE HUMIDITY (PERCENT)
 HIGHEST   100           500 AM
 LOWEST     64           400 PM
 AVERAGE    82

..........................................................


THE CHARLESTON WV CLIMATE NORMALS FOR TOMORROW
                         NORMAL    RECORD    YEAR
 MAXIMUM TEMPERATURE (F)   43        75      1920
 MINIMUM TEMPERATURE (F)   26        -9      1936


SUNRISE AND SUNSET
JANUARY 22 2017.......SUNRISE   739 AM EST   SUNSET   538 PM EST
JANUARY 23 2017.......SUNRISE   738 AM EST   SUNSET   539 PM EST


-  INDICATES NEGATIVE NUMBERS.
R  INDICATES RECORD WAS SET OR TIED.
MM INDICATES DATA IS MISSING.
T  INDICATES TRACE AMOUNT.




$$
