000
CDUS41 KRLX 290724
CLICRW


CLIMATE REPORT
NATIONAL WEATHER SERVICE CHARLESTON WV
318 AM EDT TUE JUL 29 2014


...................................

...THE CHARLESTON WV CLIMATE SUMMARY FOR JULY 28 2014...

CLIMATE NORMAL PERIOD 1981 TO 2010
CLIMATE RECORD PERIOD 1901 TO 2014


WEATHER ITEM   OBSERVED TIME   RECORD YEAR NORMAL DEPARTURE LAST
                VALUE   (LST)  VALUE       VALUE  FROM      YEAR
                                                  NORMAL
..................................................................
TEMPERATURE (F)
 YESTERDAY
  MAXIMUM         73    344 PM 100    1993  85    -12       78
  MINIMUM         64   1159 PM  46    1937  66     -2       59
  AVERAGE         69                        75     -6       69

PRECIPITATION (IN)
  YESTERDAY        0.14          3.44 1999   0.16  -0.02     0.73
  MONTH TO DATE    5.09                      4.47   0.62     7.27
  SINCE JAN 1     27.75                     26.90   0.85    29.82

SNOWFALL (IN)
  YESTERDAY        0.0
  MONTH TO DATE    0.0
  SINCE SEP 1     51.7
  SNOW DEPTH       0

DEGREE DAYS
 HEATING
  YESTERDAY        0                         0      0        0
  MONTH TO DATE    0                         0      0        0
  SINCE JUN 1      0                        13    -13        0
  SINCE JUL 1      0                         0      0        0

 COOLING
  YESTERDAY        4                        10     -6        4
  MONTH TO DATE  250                       295    -45      311
  SINCE JUN 1    514                       515     -1      546
  SINCE JAN 1    635                       625     10      693
..................................................................


WIND (MPH)
  HIGHEST WIND SPEED    18   HIGHEST WIND DIRECTION    NW (300)
  HIGHEST GUST SPEED    24   HIGHEST GUST DIRECTION    NW (310)
  AVERAGE WIND SPEED     8.0


SKY COVER
  POSSIBLE SUNSHINE  MM
  AVERAGE SKY COVER 0.6


WEATHER CONDITIONS
 THE FOLLOWING WEATHER WAS RECORDED YESTERDAY.
  LIGHT RAIN
  FOG


RELATIVE HUMIDITY (PERCENT)
 HIGHEST   100          1000 PM
 LOWEST     66           100 PM
 AVERAGE    83

..........................................................


THE CHARLESTON WV CLIMATE NORMALS FOR TODAY
                         NORMAL    RECORD    YEAR
 MAXIMUM TEMPERATURE (F)   85       106      1930
 MINIMUM TEMPERATURE (F)   66        50      1925


SUNRISE AND SUNSET
JULY 29 2014..........SUNRISE   626 AM EDT   SUNSET   839 PM EDT
JULY 30 2014..........SUNRISE   627 AM EDT   SUNSET   838 PM EDT


-  INDICATES NEGATIVE NUMBERS.
R  INDICATES RECORD WAS SET OR TIED.
MM INDICATES DATA IS MISSING.
T  INDICATES TRACE AMOUNT.




$$
