000
CDUS41 KRLX 052218
CLICRW


CLIMATE REPORT
NATIONAL WEATHER SERVICE CHARLESTON WV
518 PM EST MON DEC 5 2016


...................................

...THE CHARLESTON WV CLIMATE SUMMARY FOR DECEMBER 5 2016...
VALID TODAY AS OF 0500 PM LOCAL TIME.

CLIMATE NORMAL PERIOD 1981 TO 2010
CLIMATE RECORD PERIOD 1901 TO 2016


WEATHER ITEM   OBSERVED TIME   RECORD YEAR NORMAL DEPARTURE LAST
                VALUE   (LST)  VALUE       VALUE  FROM      YEAR
                                                  NORMAL
..................................................................
TEMPERATURE (F)
 TODAY
  MAXIMUM         52   1218 PM  77    2001  49      3       57
  MINIMUM         46    940 AM  13    1974  32     14       25
  AVERAGE         49                        40      9       41

PRECIPITATION (IN)
  TODAY            T             2.10 1922   0.11  -0.11     0.00
  MONTH TO DATE    0.11                      0.56  -0.45     2.06
  SINCE DEC 1      0.11                      0.56  -0.45     2.06
  SINCE JAN 1     38.21                     41.32  -3.11    44.98

DEGREE DAYS
 HEATING
  TODAY           16                        25     -9       24
  MONTH TO DATE  115                       122     -7      108
  SINCE DEC 1    115                       122     -7      108
  SINCE JUL 1    769                      1006   -237      760

 COOLING
  TODAY            0                         0      0        0
  MONTH TO DATE    0                         0      0        0
  SINCE DEC 1      0                         0      0        0
  SINCE JAN 1   1473                      1096    377     1266
..................................................................


WIND (MPH)
  HIGHEST WIND SPEED    15   HIGHEST WIND DIRECTION    NW (310)
  HIGHEST GUST SPEED    21   HIGHEST GUST DIRECTION    SW (230)
  AVERAGE WIND SPEED     5.9


SKY COVER
  POSSIBLE SUNSHINE  MM
  AVERAGE SKY COVER 0.8


WEATHER CONDITIONS
 THE FOLLOWING WEATHER WAS RECORDED TODAY.
  LIGHT RAIN


RELATIVE HUMIDITY (PERCENT)
 HIGHEST    86          1200 AM
 LOWEST     50          1200 PM
 AVERAGE    68

..........................................................


THE CHARLESTON WV CLIMATE NORMALS FOR TOMORROW
                         NORMAL    RECORD    YEAR
 MAXIMUM TEMPERATURE (F)   48        75      1998
 MINIMUM TEMPERATURE (F)   31        10      1977


SUNRISE AND SUNSET
DECEMBER  5 2016......SUNRISE   729 AM EST   SUNSET   506 PM EST
DECEMBER  6 2016......SUNRISE   730 AM EST   SUNSET   506 PM EST


-  INDICATES NEGATIVE NUMBERS.
R  INDICATES RECORD WAS SET OR TIED.
MM INDICATES DATA IS MISSING.
T  INDICATES TRACE AMOUNT.




$$
