000
CDUS42 KFFC 210022
CLICSG


CLIMATE REPORT
NATIONAL WEATHER SERVICE PEACHTREE CITY GA
822 PM EDT WED SEP 20 2017


...................................

...THE COLUMBUS CLIMATE SUMMARY FOR SEPTEMBER 20 2017...
VALID AS OF 0800 PM LOCAL TIME.

CLIMATE NORMAL PERIOD 1981 TO 2010
CLIMATE RECORD PERIOD 1948 TO 2017


WEATHER ITEM   OBSERVED TIME   RECORD YEAR NORMAL DEPARTURE LAST
                VALUE   (LST)  VALUE       VALUE  FROM      YEAR
                                                  NORMAL
..................................................................
TEMPERATURE (F)
 TODAY
  MAXIMUM         92    406 PM 104    1931  85      7       93
                                      1925
  MINIMUM         71    709 AM  50    1981  65      6       69
  AVERAGE         82                        75      7       81

PRECIPITATION (IN)
  TODAY            0.00          1.55 1924   0.10  -0.10     0.00
  MONTH TO DATE    3.19                      2.09   1.10     0.34
  SINCE SEP 1      3.19                      2.09   1.10     0.34
  SINCE JAN 1     42.20                     34.83   7.37    27.26

DEGREE DAYS
 HEATING
  TODAY            0                         0      0        0
  MONTH TO DATE    3                         0      3        0
  SINCE SEP 1      3                         0      3        0
  SINCE JUL 1      3                         0      3        0

 COOLING
  TODAY           17                        10      7       16
  MONTH TO DATE  215                       262    -47      325
  SINCE SEP 1    215                       262    -47      325
  SINCE JAN 1   2309                      2134    175     2382
..................................................................


WIND (MPH)
  HIGHEST WIND SPEED    13   HIGHEST WIND DIRECTION    NW (310)
  HIGHEST GUST SPEED    16   HIGHEST GUST DIRECTION    NW (330)
  AVERAGE WIND SPEED     4.1


SKY COVER
  AVERAGE SKY COVER 0.1


WEATHER CONDITIONS
 THE FOLLOWING WEATHER WAS RECORDED TODAY.
  NO SIGNIFICANT WEATHER WAS OBSERVED.


RELATIVE HUMIDITY (PERCENT)
 HIGHEST    93          1200 AM
 LOWEST     47           400 PM

..........................................................


THE COLUMBUS CLIMATE NORMALS FOR TOMORROW
                         NORMAL    RECORD
 MAXIMUM TEMPERATURE (F)   85       101
 MINIMUM TEMPERATURE (F)   65        47


SUNRISE AND SUNSET
SEPTEMBER 20 2017.....SUNRISE   727 AM EDT   SUNSET   739 PM EDT
SEPTEMBER 21 2017.....SUNRISE   727 AM EDT   SUNSET   737 PM EDT


-  INDICATES NEGATIVE NUMBERS.
R  INDICATES RECORD WAS SET OR TIED.
MM INDICATES DATA IS MISSING.
T  INDICATES TRACE AMOUNT.




$$
