000
CDUS42 KFFC 170819
CLICSG


CLIMATE REPORT
NATIONAL WEATHER SERVICE PEACHTREE CITY GA
419 AM EDT WED SEP 17 2014


...................................

...THE COLUMBUS CLIMATE SUMMARY FOR SEPTEMBER 16 2014...

CLIMATE NORMAL PERIOD 1981 TO 2010
CLIMATE RECORD PERIOD 1948 TO 2014


WEATHER ITEM   OBSERVED TIME   RECORD YEAR NORMAL DEPARTURE LAST
                VALUE   (LST)  VALUE       VALUE  FROM      YEAR
                                                  NORMAL
..................................................................
TEMPERATURE (F)
 YESTERDAY
  MAXIMUM         90    208 PM  98    1991  87      3       94
                                      1980
  MINIMUM         73    708 AM  53    1961  67      6       71
  AVERAGE         82                        77      5       83

PRECIPITATION (IN)
  YESTERDAY        T             2.74 2004   0.10  -0.10     0.00
  MONTH TO DATE    3.88                      1.70   2.18      T
  SINCE SEP 1      3.88                      1.70   2.18      T
  SINCE JAN 1     40.06                     34.44   5.62    50.37

DEGREE DAYS
 HEATING
  YESTERDAY        0                         0      0        0
  MONTH TO DATE    0                         0      0        0
  SINCE SEP 1      0                         0      0        0
  SINCE JUL 1      0                         0      0        0

 COOLING
  YESTERDAY       17                        12      5       18
  MONTH TO DATE  268                       219     49      273
  SINCE SEP 1    268                       219     49      273
  SINCE JAN 1   2063                      2091    -28     2057
..................................................................


WIND (MPH)
  HIGHEST WIND SPEED    12   HIGHEST WIND DIRECTION    SW (220)
  HIGHEST GUST SPEED    14   HIGHEST GUST DIRECTION    SW (220)
  AVERAGE WIND SPEED     2.8


SKY COVER
  AVERAGE SKY COVER 0.5


WEATHER CONDITIONS
 THE FOLLOWING WEATHER WAS RECORDED YESTERDAY.
  FOG


RELATIVE HUMIDITY (PERCENT)
 HIGHEST    93           200 AM
 LOWEST     47           400 PM
 AVERAGE    70

..........................................................


THE COLUMBUS CLIMATE NORMALS FOR TODAY
                         NORMAL    RECORD    YEAR
 MAXIMUM TEMPERATURE (F)   86        96      2010
                                             1991
                                             1953
 MINIMUM TEMPERATURE (F)   67        53      1961


SUNRISE AND SUNSET
SEPTEMBER 17 2014.....SUNRISE   725 AM EDT   SUNSET   743 PM EDT
SEPTEMBER 18 2014.....SUNRISE   725 AM EDT   SUNSET   742 PM EDT


-  INDICATES NEGATIVE NUMBERS.
R  INDICATES RECORD WAS SET OR TIED.
MM INDICATES DATA IS MISSING.
T  INDICATES TRACE AMOUNT.




$$
