000
CDUS42 KFFC 200024
CLICSG


CLIMATE REPORT
NATIONAL WEATHER SERVICE PEACHTREE CITY GA
724 PM EST MON FEB 19 2018


...................................

...THE COLUMBUS CLIMATE SUMMARY FOR FEBRUARY 19 2018...
VALID AS OF 0700 PM LOCAL TIME.

CLIMATE NORMAL PERIOD 1981 TO 2010
CLIMATE RECORD PERIOD 1948 TO 2018


WEATHER ITEM   OBSERVED TIME   RECORD YEAR NORMAL DEPARTURE LAST
                VALUE   (LST)  VALUE       VALUE  FROM      YEAR
                                                  NORMAL
..................................................................
TEMPERATURE (F)
 TODAY
  MAXIMUM         81R   457 PM  80    2011  63     18       75
  MINIMUM         62    133 AM  17    1958  41     21       50
  AVERAGE         72                        52     20       63

PRECIPITATION (IN)
  TODAY            0.00          2.65 1961   0.17  -0.17     0.00
  MONTH TO DATE    2.69                      2.96  -0.27     1.28
  SINCE DEC 1      6.84                     11.08  -4.24    17.13
  SINCE JAN 1      4.29                      6.81  -2.52    12.76

SNOWFALL (IN)
  TODAY            0.0           0.0  2002   0.0    0.0      0.0
  MONTH TO DATE    0.0                       0.0    0.0      0.0
  SINCE DEC 1      2.0                       0.3    1.7      0.0
  SINCE JUL 1      2.0                       0.3    1.7      0.0
  SNOW DEPTH       0

DEGREE DAYS
 HEATING
  TODAY            0                        13    -13        2
  MONTH TO DATE  133                       285   -152      173
  SINCE DEC 1   1188                      1336   -148      907
  SINCE JUL 1   1452                      1668   -216     1094
..................................................................


WIND (MPH)
  HIGHEST WIND SPEED    18   HIGHEST WIND DIRECTION     S (190)
  HIGHEST GUST SPEED    22   HIGHEST GUST DIRECTION     S (180)
  AVERAGE WIND SPEED     8.0


SKY COVER
  AVERAGE SKY COVER 0.8


WEATHER CONDITIONS
 THE FOLLOWING WEATHER WAS RECORDED TODAY.
  NO SIGNIFICANT WEATHER WAS OBSERVED.


RELATIVE HUMIDITY (PERCENT)
 HIGHEST    93           300 AM
 LOWEST     42           500 PM

..........................................................


THE COLUMBUS CLIMATE NORMALS FOR TOMORROW
                         NORMAL    RECORD
 MAXIMUM TEMPERATURE (F)   63        80
 MINIMUM TEMPERATURE (F)   41        21


SUNRISE AND SUNSET
FEBRUARY 19 2018......SUNRISE   718 AM EST   SUNSET   629 PM EST
FEBRUARY 20 2018......SUNRISE   717 AM EST   SUNSET   630 PM EST


-  INDICATES NEGATIVE NUMBERS.
R  INDICATES RECORD WAS SET OR TIED.
MM INDICATES DATA IS MISSING.
T  INDICATES TRACE AMOUNT.




$$
