000
CDUS42 KFFC 232203
CLICSG


CLIMATE REPORT
NATIONAL WEATHER SERVICE PEACHTREE CITY GA
503 PM EST THU NOV 23 2017


...................................

...THE COLUMBUS CLIMATE SUMMARY FOR NOVEMBER 23 2017...
VALID TODAY AS OF 0500 PM LOCAL TIME.

CLIMATE NORMAL PERIOD 1981 TO 2010
CLIMATE RECORD PERIOD 1948 TO 2017


WEATHER ITEM   OBSERVED TIME   RECORD YEAR NORMAL DEPARTURE LAST
                VALUE   (LST)  VALUE       VALUE  FROM      YEAR
                                                  NORMAL
..................................................................
TEMPERATURE (F)
 TODAY
  MAXIMUM         69    315 PM  80    1921  66      3       73
  MINIMUM         44    819 AM  19    1956  44      0       40
  AVERAGE         57                        55      2       57

PRECIPITATION (IN)
  TODAY            0.00          1.82 1948   0.16  -0.16     0.00
  MONTH TO DATE    1.57                      3.00  -1.43     0.00
  SINCE SEP 1      9.38                      8.64   0.74     1.67
  SINCE JAN 1     48.39                     41.38   7.01    28.59

SNOWFALL (IN)
  TODAY            0.0           0.0  2001   0.0    0.0      0.0
  MONTH TO DATE    0.0                       0.0    0.0      0.0
  SINCE SEP 1      0.0                       0.0    0.0      0.0
  SINCE JUL 1      0.0                       0.0    0.0      0.0
  SNOW DEPTH       0

DEGREE DAYS
 HEATING
  TODAY            8                        10     -2        8
  MONTH TO DATE  141                       174    -33      145
  SINCE SEP 1    208                       250    -42      155
  SINCE JUL 1    208                       250    -42      155

 COOLING
  TODAY            0                         0      0        0
  MONTH TO DATE   37                        23     14       30
  SINCE SEP 1    620                       491    129      697
  SINCE JAN 1   2714                      2363    351     2754
..................................................................


WIND (MPH)
  RESULTANT WIND SPEED   2   RESULTANT WIND DIRECTION  NE (50)
  HIGHEST WIND SPEED    12   HIGHEST WIND DIRECTION     E (100)
  HIGHEST GUST SPEED    15   HIGHEST GUST DIRECTION    SE (120)
  AVERAGE WIND SPEED     3.3


SKY COVER
  AVERAGE SKY COVER 0.4


WEATHER CONDITIONS
 THE FOLLOWING WEATHER WAS RECORDED TODAY.
  NO SIGNIFICANT WEATHER WAS OBSERVED.


RELATIVE HUMIDITY (PERCENT)
 HIGHEST    71           900 AM
 LOWEST     46           100 AM
 AVERAGE    59

..........................................................


THE COLUMBUS CLIMATE NORMALS FOR TOMORROW
                         NORMAL    RECORD    YEAR
 MAXIMUM TEMPERATURE (F)   66        83      1921
 MINIMUM TEMPERATURE (F)   44        19      1970


SUNRISE AND SUNSET
NOVEMBER 23 2017......SUNRISE   717 AM EST   SUNSET   535 PM EST
NOVEMBER 24 2017......SUNRISE   718 AM EST   SUNSET   535 PM EST


-  INDICATES NEGATIVE NUMBERS.
R  INDICATES RECORD WAS SET OR TIED.
MM INDICATES DATA IS MISSING.
T  INDICATES TRACE AMOUNT.




$$
