000
CDUS42 KFFC 030032
CLICSG


CLIMATE REPORT
NATIONAL WEATHER SERVICE PEACHTREE CITY GA
832 PM EDT TUE JUN 2 2015


...................................

...THE COLUMBUS CLIMATE SUMMARY FOR JUNE 2 2015...
VALID AS OF 0800 PM LOCAL TIME.

CLIMATE NORMAL PERIOD 1981 TO 2010
CLIMATE RECORD PERIOD 1948 TO 2015


WEATHER ITEM   OBSERVED TIME   RECORD YEAR NORMAL DEPARTURE LAST
                VALUE   (LST)  VALUE       VALUE  FROM      YEAR
                                                  NORMAL
..................................................................
TEMPERATURE (F)
 TODAY
  MAXIMUM         85    408 PM 101    2011  88     -3       80
  MINIMUM         67    559 AM  49    1966  67      0       67
  AVERAGE         76                        77     -1       74

PRECIPITATION (IN)
  TODAY            T             1.90 1970   0.12  -0.12     0.00
  MONTH TO DATE    0.20                      0.24  -0.04     0.20
  SINCE JUN 1      0.20                      0.24  -0.04     0.20
  SINCE JAN 1     19.68                     20.73  -1.05    25.99

DEGREE DAYS
 COOLING
  TODAY           11                        12     -1        9
  MONTH TO DATE   21                        24     -3       19
  SINCE JUN 1     21                        24     -3       19
  SINCE JAN 1    467                       382     85      355
..................................................................


WIND (MPH)
  HIGHEST WIND SPEED     9   HIGHEST WIND DIRECTION     W (270)
  HIGHEST GUST SPEED    18   HIGHEST GUST DIRECTION     E (80)
  AVERAGE WIND SPEED     2.6


SKY COVER
  AVERAGE SKY COVER 0.7


WEATHER CONDITIONS
 THE FOLLOWING WEATHER WAS RECORDED TODAY.
  LIGHT RAIN
  FOG
  HAZE


RELATIVE HUMIDITY (PERCENT)
 HIGHEST   100           300 AM
 LOWEST     47           300 PM

..........................................................


THE COLUMBUS CLIMATE NORMALS FOR TOMORROW
                         NORMAL    RECORD
 MAXIMUM TEMPERATURE (F)   88       101
 MINIMUM TEMPERATURE (F)   67        44


SUNRISE AND SUNSET
JUNE  2 2015..........SUNRISE   633 AM EDT   SUNSET   843 PM EDT
JUNE  3 2015..........SUNRISE   633 AM EDT   SUNSET   843 PM EDT


-  INDICATES NEGATIVE NUMBERS.
R  INDICATES RECORD WAS SET OR TIED.
MM INDICATES DATA IS MISSING.
T  INDICATES TRACE AMOUNT.




$$
