000
CDUS42 KFFC 300818
CLICSG


CLIMATE REPORT
NATIONAL WEATHER SERVICE PEACHTREE CITY GA
417 AM EDT SAT APR 30 2016


...................................

...THE COLUMBUS CLIMATE SUMMARY FOR APRIL 29 2016...

CLIMATE NORMAL PERIOD 1981 TO 2010
CLIMATE RECORD PERIOD 1948 TO 2016


WEATHER ITEM   OBSERVED TIME   RECORD YEAR NORMAL DEPARTURE LAST
                VALUE   (LST)  VALUE       VALUE  FROM      YEAR
                                                  NORMAL
..................................................................
TEMPERATURE (F)
 YESTERDAY
  MAXIMUM         88    302 PM  91    2012  80      8       61
  MINIMUM         64    651 AM  41    1973  56      8       52
  AVERAGE         76                        68      8       57

PRECIPITATION (IN)
  YESTERDAY        0.00          5.18 1949   0.11  -0.11     0.27
  MONTH TO DATE    6.94                      3.45   3.49     6.47
  SINCE MAR 1      9.50                      8.91   0.59     8.93
  SINCE JAN 1     16.93                     17.20  -0.27    16.30

DEGREE DAYS
 HEATING
  YESTERDAY        0                         1     -1        8
  MONTH TO DATE   69                        89    -20       23
  SINCE MAR 1    214                       335   -121      198
  SINCE JUL 1   1604                      2112   -508     2208

 COOLING
  YESTERDAY       11                         4      7        0
  MONTH TO DATE   69                        74     -5      120
  SINCE MAR 1    126                        97     29      149
  SINCE JAN 1    128                       101     27      149
..................................................................


WIND (MPH)
  HIGHEST WIND SPEED    16   HIGHEST WIND DIRECTION     N (350)
  HIGHEST GUST SPEED    22   HIGHEST GUST DIRECTION    NW (310)
  AVERAGE WIND SPEED     2.4


SKY COVER
  AVERAGE SKY COVER 0.1


WEATHER CONDITIONS
 THE FOLLOWING WEATHER WAS RECORDED YESTERDAY.
  FOG
  FOG W/VISIBILITY <= 1/4 MILE


RELATIVE HUMIDITY (PERCENT)
 HIGHEST   100           300 AM
 LOWEST     31           400 PM
 AVERAGE    66

..........................................................


THE COLUMBUS CLIMATE NORMALS FOR TODAY
                         NORMAL    RECORD    YEAR
 MAXIMUM TEMPERATURE (F)   80        94      2012
 MINIMUM TEMPERATURE (F)   57        42      2008


SUNRISE AND SUNSET
APRIL 30 2016.........SUNRISE   653 AM EDT   SUNSET   821 PM EDT
MAY  1 2016...........SUNRISE   653 AM EDT   SUNSET   821 PM EDT


-  INDICATES NEGATIVE NUMBERS.
R  INDICATES RECORD WAS SET OR TIED.
MM INDICATES DATA IS MISSING.
T  INDICATES TRACE AMOUNT.




$$
