070
CDUS42 KFFC 280027
CLICSG


CLIMATE REPORT
NATIONAL WEATHER SERVICE PEACHTREE CITY GA
827 PM EDT WED JUL 27 2016


...................................

...THE COLUMBUS CLIMATE SUMMARY FOR JULY 27 2016...
VALID AS OF 0800 PM LOCAL TIME.

CLIMATE NORMAL PERIOD 1981 TO 2010
CLIMATE RECORD PERIOD 1948 TO 2016


WEATHER ITEM   OBSERVED TIME   RECORD YEAR NORMAL DEPARTURE LAST
                VALUE   (LST)  VALUE       VALUE  FROM      YEAR
                                                  NORMAL
..................................................................
TEMPERATURE (F)
 TODAY
  MAXIMUM         95    444 PM 101    1944  92      3       98
                                      1914
  MINIMUM         74    636 AM  62    1911  73      1       74
  AVERAGE         85                        83      2       86

PRECIPITATION (IN)
  TODAY            0.01          2.44 1986   0.14  -0.13     0.00
  MONTH TO DATE    0.87                      4.18  -3.31     1.86
  SINCE JUN 1      3.02                      7.90  -4.88     5.93
  SINCE JAN 1     22.46                     28.39  -5.93    25.41

DEGREE DAYS
 COOLING
  TODAY           20                        18      2       21
  MONTH TO DATE  528                       478     50      503
  SINCE JUN 1   1024                       924    100      975
  SINCE JAN 1   1410                      1282    128     1421
..................................................................


WIND (MPH)
  HIGHEST WIND SPEED    16   HIGHEST WIND DIRECTION     W (290)
  HIGHEST GUST SPEED    21   HIGHEST GUST DIRECTION    SW (230)
  AVERAGE WIND SPEED     7.4


SKY COVER
  AVERAGE SKY COVER 0.5


WEATHER CONDITIONS
 THE FOLLOWING WEATHER WAS RECORDED TODAY.
  NO SIGNIFICANT WEATHER WAS OBSERVED.


RELATIVE HUMIDITY (PERCENT)
 HIGHEST    93           600 AM
 LOWEST     44           500 PM

..........................................................


THE COLUMBUS CLIMATE NORMALS FOR TOMORROW
                         NORMAL    RECORD
 MAXIMUM TEMPERATURE (F)   92       100
 MINIMUM TEMPERATURE (F)   73        61


SUNRISE AND SUNSET
JULY 27 2016..........SUNRISE   651 AM EDT   SUNSET   841 PM EDT
JULY 28 2016..........SUNRISE   652 AM EDT   SUNSET   840 PM EDT


-  INDICATES NEGATIVE NUMBERS.
R  INDICATES RECORD WAS SET OR TIED.
MM INDICATES DATA IS MISSING.
T  INDICATES TRACE AMOUNT.




$$
