809
CDUS45 KTFX 250849
CLICTB


CLIMATE REPORT
NATIONAL WEATHER SERVICE GREAT FALLS MT
249 AM MDT SUN JUN 25 2017


...................................

...THE CUT BANK MT CLIMATE SUMMARY FOR JUNE 24 2017...

CLIMATE NORMAL PERIOD 1981 TO 2010
CLIMATE RECORD PERIOD 1903 TO 2017


WEATHER ITEM   OBSERVED TIME   RECORD YEAR NORMAL DEPARTURE LAST
                VALUE   (LST)  VALUE       VALUE  FROM      YEAR
                                                  NORMAL
..................................................................
TEMPERATURE (F)
 YESTERDAY
  MAXIMUM         71    116 PM  95    1974  73     -2       72
  MINIMUM         46    431 AM  35    1950  46      0       41
  AVERAGE         59                        60     -1       57

PRECIPITATION (IN)
  YESTERDAY        0.00          1.99 1911   0.07  -0.07      T
  MONTH TO DATE    2.47                      2.16   0.31     0.75
  SINCE OCT 1      8.92                      6.82   2.10     7.52
  SINCE JAN 1      7.49                      5.80   1.69     5.60

SNOWFALL (IN)
  YESTERDAY       MM
  SNOW DEPTH       0

DEGREE DAYS
 HEATING
  YESTERDAY        6                         6      0        8
  MONTH TO DATE  160                       200    -40      145
  SINCE JUN 1    160                       200    -40      145
  SINCE JUL 1   8596                      8488    108     7508

 COOLING
  YESTERDAY        0                         1     -1        0
  MONTH TO DATE    5                         8     -3       12
  SINCE JUN 1      5                         8     -3       12
  SINCE JAN 1      7                        10     -3       12
..................................................................


WIND (MPH)
  HIGHEST WIND SPEED    16   HIGHEST WIND DIRECTION     E (80)
  HIGHEST GUST SPEED    18   HIGHEST GUST DIRECTION     E (80)
  AVERAGE WIND SPEED     4.5


SKY COVER
  AVERAGE SKY COVER 0.5


WEATHER CONDITIONS
 THE FOLLOWING WEATHER WAS RECORDED YESTERDAY.
  NO SIGNIFICANT WEATHER WAS OBSERVED.


RELATIVE HUMIDITY (PERCENT)
 HIGHEST    93           400 AM
 LOWEST     33           300 PM
 AVERAGE    63

..........................................................


THE CUT BANK MT CLIMATE NORMALS FOR TODAY
                         NORMAL    RECORD    YEAR
 MAXIMUM TEMPERATURE (F)   73        95      1962
 MINIMUM TEMPERATURE (F)   47        35      1920


SUNRISE AND SUNSET
JUNE 25 2017..........SUNRISE   528 AM MDT   SUNSET   936 PM MDT
JUNE 26 2017..........SUNRISE   529 AM MDT   SUNSET   936 PM MDT


-  INDICATES NEGATIVE NUMBERS.
R  INDICATES RECORD WAS SET OR TIED.
MM INDICATES DATA IS MISSING.
T  INDICATES TRACE AMOUNT.




$$
