037
CDUS45 KTFX 100857
CLICTB


CLIMATE REPORT
NATIONAL WEATHER SERVICE GREAT FALLS MT
157 AM MST WED FEB 10 2016


...................................

...THE CUT BANK MT CLIMATE SUMMARY FOR FEBRUARY 9 2016...

CLIMATE NORMAL PERIOD 1981 TO 2010
CLIMATE RECORD PERIOD 1903 TO 2016


WEATHER ITEM   OBSERVED TIME   RECORD YEAR NORMAL DEPARTURE LAST
                VALUE   (LST)  VALUE       VALUE  FROM      YEAR
                                                  NORMAL
..................................................................
TEMPERATURE (F)
 YESTERDAY
  MAXIMUM         65R   104 PM  57    1984  34     31       44
  MINIMUM         37    613 AM -40    1939  12     25       23
  AVERAGE         51                        23     28       34

PRECIPITATION (IN)
  YESTERDAY        0.00          0.26 1955   0.01  -0.01     0.04
  MONTH TO DATE    0.01                      0.06  -0.05     0.04
  SINCE OCT 1      2.37                      1.28   1.09     3.28
  SINCE JAN 1      0.45                      0.26   0.19     0.75

SNOWFALL (IN)
  YESTERDAY       MM
  SNOW DEPTH       0

DEGREE DAYS
 HEATING
  YESTERDAY       14                        42    -28       31
  MONTH TO DATE  271                       378   -107      323
  SINCE DEC 1   2884                      3033   -149     2836
  SINCE JUL 1   4922                      5296   -374     4934

 COOLING
  YESTERDAY        0                         0      0        0
  MONTH TO DATE    0                         0      0        0
  SINCE DEC 1      0                         0      0        0
  SINCE JAN 1      0                         0      0        0
..................................................................


WIND (MPH)
  HIGHEST WIND SPEED    32   HIGHEST WIND DIRECTION     W (260)
  HIGHEST GUST SPEED    38   HIGHEST GUST DIRECTION     W (270)
  AVERAGE WIND SPEED    17.1


SKY COVER
  AVERAGE SKY COVER 0.0


WEATHER CONDITIONS
 THE FOLLOWING WEATHER WAS RECORDED YESTERDAY.
  NO SIGNIFICANT WEATHER WAS OBSERVED.


RELATIVE HUMIDITY (PERCENT)
 HIGHEST    70           600 AM
 LOWEST     18           100 PM
 AVERAGE    44

..........................................................


THE CUT BANK MT CLIMATE NORMALS FOR TODAY
                         NORMAL    RECORD    YEAR
 MAXIMUM TEMPERATURE (F)   35        59      2002
                                             1926
 MINIMUM TEMPERATURE (F)   12       -33      1939


SUNRISE AND SUNSET
FEBRUARY 10 2016......SUNRISE   746 AM MST   SUNSET   542 PM MST
FEBRUARY 11 2016......SUNRISE   744 AM MST   SUNSET   544 PM MST


-  INDICATES NEGATIVE NUMBERS.
R  INDICATES RECORD WAS SET OR TIED.
MM INDICATES DATA IS MISSING.
T  INDICATES TRACE AMOUNT.




$$
