000
CDUS45 KTFX 012223
CLICTB


CLIMATE REPORT
NATIONAL WEATHER SERVICE GREAT FALLS MT
421 PM MDT FRI AUG 1 2014


...................................

...THE CUT BANK MT CLIMATE SUMMARY FOR AUGUST 1 2014...
VALID TODAY AS OF 0400 PM LOCAL TIME.

CLIMATE NORMAL PERIOD 1981 TO 2010
CLIMATE RECORD PERIOD 1903 TO 2014


WEATHER ITEM   OBSERVED TIME   RECORD YEAR NORMAL DEPARTURE LAST
                VALUE   (LST)  VALUE       VALUE  FROM      YEAR
                                                  NORMAL
..................................................................
TEMPERATURE (F)
 TODAY
  MAXIMUM         84    200 PM  95    1914  82      2       71
  MINIMUM         56        MM  37    2002  51      5       55
  AVERAGE         70                        66      4       63

PRECIPITATION (IN)
  TODAY            0.00          0.88 1960   0.04  -0.04     0.09
  MONTH TO DATE    0.00                      0.04  -0.04     0.09
  SINCE OCT 1     12.35                      8.53   3.82    11.76
  SINCE JAN 1     11.15                      7.51   3.64     9.59

SNOWFALL (IN)
  TODAY           MM
  SNOW DEPTH       0

DEGREE DAYS
 HEATING
  TODAY            0                         2     -2        2
  MONTH TO DATE    0                         2     -2        2
  SINCE JUN 1    290                       321    -31      252
  SINCE JUL 1     17                        88    -71       43

 COOLING
  TODAY            5                         3      2        0
  MONTH TO DATE    5                         3      2        0
  SINCE JUN 1    110                        90     20       97
  SINCE JAN 1    110                        92     18       99
..................................................................


WIND (MPH)
  HIGHEST WIND SPEED    15   HIGHEST WIND DIRECTION     N (350)
  HIGHEST GUST SPEED    18   HIGHEST GUST DIRECTION     N (10)
  AVERAGE WIND SPEED    10.2


SKY COVER
  AVERAGE SKY COVER 0.1


WEATHER CONDITIONS
 THE FOLLOWING WEATHER WAS RECORDED TODAY.
  NO SIGNIFICANT WEATHER WAS OBSERVED.


RELATIVE HUMIDITY (PERCENT)
 HIGHEST    93           400 AM
 LOWEST     34           200 PM
 AVERAGE    64

..........................................................


THE CUT BANK MT CLIMATE NORMALS FOR TOMORROW
                         NORMAL    RECORD    YEAR
 MAXIMUM TEMPERATURE (F)   82        98      1983
 MINIMUM TEMPERATURE (F)   51        38      1926


SUNRISE AND SUNSET
AUGUST  1 2014........SUNRISE   604 AM MDT   SUNSET   907 PM MDT
AUGUST  2 2014........SUNRISE   605 AM MDT   SUNSET   906 PM MDT


-  INDICATES NEGATIVE NUMBERS.
R  INDICATES RECORD WAS SET OR TIED.
MM INDICATES DATA IS MISSING.
T  INDICATES TRACE AMOUNT.




$$
