000
CDUS45 KTFX 041040
CLICTB


CLIMATE REPORT
NATIONAL WEATHER SERVICE GREAT FALLS MT
338 AM MST SUN DEC 4 2016


...................................

...THE CUT BANK MT CLIMATE SUMMARY FOR DECEMBER 3 2016...

CLIMATE NORMAL PERIOD 1981 TO 2010
CLIMATE RECORD PERIOD 1903 TO 2016


WEATHER ITEM   OBSERVED TIME   RECORD YEAR NORMAL DEPARTURE LAST
                VALUE   (LST)  VALUE       VALUE  FROM      YEAR
                                                  NORMAL
..................................................................
TEMPERATURE (F)
 YESTERDAY
  MAXIMUM         40    105 PM  59    1987  34      6       46
  MINIMUM         29    542 PM -28    1972  14     15       20
  AVERAGE         35                        24     11       33

PRECIPITATION (IN)
  YESTERDAY        0.00          0.21 1941   0.00   0.00     0.00
  MONTH TO DATE    T                         0.02  -0.02     0.00
  SINCE OCT 1      1.33                      0.82   0.51     1.36
  SINCE JAN 1     11.23                     10.70   0.53     9.66

SNOWFALL (IN)
  YESTERDAY        0.0
  SNOW DEPTH       T

DEGREE DAYS
 HEATING
  YESTERDAY       30                        41    -11       32
  MONTH TO DATE  109                       122    -13       93
  SINCE DEC 1    109                       122    -13       93
  SINCE JUL 1   2087                      2385   -298     2131

 COOLING
  YESTERDAY        0                         0      0        0
  MONTH TO DATE    0                         0      0        0
  SINCE DEC 1      0                         0      0        0
  SINCE JAN 1    108                       162    -54      234
..................................................................


WIND (MPH)
  HIGHEST WIND SPEED    37   HIGHEST WIND DIRECTION     W (260)
  HIGHEST GUST SPEED    44   HIGHEST GUST DIRECTION     W (250)
  AVERAGE WIND SPEED    23.2


SKY COVER
  AVERAGE SKY COVER 0.0


WEATHER CONDITIONS
 THE FOLLOWING WEATHER WAS RECORDED YESTERDAY.
  NO SIGNIFICANT WEATHER WAS OBSERVED.


RELATIVE HUMIDITY (PERCENT)
 HIGHEST    72           700 AM
 LOWEST     44          1200 PM
 AVERAGE    58

..........................................................


THE CUT BANK MT CLIMATE NORMALS FOR TODAY
                         NORMAL    RECORD    YEAR
 MAXIMUM TEMPERATURE (F)   34        61      1988
 MINIMUM TEMPERATURE (F)   14       -29      1972


SUNRISE AND SUNSET
DECEMBER  4 2016......SUNRISE   805 AM MST   SUNSET   435 PM MST
DECEMBER  5 2016......SUNRISE   806 AM MST   SUNSET   434 PM MST


-  INDICATES NEGATIVE NUMBERS.
R  INDICATES RECORD WAS SET OR TIED.
MM INDICATES DATA IS MISSING.
T  INDICATES TRACE AMOUNT.




$$
