000
CDUS45 KTFX 232230
CLICTB


CLIMATE REPORT
NATIONAL WEATHER SERVICE GREAT FALLS MT
430 PM MDT MON OCT 23 2017


...................................

...THE CUT BANK MT CLIMATE SUMMARY FOR OCTOBER 23 2017...
VALID TODAY AS OF 0400 PM LOCAL TIME.

CLIMATE NORMAL PERIOD 1981 TO 2010
CLIMATE RECORD PERIOD 1903 TO 2017


WEATHER ITEM   OBSERVED TIME   RECORD YEAR NORMAL DEPARTURE LAST
                VALUE   (LST)  VALUE       VALUE  FROM      YEAR
                                                  NORMAL
..................................................................
TEMPERATURE (F)
 TODAY
  MAXIMUM         55    129 PM  81    1965  52      3       56
  MINIMUM         34    719 AM   6    2012  28      6       23
                                      1919
  AVERAGE         45                        40      5       40

PRECIPITATION (IN)
  TODAY            0.00          0.38 1954   0.01  -0.01     0.00
  MONTH TO DATE    0.37                      0.36   0.01     0.45
  SINCE OCT 1      0.37                      0.36   0.01     0.45
  SINCE JAN 1      8.49                     10.24  -1.75    10.35

DEGREE DAYS
 HEATING
  TODAY           20                        25     -5       25
  MONTH TO DATE  522                       474     48      552
  SINCE SEP 1    864                       817     47      901
  SINCE JUL 1    947                      1011    -64     1074

 COOLING
  TODAY            0                         0      0        0
  MONTH TO DATE    0                         0      0        0
  SINCE SEP 1     24                         8     16        5
  SINCE JAN 1    250                       161     89      108
..................................................................


WIND (MPH)
  HIGHEST WIND SPEED    28   HIGHEST WIND DIRECTION    SW (240)
  HIGHEST GUST SPEED    36   HIGHEST GUST DIRECTION     W (280)
  AVERAGE WIND SPEED    19.7


SKY COVER
  AVERAGE SKY COVER 0.0


WEATHER CONDITIONS
 THE FOLLOWING WEATHER WAS RECORDED TODAY.
  NO SIGNIFICANT WEATHER WAS OBSERVED.


RELATIVE HUMIDITY (PERCENT)
 HIGHEST    59           700 AM
 LOWEST     22          1200 PM
 AVERAGE    41

..........................................................


THE CUT BANK MT CLIMATE NORMALS FOR TOMORROW
                         NORMAL    RECORD    YEAR
 MAXIMUM TEMPERATURE (F)   52        75      1929
 MINIMUM TEMPERATURE (F)   28        -4      1919


SUNRISE AND SUNSET
OCTOBER 23 2017.......SUNRISE   802 AM MDT   SUNSET   624 PM MDT
OCTOBER 24 2017.......SUNRISE   804 AM MDT   SUNSET   623 PM MDT


-  INDICATES NEGATIVE NUMBERS.
R  INDICATES RECORD WAS SET OR TIED.
MM INDICATES DATA IS MISSING.
T  INDICATES TRACE AMOUNT.




$$
