000
CDUS45 KTFX 240912
CLICTB


CLIMATE REPORT
NATIONAL WEATHER SERVICE GREAT FALLS MT
311 AM MDT SUN JUL 24 2016


...................................

...THE CUT BANK MT CLIMATE SUMMARY FOR JULY 23 2016...

CLIMATE NORMAL PERIOD 1981 TO 2010
CLIMATE RECORD PERIOD 1903 TO 2016


WEATHER ITEM   OBSERVED TIME   RECORD YEAR NORMAL DEPARTURE LAST
                VALUE   (LST)  VALUE       VALUE  FROM      YEAR
                                                  NORMAL
..................................................................
TEMPERATURE (F)
 YESTERDAY
  MAXIMUM         79    232 PM 100    2007  81     -2       83
  MINIMUM         54   1118 PM  37    1982  51      3       47
  AVERAGE         67                        66      1       65

PRECIPITATION (IN)
  YESTERDAY        0.00          0.76 2008   0.03  -0.03     0.00
  MONTH TO DATE    0.89                      1.00  -0.11     0.86
  SINCE OCT 1      8.82                      8.21   0.61     7.59
  SINCE JAN 1      6.90                      7.19  -0.29     5.06

SNOWFALL (IN)
  YESTERDAY       MM
  SNOW DEPTH       0

DEGREE DAYS
 HEATING
  YESTERDAY        0                         2     -2        0
  MONTH TO DATE   72                        72      0       54
  SINCE JUN 1    236                       305    -69      184
  SINCE JUL 1     72                        72      0       54

 COOLING
  YESTERDAY        2                         3     -1        0
  MONTH TO DATE   27                        48    -21       53
  SINCE JUN 1     49                        63    -14      113
  SINCE JAN 1     49                        65    -16      113
..................................................................


WIND (MPH)
  HIGHEST WIND SPEED    29   HIGHEST WIND DIRECTION     W (260)
  HIGHEST GUST SPEED    34   HIGHEST GUST DIRECTION     W (260)
  AVERAGE WIND SPEED    15.7


SKY COVER
  AVERAGE SKY COVER 0.1


WEATHER CONDITIONS
 THE FOLLOWING WEATHER WAS RECORDED YESTERDAY.
  NO SIGNIFICANT WEATHER WAS OBSERVED.


RELATIVE HUMIDITY (PERCENT)
 HIGHEST    57           400 AM
 LOWEST     23           400 PM
 AVERAGE    40

..........................................................


THE CUT BANK MT CLIMATE NORMALS FOR TODAY
                         NORMAL    RECORD    YEAR
 MAXIMUM TEMPERATURE (F)   81        98      1936
 MINIMUM TEMPERATURE (F)   51        34      1918


SUNRISE AND SUNSET
JULY 24 2016..........SUNRISE   554 AM MDT   SUNSET   917 PM MDT
JULY 25 2016..........SUNRISE   555 AM MDT   SUNSET   916 PM MDT


-  INDICATES NEGATIVE NUMBERS.
R  INDICATES RECORD WAS SET OR TIED.
MM INDICATES DATA IS MISSING.
T  INDICATES TRACE AMOUNT.




$$
