000
CDUS45 KTFX 192218
CLICTB


CLIMATE REPORT
NATIONAL WEATHER SERVICE GREAT FALLS MT
418 PM MDT FRI SEP 19 2014


...................................

...THE CUT BANK MT CLIMATE SUMMARY FOR SEPTEMBER 19 2014...
VALID TODAY AS OF 0400 PM LOCAL TIME.

CLIMATE NORMAL PERIOD 1981 TO 2010
CLIMATE RECORD PERIOD 1903 TO 2014


WEATHER ITEM   OBSERVED TIME   RECORD YEAR NORMAL DEPARTURE LAST
                VALUE   (LST)  VALUE       VALUE  FROM      YEAR
                                                  NORMAL
..................................................................
TEMPERATURE (F)
 TODAY
  MAXIMUM         74    107 PM  90    2009  67      7       66
  MINIMUM         56    709 AM  14    1957  39     17       33
  AVERAGE         65                        53     12       50

PRECIPITATION (IN)
  TODAY            0.00          0.57 1968   0.05  -0.05     0.00
  MONTH TO DATE    0.61                      0.84  -0.23     2.45
  SINCE OCT 1     15.65                     10.52   5.13    15.64
  SINCE JAN 1     14.45                      9.50   4.95    13.47

SNOWFALL (IN)
  TODAY            0.0
  SNOW DEPTH       0

DEGREE DAYS
 HEATING
  TODAY            0                        13    -13       15
  MONTH TO DATE  238                       184     54       52
  SINCE SEP 1    238                       184     54       52
  SINCE JUL 1    335                       378    -43      124

 COOLING
  TODAY            0                         0      0        0
  MONTH TO DATE    2                         6     -4       31
  SINCE SEP 1      2                         6     -4       31
  SINCE JAN 1    199                       159     40      226
..................................................................


WIND (MPH)
  HIGHEST WIND SPEED    35   HIGHEST WIND DIRECTION     W (270)
  HIGHEST GUST SPEED    43   HIGHEST GUST DIRECTION     W (260)
  AVERAGE WIND SPEED    18.5


SKY COVER
  AVERAGE SKY COVER 0.1


WEATHER CONDITIONS
 THE FOLLOWING WEATHER WAS RECORDED TODAY.
  NO SIGNIFICANT WEATHER WAS OBSERVED.


RELATIVE HUMIDITY (PERCENT)
 HIGHEST    62           700 AM
 LOWEST     33          1200 PM
 AVERAGE    48

..........................................................


THE CUT BANK MT CLIMATE NORMALS FOR TOMORROW
                         NORMAL    RECORD    YEAR
 MAXIMUM TEMPERATURE (F)   66        86      1938
 MINIMUM TEMPERATURE (F)   38        17      1934


SUNRISE AND SUNSET
SEPTEMBER 19 2014.....SUNRISE   712 AM MDT   SUNSET   734 PM MDT
SEPTEMBER 20 2014.....SUNRISE   713 AM MDT   SUNSET   731 PM MDT


-  INDICATES NEGATIVE NUMBERS.
R  INDICATES RECORD WAS SET OR TIED.
MM INDICATES DATA IS MISSING.
T  INDICATES TRACE AMOUNT.




$$
