816
CDUS45 KTFX 301015
CLICTB


CLIMATE REPORT
NATIONAL WEATHER SERVICE GREAT FALLS MT
414 AM MDT THU MAR 30 2017


...................................

...THE CUT BANK MT CLIMATE SUMMARY FOR MARCH 29 2017...

CLIMATE NORMAL PERIOD 1981 TO 2010
CLIMATE RECORD PERIOD 1903 TO 2017


WEATHER ITEM   OBSERVED TIME   RECORD YEAR NORMAL DEPARTURE LAST
                VALUE   (LST)  VALUE       VALUE  FROM      YEAR
                                                  NORMAL
..................................................................
TEMPERATURE (F)
 YESTERDAY
  MAXIMUM         55    310 PM  67    1966  47      8       49
  MINIMUM         35    312 AM -11    1936  24     11       26
  AVERAGE         45                        36      9       38

PRECIPITATION (IN)
  YESTERDAY        T             0.30 1935   0.02  -0.02     0.00
  MONTH TO DATE    0.06                      0.46  -0.40     0.16
  SINCE OCT 1      2.91                      1.89   1.02     2.56
  SINCE JAN 1      1.48                      0.87   0.61     0.64

SNOWFALL (IN)
  YESTERDAY       MM
  SNOW DEPTH       0

DEGREE DAYS
 HEATING
  YESTERDAY       20                        29     -9       27
  MONTH TO DATE  980                       984     -4      793
  SINCE MAR 1    980                       984     -4      793
  SINCE JUL 1   7331                      7044    287     6258

 COOLING
  YESTERDAY        0                         0      0        0
  MONTH TO DATE    0                         0      0        0
  SINCE MAR 1      0                         0      0        0
  SINCE JAN 1      0                         0      0        0
..................................................................


WIND (MPH)
  HIGHEST WIND SPEED    31   HIGHEST WIND DIRECTION     W (250)
  HIGHEST GUST SPEED    37   HIGHEST GUST DIRECTION     W (250)
  AVERAGE WIND SPEED    15.5


SKY COVER
  AVERAGE SKY COVER 0.3


WEATHER CONDITIONS
 THE FOLLOWING WEATHER WAS RECORDED YESTERDAY.
  NO SIGNIFICANT WEATHER WAS OBSERVED.


RELATIVE HUMIDITY (PERCENT)
 HIGHEST    70           200 AM
 LOWEST     38           200 PM
 AVERAGE    54

..........................................................


THE CUT BANK MT CLIMATE NORMALS FOR TODAY
                         NORMAL    RECORD    YEAR
 MAXIMUM TEMPERATURE (F)   48        77      2004
 MINIMUM TEMPERATURE (F)   25       -22      1936


SUNRISE AND SUNSET
MARCH 30 2017.........SUNRISE   711 AM MDT   SUNSET   758 PM MDT
MARCH 31 2017.........SUNRISE   709 AM MDT   SUNSET   759 PM MDT


-  INDICATES NEGATIVE NUMBERS.
R  INDICATES RECORD WAS SET OR TIED.
MM INDICATES DATA IS MISSING.
T  INDICATES TRACE AMOUNT.




$$
