000
CDUS42 KTAE 050633
CLICTY


CLIMATE REPORT
NATIONAL WEATHER SERVICE TALLAHASSEE FL
132 AM EST MON DEC 5 2016


...................................

...THE CROSS CITY  CLIMATE SUMMARY FOR DECEMBER 4 2016...

CLIMATE NORMAL PERIOD 1981 TO 2010
CLIMATE RECORD PERIOD 1948 TO 2016


WEATHER ITEM   OBSERVED TIME   NORMAL DEPARTURE LAST
                VALUE   (LST)  VALUE  FROM      YEAR
                                      NORMAL
......................................................
TEMPERATURE (F)
 YESTERDAY
  MAXIMUM         82    200 PM  69     13       68
  MINIMUM         52    600 AM  46      6       53
  AVERAGE         67            58      9

PRECIPITATION (IN)
  YESTERDAY        0.00          0.10  -0.10     0.00
  MONTH TO DATE    0.14          0.36  -0.22     0.24
  SINCE DEC 1      0.14          0.36  -0.22     0.24
  SINCE JAN 1     59.74         46.20  13.54    65.86

DEGREE DAYS
 HEATING
  YESTERDAY        0             8     -8
  MONTH TO DATE   26            32     -6
  SINCE DEC 1     26            32     -6
  SINCE JUL 1    151           200    -49

 COOLING
  YESTERDAY        2             1      1
  MONTH TO DATE    2             4     -2
  SINCE DEC 1      2             4     -2
  SINCE JAN 1   3023          2606    417
......................................................


WIND (MPH)
  RESULTANT WIND SPEED   4   RESULTANT WIND DIRECTION   S (170)
  HIGHEST WIND SPEED    14   HIGHEST WIND DIRECTION     S (190)
  HIGHEST GUST SPEED    18   HIGHEST GUST DIRECTION     S (170)
  AVERAGE WIND SPEED     6.0



WEATHER CONDITIONS
 THE FOLLOWING WEATHER WAS RECORDED YESTERDAY.
  NO SIGNIFICANT WEATHER WAS OBSERVED.


RELATIVE HUMIDITY (PERCENT)
 HIGHEST    96
 LOWEST     47

..........................................................




SUNRISE AND SUNSET
DECEMBER  5 2016......SUNRISE   713 AM EST   SUNSET   533 PM EST
DECEMBER  6 2016......SUNRISE   714 AM EST   SUNSET   533 PM EST


-  INDICATES NEGATIVE NUMBERS.
R  INDICATES RECORD WAS SET OR TIED.
MM INDICATES DATA IS MISSING.
T  INDICATES TRACE AMOUNT.




$$
