151
CDUS42 KTAE 240635
CLICTY


CLIMATE REPORT
NATIONAL WEATHER SERVICE TALLAHASSEE FL
235 AM EDT WED MAY 24 2017


...................................

...THE CROSS CITY  CLIMATE SUMMARY FOR MAY 23 2017...

CLIMATE NORMAL PERIOD 1981 TO 2010
CLIMATE RECORD PERIOD 1948 TO 2017


WEATHER ITEM   OBSERVED TIME   NORMAL DEPARTURE LAST
                VALUE   (LST)  VALUE  FROM      YEAR
                                      NORMAL
......................................................
TEMPERATURE (F)
 YESTERDAY
  MAXIMUM         84    235 PM  89     -5       88
  MINIMUM         70    435 AM  64      6       57
  AVERAGE         77            77      0

PRECIPITATION (IN)
  YESTERDAY        0.37          0.08   0.29     0.00
  MONTH TO DATE    2.49          1.65   0.84     1.70
  SINCE MAR 1      5.46          8.82  -3.36     9.67
  SINCE JAN 1      8.01         16.13  -8.12    16.43

DEGREE DAYS
 HEATING
  YESTERDAY        0             0      0
  MONTH TO DATE    0             0      0
  SINCE MAR 1    159           183    -24
  SINCE JUL 1    758          1303   -545

 COOLING
  YESTERDAY       12            12      0
  MONTH TO DATE  220           198     22
  SINCE MAR 1    456           353    103
  SINCE JAN 1    518           380    138
......................................................


WIND (MPH)
  RESULTANT WIND SPEED   9   RESULTANT WIND DIRECTION   S (200)
  HIGHEST WIND SPEED    20   HIGHEST WIND DIRECTION    SW (210)
  HIGHEST GUST SPEED    27   HIGHEST GUST DIRECTION     S (190)
  AVERAGE WIND SPEED     9.3



WEATHER CONDITIONS
 THE FOLLOWING WEATHER WAS RECORDED YESTERDAY.
  THUNDERSTORM
  RAIN
  FOG


RELATIVE HUMIDITY (PERCENT)
 HIGHEST   100
 LOWEST     74

..........................................................




SUNRISE AND SUNSET
MAY 24 2017...........SUNRISE   635 AM EDT   SUNSET   824 PM EDT
MAY 25 2017...........SUNRISE   635 AM EDT   SUNSET   824 PM EDT


-  INDICATES NEGATIVE NUMBERS.
R  INDICATES RECORD WAS SET OR TIED.
MM INDICATES DATA IS MISSING.
T  INDICATES TRACE AMOUNT.




$$
