000
CDUS42 KTAE 290637
CLICTY


CLIMATE REPORT
NATIONAL WEATHER SERVICE TALLAHASSEE FL
235 AM EDT FRI AUG 29 2014


...................................

...THE CROSS CITY (AWOS) CLIMATE SUMMARY FOR AUGUST 28 2014...

CLIMATE NORMAL PERIOD 1981 TO 2010
CLIMATE RECORD PERIOD 1948 TO 2014


WEATHER ITEM   OBSERVED TIME   NORMAL DEPARTURE LAST
                VALUE   (LST)  VALUE  FROM      YEAR
                                      NORMAL
......................................................
TEMPERATURE (F)
 YESTERDAY
  MAXIMUM         94    453 PM  90      4
  MINIMUM         64    635 AM  71     -7
  AVERAGE         79            81     -2

PRECIPITATION (IN)
  YESTERDAY        0.00          0.25  -0.25     0.01
  MONTH TO DATE    3.47          6.73  -3.26     9.82
  SINCE JUN 1     14.53         17.48  -2.95    40.18
  SINCE JAN 1     40.03         34.65   5.38    52.72

DEGREE DAYS
 HEATING
  YESTERDAY        0             0      0
  MONTH TO DATE    0             0      0
  SINCE JUN 1      0             0      0
  SINCE JUL 1      0             0      0

 COOLING
  YESTERDAY       14            16     -2
  MONTH TO DATE  512           458     54
  SINCE JUN 1   1512          1413     99
  SINCE JAN 1   2004          1892    112
......................................................


WIND (MPH)
  RESULTANT WIND SPEED   1   RESULTANT WIND DIRECTION   E (110)
  HIGHEST WIND SPEED     7   HIGHEST WIND DIRECTION    NW (310)
  HIGHEST GUST SPEED    11   HIGHEST GUST DIRECTION    NE (60)
  AVERAGE WIND SPEED     1.6



WEATHER CONDITIONS
 THE FOLLOWING WEATHER WAS RECORDED YESTERDAY.
  NO SIGNIFICANT WEATHER WAS OBSERVED.


RELATIVE HUMIDITY (PERCENT)
 HIGHEST    93
 LOWEST     36

..........................................................




SUNRISE AND SUNSET
AUGUST 29 2014........SUNRISE   708 AM EDT   SUNSET   758 PM EDT
AUGUST 30 2014........SUNRISE   709 AM EDT   SUNSET   757 PM EDT


-  INDICATES NEGATIVE NUMBERS.
R  INDICATES RECORD WAS SET OR TIED.
MM INDICATES DATA IS MISSING.
T  INDICATES TRACE AMOUNT.




$$
