000
CDUS42 KTAE 250631
CLICTY


CLIMATE REPORT
NATIONAL WEATHER SERVICE TALLAHASSEE FL
230 AM EDT TUE APR 25 2017


...................................

...THE CROSS CITY  CLIMATE SUMMARY FOR APRIL 24 2017...

CLIMATE NORMAL PERIOD 1981 TO 2010
CLIMATE RECORD PERIOD 1948 TO 2017


WEATHER ITEM   OBSERVED TIME   NORMAL DEPARTURE LAST
                VALUE   (LST)  VALUE  FROM      YEAR
                                      NORMAL
......................................................
TEMPERATURE (F)
 YESTERDAY
  MAXIMUM         72    300 PM  82    -10       89
  MINIMUM         54    900 PM  55     -1       56
  AVERAGE         63            68     -5

PRECIPITATION (IN)
  YESTERDAY        0.00          0.06  -0.06     0.00
  MONTH TO DATE    2.11          2.63  -0.52     3.99
  SINCE MAR 1      2.97          6.84  -3.87     7.46
  SINCE JAN 1      5.52         14.15  -8.63    14.22

DEGREE DAYS
 HEATING
  YESTERDAY        2             1      1
  MONTH TO DATE   23            45    -22
  SINCE MAR 1    158           180    -22
  SINCE JUL 1    757          1300   -543

 COOLING
  YESTERDAY        0             4     -4
  MONTH TO DATE  110            78     32
  SINCE MAR 1    177           125     52
  SINCE JAN 1    239           152     87
......................................................


WIND (MPH)
  RESULTANT WIND SPEED   7   RESULTANT WIND DIRECTION   W (290)
  HIGHEST WIND SPEED    17   HIGHEST WIND DIRECTION     W (280)
  HIGHEST GUST SPEED    24   HIGHEST GUST DIRECTION     W (280)
  AVERAGE WIND SPEED     7.4



WEATHER CONDITIONS
 THE FOLLOWING WEATHER WAS RECORDED YESTERDAY.
  NO SIGNIFICANT WEATHER WAS OBSERVED.


RELATIVE HUMIDITY (PERCENT)
 HIGHEST    93
 LOWEST     57

..........................................................




SUNRISE AND SUNSET
APRIL 25 2017.........SUNRISE   655 AM EDT   SUNSET   806 PM EDT
APRIL 26 2017.........SUNRISE   654 AM EDT   SUNSET   806 PM EDT


-  INDICATES NEGATIVE NUMBERS.
R  INDICATES RECORD WAS SET OR TIED.
MM INDICATES DATA IS MISSING.
T  INDICATES TRACE AMOUNT.




$$
