000
CDUS42 KTAE 230632
CLICTY


CLIMATE REPORT
NATIONAL WEATHER SERVICE TALLAHASSEE FL
232 AM EDT SAT MAY 23 2015


...................................

...THE CROSS CITY  CLIMATE SUMMARY FOR MAY 22 2015...

CLIMATE NORMAL PERIOD 1981 TO 2010
CLIMATE RECORD PERIOD 1948 TO 2015


WEATHER ITEM   OBSERVED TIME   NORMAL DEPARTURE LAST
                VALUE   (LST)  VALUE  FROM      YEAR
                                      NORMAL
......................................................
TEMPERATURE (F)
 YESTERDAY
  MAXIMUM         91    424 PM  89      2       89
  MINIMUM         66    600 AM  64      2       67
  AVERAGE         79            76      3

PRECIPITATION (IN)
  YESTERDAY        0.00          0.08  -0.08     0.00
  MONTH TO DATE    3.09          1.57   1.52     5.88
  SINCE MAR 1      6.39          8.74  -2.35    14.89
  SINCE JAN 1     12.36         16.05  -3.69    25.04

DEGREE DAYS
 HEATING
  YESTERDAY        0             0      0
  MONTH TO DATE    1             0      1
  SINCE MAR 1     53           183   -130
  SINCE JUL 1   1213          1303    -90

 COOLING
  YESTERDAY       14            11      3
  MONTH TO DATE  251           186     65
  SINCE MAR 1    683           341    342
  SINCE JAN 1    699           368    331
......................................................


WIND (MPH)
  RESULTANT WIND SPEED   3   RESULTANT WIND DIRECTION   N (0)
  HIGHEST WIND SPEED    13   HIGHEST WIND DIRECTION     N (340)
  HIGHEST GUST SPEED    16   HIGHEST GUST DIRECTION     N (20)
  AVERAGE WIND SPEED     4.3



WEATHER CONDITIONS
 THE FOLLOWING WEATHER WAS RECORDED YESTERDAY.
  NO SIGNIFICANT WEATHER WAS OBSERVED.


RELATIVE HUMIDITY (PERCENT)
 HIGHEST    90
 LOWEST     41

..........................................................




SUNRISE AND SUNSET
MAY 23 2015...........SUNRISE   636 AM EDT   SUNSET   823 PM EDT
MAY 24 2015...........SUNRISE   635 AM EDT   SUNSET   823 PM EDT


-  INDICATES NEGATIVE NUMBERS.
R  INDICATES RECORD WAS SET OR TIED.
MM INDICATES DATA IS MISSING.
T  INDICATES TRACE AMOUNT.




$$
