000
CDUS42 KTAE 010624
CLICTY


CLIMATE REPORT
NATIONAL WEATHER SERVICE TALLAHASSEE FL
122 AM EST SUN FEB 1 2015

...................................

...THE CROSS CITY (AWOS) CLIMATE SUMMARY FOR JANUARY 31 2015...

CLIMATE NORMAL PERIOD 1981 TO 2010
CLIMATE RECORD PERIOD 1948 TO 2015


WEATHER ITEM   OBSERVED TIME   NORMAL DEPARTURE LAST
                VALUE   (LST)  VALUE  FROM      YEAR
                                      NORMAL
......................................................
TEMPERATURE (F)
 YESTERDAY
  MAXIMUM         69    332 PM  68      1
  MINIMUM         31    751 AM  42    -11
  AVERAGE         50            55     -5

PRECIPITATION (IN)
  YESTERDAY        0.00          0.10  -0.10     0.01
  MONTH TO DATE    2.94          4.04  -1.10     4.95
  SINCE DEC 1      6.18          6.56  -0.38     6.77
  SINCE JAN 1      2.94          4.04  -1.10     4.95

DEGREE DAYS
 HEATING
  YESTERDAY       15            11      4
  MONTH TO DATE  307           374    -67
  SINCE DEC 1    516           710   -194
  SINCE JUL 1    801           878    -77

 COOLING
  YESTERDAY        0             1     -1
  MONTH TO DATE   16            11      5
  SINCE DEC 1     54            29     25
  SINCE JAN 1     16            11      5
......................................................


WIND (MPH)
  RESULTANT WIND SPEED   3   RESULTANT WIND DIRECTION   E (70)
  HIGHEST WIND SPEED    10   HIGHEST WIND DIRECTION     E (100)
  HIGHEST GUST SPEED    16   HIGHEST GUST DIRECTION    NE (60)
  AVERAGE WIND SPEED     3.7



WEATHER CONDITIONS
 THE FOLLOWING WEATHER WAS RECORDED YESTERDAY.
  NO SIGNIFICANT WEATHER WAS OBSERVED.


RELATIVE HUMIDITY (PERCENT)
 HIGHEST    89
 LOWEST     35

..........................................................



SUNRISE AND SUNSET
FEBRUARY  1 2015......SUNRISE   722 AM EST   SUNSET   610 PM EST
FEBRUARY  2 2015......SUNRISE   722 AM EST   SUNSET   611 PM EST


-  INDICATES NEGATIVE NUMBERS.
R  INDICATES RECORD WAS SET OR TIED.
MM INDICATES DATA IS MISSING.
T  INDICATES TRACE AMOUNT.

$$
