000
CDUS42 KTAE 040620
CLICTY


CLIMATE REPORT
NATIONAL WEATHER SERVICE TALLAHASSEE FL
218 AM EDT FRI SEP 4 2015

...................................

...THE CROSS CITY  CLIMATE SUMMARY FOR SEPTEMBER 3 2015...

CLIMATE NORMAL PERIOD 1981 TO 2010
CLIMATE RECORD PERIOD 1948 TO 2015


WEATHER ITEM   OBSERVED TIME   NORMAL DEPARTURE LAST
                VALUE   (LST)  VALUE  FROM      YEAR
                                      NORMAL
......................................................
TEMPERATURE (F)
 YESTERDAY
  MAXIMUM         95    107 PM  90      5       91
  MINIMUM         74    547 AM  71      3       73
  AVERAGE         85            80      5

PRECIPITATION (IN)
  YESTERDAY        0.04          0.19  -0.15     0.48
  MONTH TO DATE    0.35          0.56  -0.21     0.64
  SINCE SEP 1      0.35          0.56  -0.21     0.64
  SINCE JAN 1     54.59         35.93  18.66    41.02

DEGREE DAYS
 HEATING
  YESTERDAY        0             0      0
  MONTH TO DATE    0             0      0
  SINCE SEP 1      0             0      0
  SINCE JUL 1      0             0      0

 COOLING
  YESTERDAY       20            15      5
  MONTH TO DATE   54            45      9
  SINCE SEP 1     54            45      9
  SINCE JAN 1   2551          1983    568
......................................................


WIND (MPH)
  RESULTANT WIND SPEED   3   RESULTANT WIND DIRECTION   W (280)
  HIGHEST WIND SPEED    10   HIGHEST WIND DIRECTION     W (290)
  HIGHEST GUST SPEED    MM   HIGHEST GUST DIRECTION    MM
  AVERAGE WIND SPEED     3.5



WEATHER CONDITIONS
 THE FOLLOWING WEATHER WAS RECORDED YESTERDAY.
  NO SIGNIFICANT WEATHER WAS OBSERVED.


RELATIVE HUMIDITY (PERCENT)
 HIGHEST    94
 LOWEST     52

..........................................................


SUNRISE AND SUNSET
SEPTEMBER  4 2015.....SUNRISE   711 AM EDT   SUNSET   751 PM EDT
SEPTEMBER  5 2015.....SUNRISE   712 AM EDT   SUNSET   750 PM EDT


-  INDICATES NEGATIVE NUMBERS.
R  INDICATES RECORD WAS SET OR TIED.
MM INDICATES DATA IS MISSING.
T  INDICATES TRACE AMOUNT.

$$
