863
CDUS42 KCAE 220824
CLICUB


CLIMATE REPORT
NATIONAL WEATHER SERVICE COLUMBIA SC
424 AM EDT FRI MAY 22 2015


...................................

...THE HAMILTON - OWENS AIRPORT SC CLIMATE SUMMARY FOR MAY 21 2015...

CLIMATE NORMAL PERIOD 1981 TO 2010
CLIMATE RECORD PERIOD 9999 TO 9999


WEATHER ITEM   OBSERVED TIME   NORMAL DEPARTURE LAST
                VALUE   (LST)  VALUE  FROM      YEAR
                                      NORMAL
......................................................
TEMPERATURE (F)
 YESTERDAY
  MAXIMUM         93    438 PM  85      8       91
  MINIMUM         69    523 AM  62      7       61
  AVERAGE         81            74      7       76

PRECIPITATION (IN)
  YESTERDAY        0.00          0.11  -0.11     0.00
  MONTH TO DATE    0.87          1.85  -0.98     2.31
  SINCE MAR 1      6.52          8.42  -1.90     8.94
  SINCE JAN 1     14.44         15.70  -1.26    15.32

DEGREE DAYS
 HEATING
  YESTERDAY        0             0      0        0
  MONTH TO DATE    6            11     -5        8
  SINCE MAR 1    255           383   -128      476
  SINCE JUL 1   2381          2312     69     2468

 COOLING
  YESTERDAY       16             9      7       11
  MONTH TO DATE  189           137     52      161
  SINCE MAR 1    323           233     90      259
  SINCE JAN 1    323           236     87      265
......................................................


WIND (MPH)
  HIGHEST WIND SPEED    20   HIGHEST WIND DIRECTION     W (270)
  HIGHEST GUST SPEED    29   HIGHEST GUST DIRECTION     W (260)
  AVERAGE WIND SPEED     8.3


SKY COVER
  AVERAGE SKY COVER 0.1


WEATHER CONDITIONS
 THE FOLLOWING WEATHER WAS RECORDED YESTERDAY.
  NO SIGNIFICANT WEATHER WAS OBSERVED.


RELATIVE HUMIDITY (PERCENT)
 HIGHEST    90           400 AM
 LOWEST     25           500 PM

..........................................................


THE HAMILTON - OWENS AIRPORT SC CLIMATE NORMALS FOR TODAY
                         NORMAL    RECORD    YEAR
 MAXIMUM TEMPERATURE (F)   85        MM        MM
 MINIMUM TEMPERATURE (F)   62        MM        MM


SUNRISE AND SUNSET
MAY 22 2015...........SUNRISE   618 AM EDT   SUNSET   823 PM EDT
MAY 23 2015...........SUNRISE   618 AM EDT   SUNSET   824 PM EDT


-  INDICATES NEGATIVE NUMBERS.
R  INDICATES RECORD WAS SET OR TIED.
MM INDICATES DATA IS MISSING.
T  INDICATES TRACE AMOUNT.




$$
