000
CDUS42 KCAE 200538
CLICUB


CLIMATE REPORT
NATIONAL WEATHER SERVICE COLUMBIA SC
137 AM EDT SUN AUG 20 2017


...................................

...THE HAMILTON - OWENS AIRPORT SC CLIMATE SUMMARY FOR AUGUST 19 2017...

CLIMATE NORMAL PERIOD 1981 TO 2010
CLIMATE RECORD PERIOD 9999 TO 9999


WEATHER ITEM   OBSERVED TIME   NORMAL DEPARTURE LAST
                VALUE   (LST)  VALUE  FROM      YEAR
                                      NORMAL
......................................................
TEMPERATURE (F)
 YESTERDAY
  MAXIMUM         97    436 PM  91      6       94
  MINIMUM         78    636 AM  71      7       74
  AVERAGE         88            81      7       84

PRECIPITATION (IN)
  YESTERDAY        T             0.16  -0.16     0.26
  MONTH TO DATE    2.11          3.20  -1.09     5.67
  SINCE JUN 1     14.44         13.29   1.15    12.75
  SINCE JAN 1     35.85         30.11   5.74    26.74

DEGREE DAYS
 HEATING
  YESTERDAY        0             0      0        0
  MONTH TO DATE    0             0      0        0
  SINCE JUN 1      0             0      0        0
  SINCE JUL 1      0             0      0        0

 COOLING
  YESTERDAY       23            16      7       19
  MONTH TO DATE  344           319     25      380
  SINCE JUN 1   1372          1299     73     1568
  SINCE JAN 1   1899          1635    264     2005
......................................................


WIND (MPH)
  HIGHEST WIND SPEED    13   HIGHEST WIND DIRECTION    SW (210)
  HIGHEST GUST SPEED    17   HIGHEST GUST DIRECTION    SW (240)
  AVERAGE WIND SPEED     3.0


SKY COVER
  AVERAGE SKY COVER 0.3


WEATHER CONDITIONS
 THE FOLLOWING WEATHER WAS RECORDED YESTERDAY.
  LIGHT RAIN


RELATIVE HUMIDITY (PERCENT)
 HIGHEST    85           100 AM
 LOWEST     34           300 PM

..........................................................


THE HAMILTON - OWENS AIRPORT SC CLIMATE NORMALS FOR TODAY
                         NORMAL    RECORD    YEAR
 MAXIMUM TEMPERATURE (F)   90        MM        MM
 MINIMUM TEMPERATURE (F)   71        MM        MM


SUNRISE AND SUNSET
AUGUST 20 2017........SUNRISE   649 AM EDT   SUNSET   805 PM EDT
AUGUST 21 2017........SUNRISE   650 AM EDT   SUNSET   803 PM EDT


-  INDICATES NEGATIVE NUMBERS.
R  INDICATES RECORD WAS SET OR TIED.
MM INDICATES DATA IS MISSING.
T  INDICATES TRACE AMOUNT.




$$
