000
CDUS42 KCAE 280526
CLICUB


CLIMATE REPORT
NATIONAL WEATHER SERVICE COLUMBIA SC
125 AM EDT WED JUN 28 2017


...................................

...THE HAMILTON - OWENS AIRPORT SC CLIMATE SUMMARY FOR JUNE 27 2017...

CLIMATE NORMAL PERIOD 1981 TO 2010
CLIMATE RECORD PERIOD 9999 TO 9999


WEATHER ITEM   OBSERVED TIME   NORMAL DEPARTURE LAST
                VALUE   (LST)  VALUE  FROM      YEAR
                                      NORMAL
......................................................
TEMPERATURE (F)
 YESTERDAY
  MAXIMUM         88    516 PM  92     -4       92
  MINIMUM         68    555 AM  71     -3       71
  AVERAGE         78            81     -3       82

PRECIPITATION (IN)
  YESTERDAY        0.00          0.18  -0.18     0.01
  MONTH TO DATE    4.77          4.38   0.39     4.40
  SINCE JUN 1      4.77          4.38   0.39     4.40
  SINCE JAN 1     26.18         21.20   4.98    18.39

DEGREE DAYS
 HEATING
  YESTERDAY        0             0      0        0
  MONTH TO DATE    0             0      0        0
  SINCE JUN 1      0             0      0        0
  SINCE JUL 1   1573          2315   -742     1717

 COOLING
  YESTERDAY       13            16     -3       17
  MONTH TO DATE  405           384     21      473
  SINCE JUN 1    405           384     21      473
  SINCE JAN 1    932           720    212      910
......................................................


WIND (MPH)
  HIGHEST WIND SPEED     9   HIGHEST WIND DIRECTION    NW (310)
  HIGHEST GUST SPEED    14   HIGHEST GUST DIRECTION    NW (300)
  AVERAGE WIND SPEED     2.5


SKY COVER
  AVERAGE SKY COVER 0.2


WEATHER CONDITIONS
 THE FOLLOWING WEATHER WAS RECORDED YESTERDAY.
  NO SIGNIFICANT WEATHER WAS OBSERVED.


RELATIVE HUMIDITY (PERCENT)
 HIGHEST    87           300 AM
 LOWEST     34           400 PM

..........................................................


THE HAMILTON - OWENS AIRPORT SC CLIMATE NORMALS FOR TODAY
                         NORMAL    RECORD    YEAR
 MAXIMUM TEMPERATURE (F)   92        MM        MM
 MINIMUM TEMPERATURE (F)   71        MM        MM


SUNRISE AND SUNSET
JUNE 28 2017..........SUNRISE   615 AM EDT   SUNSET   839 PM EDT
JUNE 29 2017..........SUNRISE   616 AM EDT   SUNSET   839 PM EDT


-  INDICATES NEGATIVE NUMBERS.
R  INDICATES RECORD WAS SET OR TIED.
MM INDICATES DATA IS MISSING.
T  INDICATES TRACE AMOUNT.




$$
