000
CDUS42 KCAE 260631
CLICUB


CLIMATE REPORT
NATIONAL WEATHER SERVICE COLUMBIA SC
131 AM EST SUN FEB 26 2017


...................................

...THE HAMILTON - OWENS AIRPORT SC CLIMATE SUMMARY FOR FEBRUARY 25 2017...

CLIMATE NORMAL PERIOD 1981 TO 2010
CLIMATE RECORD PERIOD 9999 TO 9999


WEATHER ITEM   OBSERVED TIME   NORMAL DEPARTURE LAST
                VALUE   (LST)  VALUE  FROM      YEAR
                                      NORMAL
......................................................
TEMPERATURE (F)
 YESTERDAY
  MAXIMUM         79    325 PM  63     16       55
  MINIMUM         57   1159 PM  40     17       44
  AVERAGE         68            51     17       50

PRECIPITATION (IN)
  YESTERDAY        0.00          0.14  -0.14     0.00
  MONTH TO DATE    1.56          3.21  -1.65     3.37
  SINCE DEC 1     11.08         10.04   1.04    10.16
  SINCE JAN 1      7.70          6.84   0.86     4.92

DEGREE DAYS
 HEATING
  YESTERDAY        0            14    -14       15
  MONTH TO DATE  193           397   -204      389
  SINCE DEC 1    979          1518   -539     1196
  SINCE JUL 1   1240          1889   -649     1443

 COOLING
  YESTERDAY        3             0      3        0
  MONTH TO DATE   13             0     13        3
  SINCE DEC 1     16             5     11       59
  SINCE JAN 1     15             1     14        3
......................................................


WIND (MPH)
  HIGHEST WIND SPEED    26   HIGHEST WIND DIRECTION     W (260)
  HIGHEST GUST SPEED    35   HIGHEST GUST DIRECTION     W (270)
  AVERAGE WIND SPEED    10.7


SKY COVER
  AVERAGE SKY COVER 0.2


WEATHER CONDITIONS
 THE FOLLOWING WEATHER WAS RECORDED YESTERDAY.
  NO SIGNIFICANT WEATHER WAS OBSERVED.


RELATIVE HUMIDITY (PERCENT)
 HIGHEST    90           300 AM
 LOWEST     13           500 PM

..........................................................


THE HAMILTON - OWENS AIRPORT SC CLIMATE NORMALS FOR TODAY
                         NORMAL    RECORD    YEAR
 MAXIMUM TEMPERATURE (F)   63        MM        MM
 MINIMUM TEMPERATURE (F)   40        MM        MM


SUNRISE AND SUNSET
FEBRUARY 26 2017......SUNRISE   656 AM EST   SUNSET   618 PM EST
FEBRUARY 27 2017......SUNRISE   655 AM EST   SUNSET   619 PM EST


-  INDICATES NEGATIVE NUMBERS.
R  INDICATES RECORD WAS SET OR TIED.
MM INDICATES DATA IS MISSING.
T  INDICATES TRACE AMOUNT.




$$
