000
CDUS42 KCAE 240630
CLICUB


CLIMATE REPORT
NATIONAL WEATHER SERVICE COLUMBIA SC
230 AM EDT WED MAY 24 2017


...................................

...THE HAMILTON - OWENS AIRPORT SC CLIMATE SUMMARY FOR MAY 23 2017...

CLIMATE NORMAL PERIOD 1981 TO 2010
CLIMATE RECORD PERIOD 9999 TO 9999


WEATHER ITEM   OBSERVED TIME   NORMAL DEPARTURE LAST
                VALUE   (LST)  VALUE  FROM      YEAR
                                      NORMAL
......................................................
TEMPERATURE (F)
 YESTERDAY
  MAXIMUM         75    135 PM  86    -11       79
  MINIMUM         68   1159 PM  63      5       56
  AVERAGE         72            74     -2       68

PRECIPITATION (IN)
  YESTERDAY        0.51          0.11   0.40     0.00
  MONTH TO DATE    3.92          2.06   1.86     3.88
  SINCE MAR 1     12.04          8.63   3.41     8.43
  SINCE JAN 1     19.74         15.91   3.83    13.35

DEGREE DAYS
 HEATING
  YESTERDAY        0             0      0        0
  MONTH TO DATE   10            11     -1        6
  SINCE MAR 1    309           383    -74      217
  SINCE JUL 1   1573          2312   -739     1717

 COOLING
  YESTERDAY        7             9     -2        3
  MONTH TO DATE  197           155     42      161
  SINCE MAR 1    423           251    172      346
  SINCE JAN 1    441           254    187      349
......................................................


WIND (MPH)
  HIGHEST WIND SPEED    12   HIGHEST WIND DIRECTION     W (260)
  HIGHEST GUST SPEED    14   HIGHEST GUST DIRECTION     W (250)
  AVERAGE WIND SPEED     3.3


SKY COVER
  AVERAGE SKY COVER 1.0


WEATHER CONDITIONS
 THE FOLLOWING WEATHER WAS RECORDED YESTERDAY.
  RAIN
  LIGHT RAIN
  FOG


RELATIVE HUMIDITY (PERCENT)
 HIGHEST    97           700 PM
 LOWEST     87           300 PM

..........................................................


THE HAMILTON - OWENS AIRPORT SC CLIMATE NORMALS FOR TODAY
                         NORMAL    RECORD    YEAR
 MAXIMUM TEMPERATURE (F)   86        MM        MM
 MINIMUM TEMPERATURE (F)   63        MM        MM


SUNRISE AND SUNSET
MAY 24 2017...........SUNRISE   617 AM EDT   SUNSET   825 PM EDT
MAY 25 2017...........SUNRISE   616 AM EDT   SUNSET   826 PM EDT


-  INDICATES NEGATIVE NUMBERS.
R  INDICATES RECORD WAS SET OR TIED.
MM INDICATES DATA IS MISSING.
T  INDICATES TRACE AMOUNT.




$$
