000
CDUS43 KUNR 260849
CLICUT


CLIMATE REPORT
NATIONAL WEATHER SERVICE RAPID CITY SD
243 AM MDT THU MAY 26 2016


...................................

...THE CUSTER COUNTY AIRPORT SD CLIMATE SUMMARY FOR MAY 25 2016...

CLIMATE NORMAL PERIOD 1981 TO 2010
CLIMATE RECORD PERIOD 9999 TO 9999


WEATHER ITEM   OBSERVED TIME   NORMAL DEPARTURE LAST
                VALUE   (LST)  VALUE  FROM      YEAR
                                      NORMAL
......................................................
TEMPERATURE (F)
 YESTERDAY
  MAXIMUM         61    308 PM  63     -2       57
  MINIMUM         39    403 AM  39      0       43
  AVERAGE         50            51     -1       50

PRECIPITATION (IN)
  YESTERDAY        T             0.10  -0.10     0.10
  MONTH TO DATE    1.33          2.46  -1.13     5.44
  SINCE MAR 1      3.63          5.59  -1.96     7.75
  SINCE JAN 1      4.24          6.45  -2.21     8.15

DEGREE DAYS
 HEATING
  YESTERDAY       15            14      1       15
  MONTH TO DATE  438           439     -1      519
  SINCE MAR 1   1979          2254   -275     2059
  SINCE JUL 1   7034          8089  -1055     7508

 COOLING
  YESTERDAY        0             0      0        0
  MONTH TO DATE    0             0      0        0
  SINCE MAR 1      0             0      0        0
  SINCE JAN 1      0             0      0        0
......................................................


WIND (MPH)
  HIGHEST WIND SPEED    20   HIGHEST WIND DIRECTION     W (270)
  HIGHEST GUST SPEED    26   HIGHEST GUST DIRECTION     W (280)
  AVERAGE WIND SPEED     6.9


SKY COVER
  AVERAGE SKY COVER 0.4


WEATHER CONDITIONS
 THE FOLLOWING WEATHER WAS RECORDED YESTERDAY.
  LIGHT RAIN
  FOG
  FOG W/VISIBILITY <= 1/4 MILE


RELATIVE HUMIDITY (PERCENT)
 HIGHEST   100
 LOWEST     43
 AVERAGE    72

..........................................................




SUNRISE AND SUNSET
MAY 26 2016...........SUNRISE   519 AM MDT   SUNSET   825 PM MDT
MAY 27 2016...........SUNRISE   518 AM MDT   SUNSET   826 PM MDT


-  INDICATES NEGATIVE NUMBERS.
R  INDICATES RECORD WAS SET OR TIED.
MM INDICATES DATA IS MISSING.
T  INDICATES TRACE AMOUNT.




$$
