000
CDUS43 KUNR 060859
CLICUT


CLIMATE REPORT
NATIONAL WEATHER SERVICE RAPID CITY SD
159 AM MST TUE DEC 6 2016


...................................

...THE CUSTER COUNTY AIRPORT SD CLIMATE SUMMARY FOR DECEMBER 5 2016...

CLIMATE NORMAL PERIOD 1981 TO 2010
CLIMATE RECORD PERIOD 9999 TO 9999


WEATHER ITEM   OBSERVED TIME   NORMAL DEPARTURE LAST
                VALUE   (LST)  VALUE  FROM      YEAR
                                      NORMAL
......................................................
TEMPERATURE (F)
 YESTERDAY
  MAXIMUM         35    307 AM  34      1       44
  MINIMUM          9    950 PM  14     -5       25
  AVERAGE         22            24     -2       35

PRECIPITATION (IN)
  YESTERDAY        T             0.02  -0.02     0.00
  MONTH TO DATE    T             0.06  -0.06     0.01
  SINCE DEC 1      T             0.06  -0.06     0.01
  SINCE JAN 1     15.27         18.63  -3.36    22.90

DEGREE DAYS
 HEATING
  YESTERDAY       43            41      2       30
  MONTH TO DATE  198           202     -4      162
  SINCE DEC 1    198           202     -4      162
  SINCE JUL 1   1817          2383   -566     1950

 COOLING
  YESTERDAY        0             0      0        0
  MONTH TO DATE    0             0      0        0
  SINCE DEC 1      0             0      0        0
  SINCE JAN 1    259           177     82      231
......................................................


WIND (MPH)
  HIGHEST WIND SPEED    22   HIGHEST WIND DIRECTION    NW (310)
  HIGHEST GUST SPEED    34   HIGHEST GUST DIRECTION    NW (320)
  AVERAGE WIND SPEED    10.3


SKY COVER
  AVERAGE SKY COVER 0.4


WEATHER CONDITIONS
 THE FOLLOWING WEATHER WAS RECORDED YESTERDAY.
  LIGHT SNOW


RELATIVE HUMIDITY (PERCENT)
 HIGHEST    75
 LOWEST     45
 AVERAGE    60

..........................................................




SUNRISE AND SUNSET
DECEMBER  6 2016......SUNRISE   714 AM MST   SUNSET   417 PM MST
DECEMBER  7 2016......SUNRISE   715 AM MST   SUNSET   417 PM MST


-  INDICATES NEGATIVE NUMBERS.
R  INDICATES RECORD WAS SET OR TIED.
MM INDICATES DATA IS MISSING.
T  INDICATES TRACE AMOUNT.




$$
