000
CDUS43 KUNR 270839
CLICUT


CLIMATE REPORT
NATIONAL WEATHER SERVICE RAPID CITY SD
239 AM MDT THU JUL 27 2017


...................................

...THE CUSTER COUNTY AIRPORT SD CLIMATE SUMMARY FOR JULY 26 2017...

CLIMATE NORMAL PERIOD 1981 TO 2010
CLIMATE RECORD PERIOD 9999 TO 9999


WEATHER ITEM   OBSERVED TIME   NORMAL DEPARTURE LAST
                VALUE   (LST)  VALUE  FROM      YEAR
                                      NORMAL
......................................................
TEMPERATURE (F)
 YESTERDAY
  MAXIMUM         77    334 PM  80     -3       81
  MINIMUM         62    521 AM  52     10       56
  AVERAGE         70            66      4       69

PRECIPITATION (IN)
  YESTERDAY        T             0.07  -0.07     0.25
  MONTH TO DATE    1.49          2.07  -0.58     1.79
  SINCE JUN 1      2.83          5.29  -2.46     4.49
  SINCE JAN 1     10.71         12.40  -1.69     9.07

DEGREE DAYS
 HEATING
  YESTERDAY        0             2     -2        0
  MONTH TO DATE    3            56    -53       36
  SINCE JUN 1    158           276   -118       92
  SINCE JUL 1      3            56    -53       36

 COOLING
  YESTERDAY        5             3      2        4
  MONTH TO DATE  155            68     87      106
  SINCE JUN 1    175            93     82      183
  SINCE JAN 1    175            94     81      183
......................................................


WIND (MPH)
  HIGHEST WIND SPEED    21   HIGHEST WIND DIRECTION     E (80)
  HIGHEST GUST SPEED    27   HIGHEST GUST DIRECTION     E (70)
  AVERAGE WIND SPEED     8.8


SKY COVER
  AVERAGE SKY COVER 0.7


WEATHER CONDITIONS
 THE FOLLOWING WEATHER WAS RECORDED YESTERDAY.
  LIGHT RAIN


RELATIVE HUMIDITY (PERCENT)
 HIGHEST    56
 LOWEST     31
 AVERAGE    44

..........................................................




SUNRISE AND SUNSET
JULY 27 2017..........SUNRISE   538 AM MDT   SUNSET   823 PM MDT
JULY 28 2017..........SUNRISE   539 AM MDT   SUNSET   822 PM MDT


-  INDICATES NEGATIVE NUMBERS.
R  INDICATES RECORD WAS SET OR TIED.
MM INDICATES DATA IS MISSING.
T  INDICATES TRACE AMOUNT.




$$
