000
CDUS43 KUNR 260834
CLICUT


CLIMATE REPORT
NATIONAL WEATHER SERVICE RAPID CITY SD
132 AM MST FRI DEC 26 2014


...................................

...THE CUSTER COUNTY AIRPORT SD CLIMATE SUMMARY FOR DECEMBER 25 2014...

CLIMATE NORMAL PERIOD 1981 TO 2010
CLIMATE RECORD PERIOD 9999 TO 9999


WEATHER ITEM   OBSERVED TIME   NORMAL DEPARTURE LAST
                VALUE   (LST)  VALUE  FROM      YEAR
                                      NORMAL
......................................................
TEMPERATURE (F)
 YESTERDAY
  MAXIMUM         33    112 AM  34     -1       40
  MINIMUM         10   1159 PM  13     -3       18
  AVERAGE         22            23     -1       29

PRECIPITATION (IN)
  YESTERDAY        0.05          0.01   0.04     0.00
  MONTH TO DATE    0.07          0.30  -0.23     0.89
  SINCE DEC 1      0.07          0.30  -0.23     0.89
  SINCE JAN 1     20.12         18.87   1.25    22.31

DEGREE DAYS
 HEATING
  YESTERDAY       43            42      1       36
  MONTH TO DATE  808          1039   -231     1162
  SINCE DEC 1    808          1039   -231     1162
  SINCE JUL 1   2896          3220   -324     3274

 COOLING
  YESTERDAY        0             0      0        0
  MONTH TO DATE    0             0      0        0
  SINCE DEC 1      0             0      0        0
  SINCE JAN 1    152           177    -25      187
......................................................


WIND (MPH)
  HIGHEST WIND SPEED    18   HIGHEST WIND DIRECTION    NE (30)
  HIGHEST GUST SPEED    27   HIGHEST GUST DIRECTION    NE (50)
  AVERAGE WIND SPEED     8.6


SKY COVER
  AVERAGE SKY COVER 1.0


WEATHER CONDITIONS
 THE FOLLOWING WEATHER WAS RECORDED YESTERDAY.
  SNOW
  LIGHT SNOW
  FOG


RELATIVE HUMIDITY (PERCENT)
 HIGHEST    92
 LOWEST     56
 AVERAGE    74

..........................................................




SUNRISE AND SUNSET
DECEMBER 26 2014......SUNRISE   727 AM MST   SUNSET   423 PM MST
DECEMBER 27 2014......SUNRISE   727 AM MST   SUNSET   424 PM MST


-  INDICATES NEGATIVE NUMBERS.
R  INDICATES RECORD WAS SET OR TIED.
MM INDICATES DATA IS MISSING.
T  INDICATES TRACE AMOUNT.




$$
