000
CDUS43 KUNR 250836
CLICUT


CLIMATE REPORT
NATIONAL WEATHER SERVICE RAPID CITY SD
232 AM MDT FRI JUL 25 2014


...................................

...THE CUSTER COUNTY AIRPORT SD CLIMATE SUMMARY FOR JULY 24 2014...

CLIMATE NORMAL PERIOD 1981 TO 2010
CLIMATE RECORD PERIOD 9999 TO 9999


WEATHER ITEM   OBSERVED TIME   NORMAL DEPARTURE LAST
                VALUE   (LST)  VALUE  FROM      YEAR
                                      NORMAL
......................................................
TEMPERATURE (F)
 YESTERDAY
  MAXIMUM         95    118 PM  80     15       77
  MINIMUM         62    423 AM  52     10       52
  AVERAGE         79            66     13       65

PRECIPITATION (IN)
  YESTERDAY        0.00          0.08  -0.08     0.02
  MONTH TO DATE    1.44          1.93  -0.49     3.33
  SINCE JUN 1      4.83          5.15  -0.32     4.98
  SINCE JAN 1     12.55         12.26   0.29    11.51

DEGREE DAYS
 HEATING
  YESTERDAY        0             2     -2        0
  MONTH TO DATE   64            52     12       10
  SINCE JUN 1    337           272     65      203
  SINCE JUL 1     64            52     12       10

 COOLING
  YESTERDAY       14             3     11        0
  MONTH TO DATE   80            62     18       61
  SINCE JUN 1     81            87     -6       70
  SINCE JAN 1     85            88     -3       72
......................................................


WIND (MPH)
  HIGHEST WIND SPEED    23   HIGHEST WIND DIRECTION     W (270)
  HIGHEST GUST SPEED    32   HIGHEST GUST DIRECTION     W (270)
  AVERAGE WIND SPEED     8.4


SKY COVER
  AVERAGE SKY COVER 0.0


WEATHER CONDITIONS
 THE FOLLOWING WEATHER WAS RECORDED YESTERDAY.
  NO SIGNIFICANT WEATHER WAS OBSERVED.


RELATIVE HUMIDITY (PERCENT)
 HIGHEST    90
 LOWEST     16
 AVERAGE    53

..........................................................




SUNRISE AND SUNSET
JULY 25 2014..........SUNRISE   536 AM MDT   SUNSET   825 PM MDT
JULY 26 2014..........SUNRISE   537 AM MDT   SUNSET   824 PM MDT


-  INDICATES NEGATIVE NUMBERS.
R  INDICATES RECORD WAS SET OR TIED.
MM INDICATES DATA IS MISSING.
T  INDICATES TRACE AMOUNT.




$$
