000
CDUS43 KUNR 270837
CLICUT


CLIMATE REPORT
NATIONAL WEATHER SERVICE RAPID CITY SD
135 AM MST TUE JAN 27 2015


...................................

...THE CUSTER COUNTY AIRPORT SD CLIMATE SUMMARY FOR JANUARY 26 2015...

CLIMATE NORMAL PERIOD 1981 TO 2010
CLIMATE RECORD PERIOD 9999 TO 9999


WEATHER ITEM   OBSERVED TIME   NORMAL DEPARTURE LAST
                VALUE   (LST)  VALUE  FROM      YEAR
                                      NORMAL
......................................................
TEMPERATURE (F)
 YESTERDAY
  MAXIMUM         61    212 PM  35     26       38
  MINIMUM         37    430 AM  14     23        0
  AVERAGE         49            24     25       19

PRECIPITATION (IN)
  YESTERDAY        0.00          0.01  -0.01      T
  MONTH TO DATE    0.24          0.26  -0.02     0.33
  SINCE DEC 1      0.39          0.64  -0.25     1.23
  SINCE JAN 1      0.24          0.26  -0.02     0.33

DEGREE DAYS
 HEATING
  YESTERDAY       16            41    -25       46
  MONTH TO DATE  985          1066    -81      799
  SINCE DEC 1   2128          2355   -227     2147
  SINCE JUL 1   4216          4536   -320     4259

 COOLING
  YESTERDAY        0             0      0        0
  MONTH TO DATE    0             0      0        0
  SINCE DEC 1      0             0      0        0
  SINCE JAN 1      0             0      0        0
......................................................


WIND (MPH)
  HIGHEST WIND SPEED    20   HIGHEST WIND DIRECTION    NW (310)
  HIGHEST GUST SPEED    27   HIGHEST GUST DIRECTION    NW (310)
  AVERAGE WIND SPEED     7.1


SKY COVER
  AVERAGE SKY COVER 0.0


WEATHER CONDITIONS
 THE FOLLOWING WEATHER WAS RECORDED YESTERDAY.
  NO SIGNIFICANT WEATHER WAS OBSERVED.


RELATIVE HUMIDITY (PERCENT)
 HIGHEST    59
 LOWEST     25
 AVERAGE    42

..........................................................




SUNRISE AND SUNSET
JANUARY 27 2015.......SUNRISE   716 AM MST   SUNSET   458 PM MST
JANUARY 28 2015.......SUNRISE   716 AM MST   SUNSET   500 PM MST


-  INDICATES NEGATIVE NUMBERS.
R  INDICATES RECORD WAS SET OR TIED.
MM INDICATES DATA IS MISSING.
T  INDICATES TRACE AMOUNT.




$$
