058
CDUS43 KUNR 110833
CLICUT


CLIMATE REPORT
NATIONAL WEATHER SERVICE RAPID CITY SD
133 AM MST THU FEB 11 2016


...................................

...THE CUSTER COUNTY AIRPORT SD CLIMATE SUMMARY FOR FEBRUARY 10 2016...

CLIMATE NORMAL PERIOD 1981 TO 2010
CLIMATE RECORD PERIOD 9999 TO 9999


WEATHER ITEM   OBSERVED TIME   NORMAL DEPARTURE LAST
                VALUE   (LST)  VALUE  FROM      YEAR
                                      NORMAL
......................................................
TEMPERATURE (F)
 YESTERDAY
  MAXIMUM         57    138 PM  36     21       47
  MINIMUM         31    910 PM  14     17       25
  AVERAGE         44            25     19       36

PRECIPITATION (IN)
  YESTERDAY        0.00          0.02  -0.02     0.00
  MONTH TO DATE    0.29          0.20   0.09     0.01
  SINCE DEC 1      0.71          0.91  -0.20     0.40
  SINCE JAN 1      0.33          0.53  -0.20     0.25

DEGREE DAYS
 HEATING
  YESTERDAY       21            40    -19       29
  MONTH TO DATE  385           405    -20      312
  SINCE DEC 1   2702          2959   -257     2582
  SINCE JUL 1   4490          5140   -650     4670

 COOLING
  YESTERDAY        0             0      0        0
  MONTH TO DATE    0             0      0        0
  SINCE DEC 1      0             0      0        0
  SINCE JAN 1      0             0      0        0
......................................................


WIND (MPH)
  HIGHEST WIND SPEED    23   HIGHEST WIND DIRECTION    NW (320)
  HIGHEST GUST SPEED    36   HIGHEST GUST DIRECTION    NW (310)
  AVERAGE WIND SPEED    11.5


SKY COVER
  AVERAGE SKY COVER 0.0


WEATHER CONDITIONS
 THE FOLLOWING WEATHER WAS RECORDED YESTERDAY.
  NO SIGNIFICANT WEATHER WAS OBSERVED.


RELATIVE HUMIDITY (PERCENT)
 HIGHEST    52
 LOWEST     20
 AVERAGE    36

..........................................................




SUNRISE AND SUNSET
FEBRUARY 11 2016......SUNRISE   659 AM MST   SUNSET   519 PM MST
FEBRUARY 12 2016......SUNRISE   658 AM MST   SUNSET   520 PM MST


-  INDICATES NEGATIVE NUMBERS.
R  INDICATES RECORD WAS SET OR TIED.
MM INDICATES DATA IS MISSING.
T  INDICATES TRACE AMOUNT.




$$
