000
CDUS41 KILN 192104
CLICVG


CLIMATE REPORT
NATIONAL WEATHER SERVICE WILMINGTON OH
503 PM EDT TUE SEP 19 2017


...................................

...THE CINCINNATI OH CLIMATE SUMMARY FOR SEPTEMBER 19 2017...
VALID TODAY AS OF 0500 PM LOCAL TIME.

CLIMATE NORMAL PERIOD 1981 TO 2010
CLIMATE RECORD PERIOD 1869 TO 2017


WEATHER ITEM   OBSERVED TIME   RECORD YEAR NORMAL DEPARTURE LAST
                VALUE   (LST)  VALUE       VALUE  FROM      YEAR
                                                  NORMAL
..................................................................
TEMPERATURE (F)
 TODAY
  MAXIMUM         76    259 PM  94    1925  77     -1       85
                                      1895
  MINIMUM         68   1156 AM  39    1973  56     12       61
                                      1929
  AVERAGE         72                        66      6       73

PRECIPITATION (IN)
  TODAY            0.27          1.35 1966   0.08   0.19     0.00
  MONTH TO DATE    2.40                      1.65   0.75     1.26
  SINCE SEP 1      2.40                      1.65   0.75     1.26
  SINCE JAN 1     39.19                     31.44   7.75    34.34

SNOWFALL (IN)
  TODAY            0.0          MM      MM   0.0    0.0      0.0
  MONTH TO DATE    0.0                       0.0    0.0      0.0
  SINCE SEP 1      0.0                       0.0    0.0      0.0
  SINCE JUL 1      0.0                       0.0    0.0      0.0
  SNOW DEPTH       0

DEGREE DAYS
 HEATING
  TODAY            0                         2     -2        0
  MONTH TO DATE   39                        17     22        0
  SINCE SEP 1     39                        17     22        0
  SINCE JUL 1     40                        17     23        0

 COOLING
  TODAY            7                         4      3        8
  MONTH TO DATE   45                       110    -65      174
  SINCE SEP 1     45                       110    -65      174
  SINCE JAN 1    976                      1078   -102     1349
..................................................................


WIND (MPH)
  HIGHEST WIND SPEED    13   HIGHEST WIND DIRECTION     S (190)
  HIGHEST GUST SPEED    15   HIGHEST GUST DIRECTION     S (190)
  AVERAGE WIND SPEED     5.0


SKY COVER
  POSSIBLE SUNSHINE  MM
  AVERAGE SKY COVER 0.9


WEATHER CONDITIONS
 THE FOLLOWING WEATHER WAS RECORDED TODAY.
  LIGHT RAIN
  FOG


RELATIVE HUMIDITY (PERCENT)
 HIGHEST   100          1100 AM
 LOWEST     74           200 PM
 AVERAGE    87

..........................................................


THE CINCINNATI OH CLIMATE NORMALS FOR TOMORROW
                         NORMAL    RECORD    YEAR
 MAXIMUM TEMPERATURE (F)   77        95      1895
 MINIMUM TEMPERATURE (F)   55        39      1956


SUNRISE AND SUNSET
SEPTEMBER 19 2017.....SUNRISE   724 AM EDT   SUNSET   740 PM EDT
SEPTEMBER 20 2017.....SUNRISE   725 AM EDT   SUNSET   738 PM EDT


-  INDICATES NEGATIVE NUMBERS.
R  INDICATES RECORD WAS SET OR TIED.
MM INDICATES DATA IS MISSING.
T  INDICATES TRACE AMOUNT.




$$
