000
CDUS41 KILN 232201
CLICVG


CLIMATE REPORT
NATIONAL WEATHER SERVICE WILMINGTON OH
501 PM EST TUE JAN 23 2018


...................................

...THE CINCINNATI OH CLIMATE SUMMARY FOR JANUARY 23 2018...
VALID TODAY AS OF 0400 PM LOCAL TIME.

CLIMATE NORMAL PERIOD 1981 TO 2010
CLIMATE RECORD PERIOD 1869 TO 2018


WEATHER ITEM   OBSERVED TIME   RECORD YEAR NORMAL DEPARTURE LAST
                VALUE   (LST)  VALUE       VALUE  FROM      YEAR
                                                  NORMAL
..................................................................
TEMPERATURE (F)
 TODAY
  MAXIMUM         49   1200 AM  70    1993  39     10       56
  MINIMUM         37    925 AM -16    1963  23     14       42
                                      1936
  AVERAGE         43                        31     12       49

PRECIPITATION (IN)
  TODAY            0.01          1.57 1996   0.09  -0.08     0.08
  MONTH TO DATE    1.72                      2.22  -0.50     3.52
  SINCE DEC 1      4.11                      5.59  -1.48     7.95
  SINCE JAN 1      1.72                      2.22  -0.50     3.52

SNOWFALL (IN)
  TODAY            T             5.5  1963   0.2   -0.2      0.0
  MONTH TO DATE    5.6                       4.6    1.0      2.5
  SINCE DEC 1      9.4                       9.4    0.0      4.7
  SINCE JUL 1      9.4                      10.2   -0.8      4.7
  SNOW DEPTH       0

DEGREE DAYS
 HEATING
  TODAY           22                        34    -12       16
  MONTH TO DATE  889                       782    107      608
  SINCE DEC 1   1896                      1741    155     1577
  SINCE JUL 1   2787                      2701     86     2259

 COOLING
  TODAY            0                         0      0        0
  MONTH TO DATE    0                         0      0        0
  SINCE DEC 1      0                         0      0        0
  SINCE JAN 1      0                         0      0        0
..................................................................


WIND (MPH)
  HIGHEST WIND SPEED    25   HIGHEST WIND DIRECTION    SW (240)
  HIGHEST GUST SPEED    39   HIGHEST GUST DIRECTION    SW (230)
  AVERAGE WIND SPEED    13.1


SKY COVER
  POSSIBLE SUNSHINE  MM
  AVERAGE SKY COVER 0.8


WEATHER CONDITIONS
 THE FOLLOWING WEATHER WAS RECORDED TODAY.
  LIGHT RAIN
  LIGHT SNOW
  FOG


RELATIVE HUMIDITY (PERCENT)
 HIGHEST    85           900 AM
 LOWEST     60           100 AM
 AVERAGE    73

..........................................................


THE CINCINNATI OH CLIMATE NORMALS FOR TOMORROW
                         NORMAL    RECORD    YEAR
 MAXIMUM TEMPERATURE (F)   39        77      1943
 MINIMUM TEMPERATURE (F)   23       -19      1963


SUNRISE AND SUNSET
JANUARY 23 2018.......SUNRISE   752 AM EST   SUNSET   549 PM EST
JANUARY 24 2018.......SUNRISE   751 AM EST   SUNSET   551 PM EST


-  INDICATES NEGATIVE NUMBERS.
R  INDICATES RECORD WAS SET OR TIED.
MM INDICATES DATA IS MISSING.
T  INDICATES TRACE AMOUNT.




$$
