074
CDUS41 KILN 142153
CLICVG


CLIMATE REPORT
NATIONAL WEATHER SERVICE WILMINGTON OH
453 PM EST SUN FEB 14 2016


...................................

...THE CINCINNATI OH CLIMATE SUMMARY FOR FEBRUARY 14 2016...
VALID TODAY AS OF 0400 PM LOCAL TIME.

CLIMATE NORMAL PERIOD 1981 TO 2010
CLIMATE RECORD PERIOD 1869 TO 2016


WEATHER ITEM   OBSERVED TIME   RECORD YEAR NORMAL DEPARTURE LAST
                VALUE   (LST)  VALUE       VALUE  FROM      YEAR
                                                  NORMAL
..................................................................
TEMPERATURE (F)
 TODAY
  MAXIMUM         19    245 PM  71    1918  43    -24       35
  MINIMUM         11   1256 AM  -5    1905  26    -15       10
  AVERAGE         15                        34    -19       23

PRECIPITATION (IN)
  TODAY            0.06          1.84 1908   0.10  -0.04      T
  MONTH TO DATE    2.24                      1.44   0.80     0.38
  SINCE DEC 1      9.72                      7.81   1.91     6.33
  SINCE JAN 1      3.63                      4.44  -0.81     2.73

SNOWFALL (IN)
  TODAY            1.5           4.6  1986   0.3    1.2      0.1
  MONTH TO DATE    6.5                       3.7    2.8      1.9
  SINCE DEC 1     15.0                      15.0    0.0      3.2
  SINCE JUL 1     15.0                      15.8   -0.8      8.3
  SNOW DEPTH       1

DEGREE DAYS
 HEATING
  TODAY           50                        31     19       42
  MONTH TO DATE  488                       451     37      466
  SINCE DEC 1   2127                      2463   -336     2383
  SINCE JUL 1   2872                      3423   -551     3521

 COOLING
  TODAY            0                         0      0        0
  MONTH TO DATE    0                         0      0        0
  SINCE DEC 1      0                         0      0        0
  SINCE JAN 1      0                         0      0        0
..................................................................


WIND (MPH)
  HIGHEST WIND SPEED    17   HIGHEST WIND DIRECTION    SE (130)
  HIGHEST GUST SPEED    28   HIGHEST GUST DIRECTION     E (110)
  AVERAGE WIND SPEED     8.8


SKY COVER
  POSSIBLE SUNSHINE  MM
  AVERAGE SKY COVER 1.0


WEATHER CONDITIONS
 THE FOLLOWING WEATHER WAS RECORDED TODAY.
  HEAVY SNOW
  SNOW
  LIGHT SNOW
  FOG W/VISIBILITY <= 1/4 MILE


RELATIVE HUMIDITY (PERCENT)
 HIGHEST    84           400 PM
 LOWEST     56          1100 AM
 AVERAGE    70

..........................................................


THE CINCINNATI OH CLIMATE NORMALS FOR TOMORROW
                         NORMAL    RECORD    YEAR
 MAXIMUM TEMPERATURE (F)   43        73      1945
 MINIMUM TEMPERATURE (F)   26        -1      2007


SUNRISE AND SUNSET
FEBRUARY 14 2016......SUNRISE   732 AM EST   SUNSET   614 PM EST
FEBRUARY 15 2016......SUNRISE   731 AM EST   SUNSET   615 PM EST


-  INDICATES NEGATIVE NUMBERS.
R  INDICATES RECORD WAS SET OR TIED.
MM INDICATES DATA IS MISSING.
T  INDICATES TRACE AMOUNT.




$$
