000
CDUS41 KILN 290601
CLICVG


CLIMATE REPORT
NATIONAL WEATHER SERVICE WILMINGTON OH
201 AM EDT SUN MAY 29 2016


...................................

...THE CINCINNATI OH CLIMATE SUMMARY FOR MAY 28 2016...

CLIMATE NORMAL PERIOD 1981 TO 2010
CLIMATE RECORD PERIOD 1869 TO 2016


WEATHER ITEM   OBSERVED TIME   RECORD YEAR NORMAL DEPARTURE LAST
                VALUE   (LST)  VALUE       VALUE  FROM      YEAR
                                                  NORMAL
..................................................................
TEMPERATURE (F)
 YESTERDAY
  MAXIMUM         83    402 PM  95    1911  77      6       82
  MINIMUM         66    520 AM  40    1994  57      9       62
  AVERAGE         75                        67      8       72

PRECIPITATION (IN)
  YESTERDAY        T             2.16 1882   0.17  -0.17     0.00
  MONTH TO DATE    2.80                      4.46  -1.66     1.34
  SINCE MAR 1     12.98                     12.31   0.67    12.79
  SINCE JAN 1     19.61                     18.12   1.49    16.94

SNOWFALL (IN)
  YESTERDAY        0.0           0.0    MM   0.0    0.0      0.0
  MONTH TO DATE    0.0                       0.0    0.0      0.0
  SINCE MAR 1      2.3                       3.5   -1.2      4.9
  SINCE JUL 1     19.2                      22.1   -2.9     29.9
  SNOW DEPTH       0

DEGREE DAYS
 HEATING
  YESTERDAY        0                         2     -2        0
  MONTH TO DATE  161                       120     41       67
  SINCE MAR 1    926                      1127   -201     1049
  SINCE JUL 1   4134                      4954   -820     5276

 COOLING
  YESTERDAY       10                         4      6        7
  MONTH TO DATE   45                        64    -19      123
  SINCE MAR 1     63                        82    -19      128
  SINCE JAN 1     63                        82    -19      128
..................................................................


WIND (MPH)
  RESULTANT WIND SPEED   7   RESULTANT WIND DIRECTION   S (190)
  HIGHEST WIND SPEED    16   HIGHEST WIND DIRECTION     S (190)
  HIGHEST GUST SPEED    21   HIGHEST GUST DIRECTION     S (190)
  AVERAGE WIND SPEED     7.5


SKY COVER
  POSSIBLE SUNSHINE  MM
  AVERAGE SKY COVER 0.7


WEATHER CONDITIONS
 THE FOLLOWING WEATHER WAS RECORDED YESTERDAY.
  LIGHT RAIN


RELATIVE HUMIDITY (PERCENT)
 HIGHEST    93           600 AM
 LOWEST     54           600 PM
 AVERAGE    74

..........................................................


THE CINCINNATI OH CLIMATE NORMALS FOR TODAY
                         NORMAL    RECORD    YEAR
 MAXIMUM TEMPERATURE (F)   77        93      1914
 MINIMUM TEMPERATURE (F)   57        34      1965


SUNRISE AND SUNSET
MAY 29 2016...........SUNRISE   616 AM EDT   SUNSET   857 PM EDT
MAY 30 2016...........SUNRISE   615 AM EDT   SUNSET   858 PM EDT


-  INDICATES NEGATIVE NUMBERS.
R  INDICATES RECORD WAS SET OR TIED.
MM INDICATES DATA IS MISSING.
T  INDICATES TRACE AMOUNT.




$$
