000
CDUS41 KILN 230535
CLICVG


CLIMATE REPORT
NATIONAL WEATHER SERVICE WILMINGTON OH
134 AM EDT SAT MAY 23 2015


...................................

...THE CINCINNATI OH CLIMATE SUMMARY FOR MAY 22 2015...

CLIMATE NORMAL PERIOD 1981 TO 2010
CLIMATE RECORD PERIOD 1869 TO 2015


WEATHER ITEM   OBSERVED TIME   RECORD YEAR NORMAL DEPARTURE LAST
                VALUE   (LST)  VALUE       VALUE  FROM      YEAR
                                                  NORMAL
..................................................................
TEMPERATURE (F)
 YESTERDAY
  MAXIMUM         75    332 PM  93    1941  75      0       81
  MINIMUM         43    559 AM  33    2002  55    -12       63
  AVERAGE         59                        65     -6       72

PRECIPITATION (IN)
  YESTERDAY        0.00          2.02 1958   0.16  -0.16      T
  MONTH TO DATE    0.77                      3.50  -2.73     2.86
  SINCE MAR 1     12.22                     11.35   0.87    11.93
  SINCE JAN 1     16.37                     17.16  -0.79    17.47

SNOWFALL (IN)
  YESTERDAY        0.0           0.0    MM   0.0    0.0      0.0
  MONTH TO DATE    0.0                       0.0    0.0      0.0
  SINCE MAR 1      4.9                       3.5    1.4      3.9
  SINCE JUL 1     29.9                      22.1    7.8     47.5
  SNOW DEPTH       0

DEGREE DAYS
 HEATING
  YESTERDAY        6                         3      3        0
  MONTH TO DATE   67                       105    -38      108
  SINCE MAR 1   1049                      1112    -63     1161
  SINCE JUL 1   5276                      4939    337     5405

 COOLING
  YESTERDAY        0                         3     -3        7
  MONTH TO DATE   85                        42     43       63
  SINCE MAR 1     90                        60     30       70
  SINCE JAN 1     90                        60     30       70
..................................................................


WIND (MPH)
  RESULTANT WIND SPEED   6   RESULTANT WIND DIRECTION  SW (240)
  HIGHEST WIND SPEED    16   HIGHEST WIND DIRECTION     W (270)
  HIGHEST GUST SPEED    25   HIGHEST GUST DIRECTION    NW (310)
  AVERAGE WIND SPEED     6.4


SKY COVER
  POSSIBLE SUNSHINE  MM
  AVERAGE SKY COVER 0.3


WEATHER CONDITIONS
 THE FOLLOWING WEATHER WAS RECORDED YESTERDAY.
  FOG


RELATIVE HUMIDITY (PERCENT)
 HIGHEST    96           600 AM
 LOWEST     35           500 PM
 AVERAGE    66

..........................................................


THE CINCINNATI OH CLIMATE NORMALS FOR TODAY
                         NORMAL    RECORD    YEAR
 MAXIMUM TEMPERATURE (F)   76        89      1970
                                             1939
                                             1925
 MINIMUM TEMPERATURE (F)   55        34      1963


SUNRISE AND SUNSET
MAY 23 2015...........SUNRISE   620 AM EDT   SUNSET   852 PM EDT
MAY 24 2015...........SUNRISE   619 AM EDT   SUNSET   852 PM EDT


-  INDICATES NEGATIVE NUMBERS.
R  INDICATES RECORD WAS SET OR TIED.
MM INDICATES DATA IS MISSING.
T  INDICATES TRACE AMOUNT.




$$
