568
CDUS41 KILN 300544
CLICVG


CLIMATE REPORT
NATIONAL WEATHER SERVICE WILMINGTON OH
144 AM EDT SAT APR 30 2016


...................................

...THE CINCINNATI OH CLIMATE SUMMARY FOR APRIL 29 2016...

CLIMATE NORMAL PERIOD 1981 TO 2010
CLIMATE RECORD PERIOD 1869 TO 2016


WEATHER ITEM   OBSERVED TIME   RECORD YEAR NORMAL DEPARTURE LAST
                VALUE   (LST)  VALUE       VALUE  FROM      YEAR
                                                  NORMAL
..................................................................
TEMPERATURE (F)
 YESTERDAY
  MAXIMUM         68    213 PM  87    1899  69     -1       68
  MINIMUM         54    351 AM  31    1874  48      6       40
  AVERAGE         61                        59      2       54

PRECIPITATION (IN)
  YESTERDAY        0.00          2.41 1996   0.14  -0.14     0.00
  MONTH TO DATE    4.33                      3.75   0.58     5.01
  SINCE MAR 1      9.63                      7.71   1.92    11.33
  SINCE JAN 1     16.26                     13.52   2.74    15.48

SNOWFALL (IN)
  YESTERDAY        0.0           0.0    MM   0.0    0.0      0.0
  MONTH TO DATE    T                         0.5   -0.5      0.0
  SINCE MAR 1      2.3                       3.5   -1.2      4.9
  SINCE JUL 1     19.2                      22.1   -2.9     29.9
  SNOW DEPTH       0

DEGREE DAYS
 HEATING
  YESTERDAY        4                         7     -3       11
  MONTH TO DATE  304                       334    -30      267
  SINCE MAR 1    758                      1000   -242      972
  SINCE JUL 1   3966                      4827   -861     5199

 COOLING
  YESTERDAY        0                         1     -1        0
  MONTH TO DATE   18                        17      1        5
  SINCE MAR 1     18                        17      1        5
  SINCE JAN 1     18                        17      1        5
..................................................................


WIND (MPH)
  RESULTANT WIND SPEED   5   RESULTANT WIND DIRECTION  NW (320)
  HIGHEST WIND SPEED    16   HIGHEST WIND DIRECTION     W (280)
  HIGHEST GUST SPEED    21   HIGHEST GUST DIRECTION     W (280)
  AVERAGE WIND SPEED     8.0


SKY COVER
  POSSIBLE SUNSHINE  MM
  AVERAGE SKY COVER 0.9


WEATHER CONDITIONS
 THE FOLLOWING WEATHER WAS RECORDED YESTERDAY.
  FOG
  FOG W/VISIBILITY <= 1/4 MILE


RELATIVE HUMIDITY (PERCENT)
 HIGHEST   100          1200 AM
 LOWEST     48           400 PM
 AVERAGE    74

..........................................................


THE CINCINNATI OH CLIMATE NORMALS FOR TODAY
                         NORMAL    RECORD    YEAR
 MAXIMUM TEMPERATURE (F)   69        89      1942
 MINIMUM TEMPERATURE (F)   48        31      1958


SUNRISE AND SUNSET
APRIL 30 2016.........SUNRISE   641 AM EDT   SUNSET   831 PM EDT
MAY  1 2016...........SUNRISE   640 AM EDT   SUNSET   832 PM EDT


-  INDICATES NEGATIVE NUMBERS.
R  INDICATES RECORD WAS SET OR TIED.
MM INDICATES DATA IS MISSING.
T  INDICATES TRACE AMOUNT.




$$
