000
CDUS45 KCYS 170430 CCA
CLICYS

CLIMATE REPORT
NATIONAL WEATHER SERVICE CHEYENNE WY
926 PM MST TUE JAN 16 2018


...................................

...THE CHEYENNE WYOMING AIRPORT CLIMATE SUMMARY FOR JANUARY 16 2018...
VALID TODAY AS OF 0900 PM LOCAL TIME.

CLIMATE NORMAL PERIOD 1981 TO 2010
CLIMATE RECORD PERIOD 1871 TO 2018


WEATHER ITEM   OBSERVED TIME   RECORD YEAR NORMAL DEPARTURE
                VALUE   (LST)  VALUE       VALUE  FROM
                                                  NORMAL
...............................................................
TEMPERATURE (F)
 TODAY
  MAXIMUM         33    215 PM  62    1974  40     -7
  MINIMUM         -4    208 AM -24    1930  18    -22
  AVERAGE         15                        29    -14

PRECIPITATION (IN)
  TODAY            0.00          0.42 1930   0.01  -0.01
  MONTH TO DATE    0.04                      0.17  -0.15
  SINCE DEC 1      0.59                      0.66  -0.07
  SINCE JAN 1      0.04                      0.17  -0.15

SNOWFALL (IN)
  TODAY            0.0           4.7  2001   0.2   -0.2
  MONTH TO DATE    0.5                       3.1   -2.9
  SINCE JUL 1     25.7                      25.8   -0.4
  SNOW DEPTH       0

DEGREE DAYS
 HEATING
  TODAY           50                               14
  MONTH TO DATE  527                              -50
  SINCE DEC 1   1613                             -119
  SINCE JUL 1   3126                             -354

 COOLING
  TODAY            0                                0
  MONTH TO DATE    0                                0
  SINCE DEC 1      0                                0
  SINCE JAN 1      0                                0
...............................................................


WIND (MPH)
  HIGHEST WIND SPEED    18   HIGHEST WIND DIRECTION    SW (210)
  HIGHEST GUST SPEED    23   HIGHEST GUST DIRECTION     S (200)
  AVERAGE WIND SPEED     8.5




RELATIVE HUMIDITY (PERCENT)
 HIGHEST    79
 LOWEST     21
 AVERAGE    50

..........................................................


THE CHEYENNE WYOMING AIRPORT CLIMATE NORMALS FOR TOMORROW
                         NORMAL    RECORD    YEAR
 MAXIMUM TEMPERATURE (F)   40        60      1954
 MINIMUM TEMPERATURE (F)   18       -30      1930


SUNRISE AND SUNSET
JANUARY 16 2018.......SUNRISE   722 AM MST   SUNSET   457 PM MST
JANUARY 17 2018.......SUNRISE   721 AM MST   SUNSET   458 PM MST


-  INDICATES NEGATIVE NUMBERS.
R  INDICATES RECORD WAS SET OR TIED.
MM INDICATES DATA IS MISSING.
T  INDICATES TRACE AMOUNT.




$$
