000
CDUS45 KCYS 040745
CLICYS


CLIMATE REPORT
NATIONAL WEATHER SERVICE CHEYENNE WY
145 AM MDT SAT JUL 4 2015


...................................

...THE CHEYENNE WYOMING AIRPORT CLIMATE SUMMARY FOR JULY 3 2015...

CLIMATE NORMAL PERIOD 1981 TO 2010
CLIMATE RECORD PERIOD 1871 TO 2015


WEATHER ITEM   OBSERVED TIME   RECORD YEAR NORMAL DEPARTURE LAST
                VALUE   (LST)  VALUE       VALUE  FROM      YEAR
                                                  NORMAL
..................................................................
TEMPERATURE (F)
 YESTERDAY
  MAXIMUM         81    332 PM  97    1881  82     -1       85
  MINIMUM         55    509 AM  38    1889  54      1       50
  AVERAGE         68                        68      0       68

PRECIPITATION (IN)
  YESTERDAY        T             1.92 2006   0.06  -0.06      T
  MONTH TO DATE    0.35                      0.18   0.17      T
  SINCE JAN 1     11.46                      8.49   2.97     8.94

SNOWFALL (IN)
  YESTERDAY        0.0          MM      MM   0.0    0.0      0.0
  MONTH TO DATE    0.0                       0.0    0.0      0.0
  SINCE JUL 1      0.0                       0.0    0.0      0.0
  SNOW DEPTH       0

DEGREE DAYS
 HEATING
  YESTERDAY        0                         1     -1        0
  MONTH TO DATE    0                         3     -3       13
  SINCE JUN 1     36                       137   -101      139
  SINCE JUL 1      0                         3     -3       13

 COOLING
  YESTERDAY        3                         4     -1        3
  MONTH TO DATE   11                        12     -1        3
  SINCE JUN 1     73                        59     14       17
  SINCE JAN 1     73                        62     11       18
..................................................................


WIND (MPH)
  HIGHEST WIND SPEED    25   HIGHEST WIND DIRECTION    NW (300)
  HIGHEST GUST SPEED    45   HIGHEST GUST DIRECTION     S (170)
  AVERAGE WIND SPEED     6.1


SKY COVER
  AVERAGE SKY COVER 0.2


WEATHER CONDITIONS
 THE FOLLOWING WEATHER WAS RECORDED YESTERDAY.
  THUNDERSTORM
  LIGHT RAIN


RELATIVE HUMIDITY (PERCENT)
 HIGHEST    86           300 AM
 LOWEST     35           600 PM
 AVERAGE    61

..........................................................


THE CHEYENNE WYOMING AIRPORT CLIMATE NORMALS FOR TODAY
                         NORMAL    RECORD    YEAR
 MAXIMUM TEMPERATURE (F)   82        98      1874
 MINIMUM TEMPERATURE (F)   54        33      1915


SUNRISE AND SUNSET
JULY  4 2015..........SUNRISE   532 AM MDT   SUNSET   835 PM MDT
JULY  5 2015..........SUNRISE   532 AM MDT   SUNSET   835 PM MDT


-  INDICATES NEGATIVE NUMBERS.
R  INDICATES RECORD WAS SET OR TIED.
MM INDICATES DATA IS MISSING.
T  INDICATES TRACE AMOUNT.




$$
