000
CDUS45 KCYS 250728
CLICYS


CLIMATE REPORT
NATIONAL WEATHER SERVICE CHEYENNE WY
127 AM MDT SAT OCT 25 2014


...................................

...THE CHEYENNE WYOMING CLIMATE SUMMARY FOR OCTOBER 24 2014...

CLIMATE NORMAL PERIOD 1981 TO 2010
CLIMATE RECORD PERIOD 1871 TO 2014


WEATHER ITEM   OBSERVED TIME   RECORD YEAR NORMAL DEPARTURE LAST
                VALUE   (LST)  VALUE       VALUE  FROM      YEAR
                                                  NORMAL
..................................................................
TEMPERATURE (F)
 YESTERDAY
  MAXIMUM         77R   150 PM  74    2007  56     21       52
                                      1992
                                      1944
  MINIMUM         45   1055 PM   4    1887  32     13       29
  AVERAGE         61                        44     17       41

PRECIPITATION (IN)
  YESTERDAY        0.00          0.74 1923   0.02  -0.02     0.00
  MONTH TO DATE    0.35                      0.77  -0.42     1.88
  SINCE JAN 1     15.75                     14.70   1.05    17.26

SNOWFALL (IN)
  YESTERDAY        0.0           5.5  1997   0.2   -0.2      0.0
  MONTH TO DATE    0.8                       3.7   -2.9     10.2
  SINCE JUL 1      1.5                       5.0   -3.5     10.2
  SNOW DEPTH       0

DEGREE DAYS
 HEATING
  YESTERDAY        4                        21    -17       24
  MONTH TO DATE  304                       423   -119      511
  SINCE SEP 1    466                       648   -182      678
  SINCE JUL 1    524                       704   -180      693

 COOLING
  YESTERDAY        0                         0      0        0
  MONTH TO DATE    0                         0      0        0
  SINCE SEP 1     35                        22     13       67
  SINCE JAN 1    301                       348    -47      520
..................................................................


WIND (MPH)
  HIGHEST WIND SPEED    26   HIGHEST WIND DIRECTION     W (290)
  HIGHEST GUST SPEED    33   HIGHEST GUST DIRECTION     W (280)
  AVERAGE WIND SPEED    10.2


SKY COVER
  AVERAGE SKY COVER 0.0


WEATHER CONDITIONS
 THE FOLLOWING WEATHER WAS RECORDED YESTERDAY.
  NO SIGNIFICANT WEATHER WAS OBSERVED.


RELATIVE HUMIDITY (PERCENT)
 HIGHEST    49          1100 PM
 LOWEST     11           300 PM
 AVERAGE    30

..........................................................


THE CHEYENNE WYOMING CLIMATE NORMALS FOR TODAY
                         NORMAL    RECORD    YEAR
 MAXIMUM TEMPERATURE (F)   56        76      2007
 MINIMUM TEMPERATURE (F)   31         5      1873


SUNRISE AND SUNSET
OCTOBER 25 2014.......SUNRISE   722 AM MDT   SUNSET   604 PM MDT
OCTOBER 26 2014.......SUNRISE   723 AM MDT   SUNSET   603 PM MDT


-  INDICATES NEGATIVE NUMBERS.
R  INDICATES RECORD WAS SET OR TIED.
MM INDICATES DATA IS MISSING.
T  INDICATES TRACE AMOUNT.




$$
