000
CDUS46 KSGX 261417
CLICZZ


CLIMATE REPORT
NATIONAL WEATHER SERVICE SAN DIEGO, CA
716 AM PDT MON SEP 26 2016


...................................

...THE CAMPO ASOS CA CLIMATE SUMMARY FOR SEPTEMBER 25 2016...

CLIMATE NORMAL PERIOD 1981 TO 2010
CLIMATE RECORD PERIOD 1948 TO 2016


WEATHER ITEM   OBSERVED TIME   RECORD YEAR NORMAL DEPARTURE LAST
                VALUE   (LST)  VALUE       VALUE  FROM      YEAR
                                                  NORMAL
..................................................................
TEMPERATURE (F)
 YESTERDAY
  MAXIMUM         84    318 PM 100    1989  87     -3       98
  MINIMUM         49    145 AM  35    1973  47      2       59
  AVERAGE         67                        67      0       79

PRECIPITATION (IN)
  YESTERDAY        0.00          0.95 1986   0.01  -0.01     0.00
  MONTH TO DATE    1.00                      0.28   0.72     0.59
  SINCE OCT 1     10.32                     15.67  -5.35    10.71
  SINCE JAN 1      7.37                     11.45  -4.08     6.84

DEGREE DAYS
 HEATING
  YESTERDAY        0                         2     -2        0
  MONTH TO DATE   37                        27     10        4
  SINCE SEP 1     37                        27     10        4
  SINCE JUL 1     37                        41     -4       14

 COOLING
  YESTERDAY        2                         4     -2       14
  MONTH TO DATE   80                       147    -67      177
  SINCE SEP 1     80                       147    -67      177
  SINCE JAN 1    900                       797    103      867
..................................................................


WIND (MPH)
  RESULTANT WIND SPEED  13   RESULTANT WIND DIRECTION  NE (50)
  HIGHEST WIND SPEED    37   HIGHEST WIND DIRECTION    NE (50)
  HIGHEST GUST SPEED    50   HIGHEST GUST DIRECTION     E (70)
  AVERAGE WIND SPEED    14.3


SKY COVER
  POSSIBLE SUNSHINE  MM
  AVERAGE SKY COVER 0.0



RELATIVE HUMIDITY (PERCENT)
 HIGHEST    61           200 AM
 LOWEST     13           200 PM
 AVERAGE    37

..........................................................


THE CAMPO ASOS CA CLIMATE NORMALS FOR TODAY
                         NORMAL    RECORD    YEAR
 MAXIMUM TEMPERATURE (F)   86        99      1989
 MINIMUM TEMPERATURE (F)   46        36      1972


SUNRISE AND SUNSET
SEPTEMBER 26 2016.....SUNRISE   637 AM PDT   SUNSET   636 PM PDT
SEPTEMBER 27 2016.....SUNRISE   638 AM PDT   SUNSET   635 PM PDT


-  INDICATES NEGATIVE NUMBERS.
R  INDICATES RECORD WAS SET OR TIED.
MM INDICATES DATA IS MISSING.
T  INDICATES TRACE AMOUNT.




$$
