000
CDUS46 KSGX 210020
CLICZZ


CLIMATE REPORT
NATIONAL WEATHER SERVICE SAN DIEGO, CA
420 PM PST SAT DEC 20 2014


...................................

...THE CAMPO ASOS CA CLIMATE SUMMARY FOR DECEMBER 20 2014...
VALID TODAY AS OF 0400 PM LOCAL TIME.

CLIMATE NORMAL PERIOD 1981 TO 2010
CLIMATE RECORD PERIOD 1948 TO 2014


WEATHER ITEM   OBSERVED TIME   RECORD YEAR NORMAL DEPARTURE LAST
                VALUE   (LST)  VALUE       VALUE  FROM      YEAR
                                                  NORMAL
..................................................................
TEMPERATURE (F)
 TODAY
  MAXIMUM         60    108 PM  77    2005  62     -2       52
                                      2000
  MINIMUM         31    649 AM  18    1992  32     -1       35
  AVERAGE         46                        47     -1       44

PRECIPITATION (IN)
  TODAY            0.00          1.16 1951   0.07  -0.07     0.00
  MONTH TO DATE    3.07                      1.35   1.72     0.55
  SINCE JUL 1      5.36                      4.66   0.70     4.19
  SINCE JAN 1      8.12                     14.81  -6.69     8.97

SNOWFALL (IN)
  TODAY            0.0
  MONTH TO DATE    0.0
  SINCE JAN 1      0.0
  SINCE JUL 1      0.0
  SNOW DEPTH       0

DEGREE DAYS
 HEATING
  TODAY           19                        18      1       21
  MONTH TO DATE  275                       346    -71      353
  SINCE DEC 1    275                       346    -71      353
  SINCE JUL 1    656                       916   -260      982

 COOLING
  TODAY            0                         0      0        0
  MONTH TO DATE    0                         0      0        2
  SINCE DEC 1      0                         0      0        2
  SINCE JAN 1    900                       841     59      911
..................................................................


WIND (MPH)
  RESULTANT WIND SPEED   0   RESULTANT WIND DIRECTION  SW (230)
  HIGHEST WIND SPEED    18   HIGHEST WIND DIRECTION    SW (210)
  HIGHEST GUST SPEED    22   HIGHEST GUST DIRECTION    SW (220)
  AVERAGE WIND SPEED     6.3


SKY COVER
  POSSIBLE SUNSHINE  MM
  AVERAGE SKY COVER 0.0



RELATIVE HUMIDITY (PERCENT)
 HIGHEST    92          1200 AM
 LOWEST     59          1100 AM
 AVERAGE    76

..........................................................


THE CAMPO ASOS CA CLIMATE NORMALS FOR TOMORROW
                         NORMAL    RECORD    YEAR
 MAXIMUM TEMPERATURE (F)   62        79      2000
 MINIMUM TEMPERATURE (F)   32        15      1968


SUNRISE AND SUNSET
DECEMBER 20 2014......SUNRISE   643 AM PST   SUNSET   444 PM PST
DECEMBER 21 2014......SUNRISE   644 AM PST   SUNSET   444 PM PST


-  INDICATES NEGATIVE NUMBERS.
R  INDICATES RECORD WAS SET OR TIED.
MM INDICATES DATA IS MISSING.
T  INDICATES TRACE AMOUNT.




$$
