000
CDUS46 KSGX 021416
CLICZZ


CLIMATE REPORT
NATIONAL WEATHER SERVICE SAN DIEGO, CA
716 AM PDT SUN AUG 2 2015


...................................

...THE CAMPO ASOS CA CLIMATE SUMMARY FOR AUGUST 1 2015...

CLIMATE NORMAL PERIOD 1981 TO 2010
CLIMATE RECORD PERIOD 1948 TO 2015


WEATHER ITEM   OBSERVED TIME   RECORD YEAR NORMAL DEPARTURE LAST
                VALUE   (LST)  VALUE       VALUE  FROM      YEAR
                                                  NORMAL
..................................................................
TEMPERATURE (F)
 YESTERDAY
  MAXIMUM         93    145 PM 105    1993  95     -2       97
  MINIMUM         53    511 AM  38    1956  54     -1       60
  AVERAGE         73                        74     -1       79

PRECIPITATION (IN)
  YESTERDAY        0.00          1.63 2005   0.02  -0.02     0.14
  MONTH TO DATE    0.00                      0.02  -0.02     0.14
  SINCE OCT 1     10.11                     14.71  -4.60     5.29
  SINCE JAN 1      6.24                     10.49  -4.25     3.04

DEGREE DAYS
 HEATING
  YESTERDAY        0                         0      0        0
  MONTH TO DATE    0                         0      0        0
  SINCE JUN 1     60                        63     -3       28
  SINCE JUL 1     10                         7      3        0

 COOLING
  YESTERDAY        8                         9     -1       14
  MONTH TO DATE    8                         9     -1       14
  SINCE JUN 1    376                       351     25      360
  SINCE JAN 1    393                       381     12      412
..................................................................


WIND (MPH)
  RESULTANT WIND SPEED   3   RESULTANT WIND DIRECTION   S (200)
  HIGHEST WIND SPEED    18   HIGHEST WIND DIRECTION    SW (220)
  HIGHEST GUST SPEED    22   HIGHEST GUST DIRECTION    SW (210)
  AVERAGE WIND SPEED     6.7


SKY COVER
  POSSIBLE SUNSHINE  MM
  AVERAGE SKY COVER 0.0



RELATIVE HUMIDITY (PERCENT)
 HIGHEST    78          1000 PM
 LOWEST     18          1000 AM
 AVERAGE    48

..........................................................


THE CAMPO ASOS CA CLIMATE NORMALS FOR TODAY
                         NORMAL    RECORD    YEAR
 MAXIMUM TEMPERATURE (F)   95       104      1997
 MINIMUM TEMPERATURE (F)   54        39      1985


SUNRISE AND SUNSET
AUGUST  2 2015........SUNRISE   601 AM PDT   SUNSET   743 PM PDT
AUGUST  3 2015........SUNRISE   601 AM PDT   SUNSET   742 PM PDT


-  INDICATES NEGATIVE NUMBERS.
R  INDICATES RECORD WAS SET OR TIED.
MM INDICATES DATA IS MISSING.
T  INDICATES TRACE AMOUNT.




$$
