000
CDUS46 KSGX 231139
CLICZZ


CLIMATE REPORT
NATIONAL WEATHER SERVICE SAN DIEGO, CA
439 AM PDT MON OCT 23 2017


...................................

...THE CAMPO ASOS CA CLIMATE SUMMARY FOR OCTOBER 22 2017...

CLIMATE NORMAL PERIOD 1981 TO 2010
CLIMATE RECORD PERIOD 1948 TO 2017


WEATHER ITEM   OBSERVED TIME   RECORD YEAR NORMAL DEPARTURE LAST
                VALUE   (LST)  VALUE       VALUE  FROM      YEAR
                                                  NORMAL
..................................................................
TEMPERATURE (F)
 YESTERDAY
  MAXIMUM         83    217 PM  96    2003  78      5       87
  MINIMUM         51   1220 AM  31    1966  41     10       45
  AVERAGE         67                        59      8       66

PRECIPITATION (IN)
  YESTERDAY        0.00          0.14 1976   0.03  -0.03     0.00
  MONTH TO DATE    0.00                      0.54  -0.54     0.00
  SINCE OCT 1      0.00                      0.54  -0.54     0.00
  SINCE JAN 1     11.72                     12.05  -0.33     7.38

DEGREE DAYS
 HEATING
  YESTERDAY        0                         6     -6        0
  MONTH TO DATE   81                        96    -15       77
  SINCE SEP 1    151                       132     19      114
  SINCE JUL 1    155                       146      9      114

 COOLING
  YESTERDAY        2                         0      2        1
  MONTH TO DATE   28                        27      1       23
  SINCE SEP 1    164                       188    -24      126
  SINCE JAN 1   1041                       838    203      946
..................................................................


WIND (MPH)
  RESULTANT WIND SPEED  11   RESULTANT WIND DIRECTION  NE (60)
  HIGHEST WIND SPEED    26   HIGHEST WIND DIRECTION     E (70)
  HIGHEST GUST SPEED    32   HIGHEST GUST DIRECTION     E (70)
  AVERAGE WIND SPEED    10.7


SKY COVER
  POSSIBLE SUNSHINE  MM
  AVERAGE SKY COVER 0.0



RELATIVE HUMIDITY (PERCENT)
 HIGHEST    26           100 AM
 LOWEST      7          1100 AM
 AVERAGE    17

..........................................................


THE CAMPO ASOS CA CLIMATE NORMALS FOR TODAY
                         NORMAL    RECORD    YEAR
 MAXIMUM TEMPERATURE (F)   77        93      2003
 MINIMUM TEMPERATURE (F)   41        26      1996


SUNRISE AND SUNSET
OCTOBER 23 2017.......SUNRISE   656 AM PDT   SUNSET   604 PM PDT
OCTOBER 24 2017.......SUNRISE   657 AM PDT   SUNSET   603 PM PDT


-  INDICATES NEGATIVE NUMBERS.
R  INDICATES RECORD WAS SET OR TIED.
MM INDICATES DATA IS MISSING.
T  INDICATES TRACE AMOUNT.




$$
