000
CDUS46 KSGX 231150
CLICZZ


CLIMATE REPORT
NATIONAL WEATHER SERVICE SAN DIEGO, CA
450 AM PDT WED AUG 23 2017


...................................

...THE CAMPO ASOS CA CLIMATE SUMMARY FOR AUGUST 22 2017...

CLIMATE NORMAL PERIOD 1981 TO 2010
CLIMATE RECORD PERIOD 1948 TO 2017


WEATHER ITEM   OBSERVED TIME   RECORD YEAR NORMAL DEPARTURE LAST
                VALUE   (LST)  VALUE       VALUE  FROM      YEAR
                                                  NORMAL
..................................................................
TEMPERATURE (F)
 YESTERDAY
  MAXIMUM         94    233 PM 103    1998  94      0       89
  MINIMUM         54    311 AM  37    1968  53      1       53
  AVERAGE         74                        74      0       71

PRECIPITATION (IN)
  YESTERDAY        0.00          0.03 1982   0.03  -0.03     0.00
  MONTH TO DATE    0.00                      0.51  -0.51     0.00
  SINCE OCT 1     16.74                     15.20   1.54     9.32
  SINCE JAN 1     11.51                     10.98   0.53     6.37

DEGREE DAYS
 HEATING
  YESTERDAY        0                         0      0        0
  MONTH TO DATE    4                         0      4        0
  SINCE JUN 1     41                        63    -22       27
  SINCE JUL 1      4                         7     -3        0

 COOLING
  YESTERDAY        9                         9      0        6
  MONTH TO DATE  190                       198     -8      220
  SINCE JUN 1    725                       540    185      741
  SINCE JAN 1    752                       570    182      744
..................................................................


WIND (MPH)
  RESULTANT WIND SPEED   3   RESULTANT WIND DIRECTION  SW (220)
  HIGHEST WIND SPEED    20   HIGHEST WIND DIRECTION    SW (220)
  HIGHEST GUST SPEED    25   HIGHEST GUST DIRECTION    SW (220)
  AVERAGE WIND SPEED     7.1


SKY COVER
  POSSIBLE SUNSHINE  MM
  AVERAGE SKY COVER 0.0



RELATIVE HUMIDITY (PERCENT)
 HIGHEST    78          1100 PM
 LOWEST     21          1000 AM
 AVERAGE    50

..........................................................


THE CAMPO ASOS CA CLIMATE NORMALS FOR TODAY
                         NORMAL    RECORD    YEAR
 MAXIMUM TEMPERATURE (F)   94       105      1956
 MINIMUM TEMPERATURE (F)   53        35      1989


SUNRISE AND SUNSET
AUGUST 23 2017........SUNRISE   615 AM PDT   SUNSET   721 PM PDT
AUGUST 24 2017........SUNRISE   616 AM PDT   SUNSET   720 PM PDT


-  INDICATES NEGATIVE NUMBERS.
R  INDICATES RECORD WAS SET OR TIED.
MM INDICATES DATA IS MISSING.
T  INDICATES TRACE AMOUNT.




$$
