000
CDUS46 KSGX 191237
CLICZZ


CLIMATE REPORT
NATIONAL WEATHER SERVICE SAN DIEGO, CA
435 AM PST FRI JAN 19 2018


...................................

...THE CAMPO ASOS CA CLIMATE SUMMARY FOR JANUARY 18 2018...

CLIMATE NORMAL PERIOD 1981 TO 2010
CLIMATE RECORD PERIOD 1948 TO 2018


WEATHER ITEM   OBSERVED TIME   RECORD YEAR NORMAL DEPARTURE LAST
                VALUE   (LST)  VALUE       VALUE  FROM      YEAR
                                                  NORMAL
..................................................................
TEMPERATURE (F)
 YESTERDAY
  MAXIMUM         74    328 PM  83    1971  63     11       59
  MINIMUM         40   1150 PM  18    1963  34      6       30
  AVERAGE         57                        49      8       45

PRECIPITATION (IN)
  YESTERDAY        0.00          2.01 1988   0.09  -0.09     0.04
  MONTH TO DATE    2.07                      1.76   0.31     1.62
  SINCE OCT 1      2.42                      5.98  -3.56     6.85
  SINCE JAN 1      2.07                      1.76   0.31     1.62

DEGREE DAYS
 HEATING
  YESTERDAY        8                        16     -8       20
  MONTH TO DATE  163                       299   -136      308
  SINCE DEC 1    555                       835   -280      773
  SINCE JUL 1    951                      1405   -454     1191

 COOLING
  YESTERDAY        0                         0      0        0
  MONTH TO DATE    0                         0      0        0
  SINCE DEC 1      0                         0      0        0
  SINCE JAN 1      0                         0      0        0
..................................................................


WIND (MPH)
  RESULTANT WIND SPEED   1   RESULTANT WIND DIRECTION   N (340)
  HIGHEST WIND SPEED    12   HIGHEST WIND DIRECTION    SW (230)
  HIGHEST GUST SPEED    15   HIGHEST GUST DIRECTION    SW (220)
  AVERAGE WIND SPEED     5.2


SKY COVER
  POSSIBLE SUNSHINE  MM
  AVERAGE SKY COVER 0.0



RELATIVE HUMIDITY (PERCENT)
 HIGHEST    83          1000 PM
 LOWEST     20           100 PM
 AVERAGE    52

..........................................................


THE CAMPO ASOS CA CLIMATE NORMALS FOR TODAY
                         NORMAL    RECORD    YEAR
 MAXIMUM TEMPERATURE (F)   63        81      1971
 MINIMUM TEMPERATURE (F)   35        22      2002


SUNRISE AND SUNSET
JANUARY 19 2018.......SUNRISE   647 AM PST   SUNSET   507 PM PST
JANUARY 20 2018.......SUNRISE   647 AM PST   SUNSET   508 PM PST


-  INDICATES NEGATIVE NUMBERS.
R  INDICATES RECORD WAS SET OR TIED.
MM INDICATES DATA IS MISSING.
T  INDICATES TRACE AMOUNT.




$$
