000
CDUS43 KUNR 270836
CLID07


CLIMATE REPORT
NATIONAL WEATHER SERVICE RAPID CITY SD
135 AM MST THU NOV 27 2014


...................................

...THE FAITH SD CLIMATE SUMMARY FOR NOVEMBER 26 2014...

CLIMATE NORMAL PERIOD 1981 TO 2010
CLIMATE RECORD PERIOD 9999 TO 9999


WEATHER ITEM   OBSERVED TIME   NORMAL DEPARTURE LAST
                VALUE   (LST)  VALUE  FROM      YEAR
                                      NORMAL
......................................................
TEMPERATURE (F)
 YESTERDAY
  MAXIMUM         28    250 PM  37     -9       30
  MINIMUM         14   1015 PM  16     -2       11
  AVERAGE         21            26     -5       21

PRECIPITATION (IN)
  YESTERDAY        0.02          0.01   0.01     0.00
  MONTH TO DATE    0.34          0.52  -0.18     0.22
  SINCE SEP 1      2.02          3.43  -1.41     3.96
  SINCE JAN 1     18.53         17.25   1.28    16.33

DEGREE DAYS
 HEATING
  YESTERDAY       44            39      5       44
  MONTH TO DATE 1003           825    178      832
  SINCE SEP 1   1655          1591     64     1599
  SINCE JUL 1   1698          1624     74     1614

 COOLING
  YESTERDAY        0             0      0        0
  MONTH TO DATE    0             0      0        0
  SINCE SEP 1     46            60    -14      130
  SINCE JAN 1    445           635   -190      720
......................................................


WIND (MPH)
  HIGHEST WIND SPEED    32   HIGHEST WIND DIRECTION     N (350)
  HIGHEST GUST SPEED    39   HIGHEST GUST DIRECTION     N (350)
  AVERAGE WIND SPEED     9.6




RELATIVE HUMIDITY (PERCENT)
 HIGHEST    91           700 AM
 LOWEST     74          1200 AM
 AVERAGE    83

..........................................................




SUNRISE AND SUNSET
NOVEMBER 27 2014......SUNRISE   701 AM MST   SUNSET   410 PM MST
NOVEMBER 28 2014......SUNRISE   703 AM MST   SUNSET   409 PM MST


-  INDICATES NEGATIVE NUMBERS.
R  INDICATES RECORD WAS SET OR TIED.
MM INDICATES DATA IS MISSING.
T  INDICATES TRACE AMOUNT.




$$
