000
CDUS43 KUNR 220831
CLID07


CLIMATE REPORT
NATIONAL WEATHER SERVICE RAPID CITY SD
131 AM MST WED FEB 22 2017


...................................

...THE FAITH SD CLIMATE SUMMARY FOR FEBRUARY 21 2017...

CLIMATE NORMAL PERIOD 1981 TO 2010
CLIMATE RECORD PERIOD 9999 TO 9999


WEATHER ITEM   OBSERVED TIME   NORMAL DEPARTURE LAST
                VALUE   (LST)  VALUE  FROM      YEAR
                                      NORMAL
......................................................
TEMPERATURE (F)
 YESTERDAY
  MAXIMUM         69    338 PM  35     34       34
  MINIMUM         40    331 AM  15     25       22
  AVERAGE         55            25     30       28

PRECIPITATION (IN)
  YESTERDAY        0.00          0.01  -0.01     0.00
  MONTH TO DATE    0.13          0.35  -0.22     0.79
  SINCE DEC 1      1.12          0.95   0.17     1.58
  SINCE JAN 1      0.68          0.55   0.13     1.05

DEGREE DAYS
 HEATING
  YESTERDAY       10            40    -30       37
  MONTH TO DATE  781           889   -108      699
  SINCE DEC 1   3838          3635    203     3335
  SINCE JUL 1   5089          5418   -329     4721

 COOLING
  YESTERDAY        0             0      0        0
  MONTH TO DATE    0             0      0        0
  SINCE DEC 1      0             0      0        0
  SINCE JAN 1      0             0      0        0
......................................................


WIND (MPH)
  HIGHEST WIND SPEED    24   HIGHEST WIND DIRECTION    NW (310)
  HIGHEST GUST SPEED    31   HIGHEST GUST DIRECTION    NW (320)
  AVERAGE WIND SPEED    10.4




RELATIVE HUMIDITY (PERCENT)
 HIGHEST    82          1000 PM
 LOWEST     30           300 PM
 AVERAGE    56

..........................................................




SUNRISE AND SUNSET
FEBRUARY 22 2017......SUNRISE   637 AM MST   SUNSET   526 PM MST
FEBRUARY 23 2017......SUNRISE   636 AM MST   SUNSET   528 PM MST


-  INDICATES NEGATIVE NUMBERS.
R  INDICATES RECORD WAS SET OR TIED.
MM INDICATES DATA IS MISSING.
T  INDICATES TRACE AMOUNT.




$$
