152
CDUS43 KUNR 240831
CLID07


CLIMATE REPORT
NATIONAL WEATHER SERVICE RAPID CITY SD
231 AM MDT WED AUG 24 2016


...................................

...THE FAITH SD CLIMATE SUMMARY FOR AUGUST 23 2016...

CLIMATE NORMAL PERIOD 1981 TO 2010
CLIMATE RECORD PERIOD 9999 TO 9999


WEATHER ITEM   OBSERVED TIME   NORMAL DEPARTURE LAST
                VALUE   (LST)  VALUE  FROM      YEAR
                                      NORMAL
......................................................
TEMPERATURE (F)
 YESTERDAY
  MAXIMUM         84   1252 PM  85     -1       73
  MINIMUM         56   1132 PM  57     -1       45
  AVERAGE         70            71     -1       59

PRECIPITATION (IN)
  YESTERDAY        0.00          0.04  -0.04     0.00
  MONTH TO DATE    1.22          1.23  -0.01     2.51
  SINCE JUN 1      4.76          7.12  -2.36     5.73
  SINCE JAN 1     11.61         13.42  -1.81    12.97

DEGREE DAYS
 HEATING
  YESTERDAY        0             1     -1        6
  MONTH TO DATE   12             7      5       26
  SINCE JUN 1     30           109    -79       60
  SINCE JUL 1     15            19     -4       26

 COOLING
  YESTERDAY        5             6     -1        0
  MONTH TO DATE  191           186      5      188
  SINCE JUN 1    648           519    129      540
  SINCE JAN 1    650           531    119      542
......................................................


WIND (MPH)
  HIGHEST WIND SPEED    36   HIGHEST WIND DIRECTION    NW (330)
  HIGHEST GUST SPEED    43   HIGHEST GUST DIRECTION    NW (330)
  AVERAGE WIND SPEED    18.9




RELATIVE HUMIDITY (PERCENT)
 HIGHEST    86           500 AM
 LOWEST     15           100 PM
 AVERAGE    51

..........................................................




SUNRISE AND SUNSET
AUGUST 24 2016........SUNRISE   601 AM MDT   SUNSET   739 PM MDT
AUGUST 25 2016........SUNRISE   602 AM MDT   SUNSET   737 PM MDT


-  INDICATES NEGATIVE NUMBERS.
R  INDICATES RECORD WAS SET OR TIED.
MM INDICATES DATA IS MISSING.
T  INDICATES TRACE AMOUNT.




$$
