000
CDUS43 KUNR 230837
CLID07


CLIMATE REPORT
NATIONAL WEATHER SERVICE RAPID CITY SD
237 AM MDT WED AUG 23 2017


...................................

...THE FAITH SD CLIMATE SUMMARY FOR AUGUST 22 2017...

CLIMATE NORMAL PERIOD 1981 TO 2010
CLIMATE RECORD PERIOD 9999 TO 9999


WEATHER ITEM   OBSERVED TIME   NORMAL DEPARTURE LAST
                VALUE   (LST)  VALUE  FROM      YEAR
                                      NORMAL
......................................................
TEMPERATURE (F)
 YESTERDAY
  MAXIMUM         83    310 PM  85     -2      100
  MINIMUM         52    510 AM  57     -5       55
  AVERAGE         68            71     -3       78

PRECIPITATION (IN)
  YESTERDAY        0.00          0.04  -0.04     0.00
  MONTH TO DATE    0.92          1.19  -0.27     1.22
  SINCE JUN 1      4.05          7.08  -3.03     4.76
  SINCE JAN 1      8.33         13.38  -5.05    11.61

DEGREE DAYS
 HEATING
  YESTERDAY        0             1     -1        0
  MONTH TO DATE   12             6      6       12
  SINCE JUN 1     42           108    -66       30
  SINCE JUL 1     12            18     -6       15

 COOLING
  YESTERDAY        3             7     -4       13
  MONTH TO DATE   72           180   -108      186
  SINCE JUN 1    596           513     83      643
  SINCE JAN 1    608           525     83      645
......................................................


WIND (MPH)
  HIGHEST WIND SPEED    18   HIGHEST WIND DIRECTION     E (80)
  HIGHEST GUST SPEED    21   HIGHEST GUST DIRECTION     E (80)
  AVERAGE WIND SPEED     8.3




RELATIVE HUMIDITY (PERCENT)
 HIGHEST    72           100 AM
 LOWEST     24           200 PM
 AVERAGE    48

..........................................................




SUNRISE AND SUNSET
AUGUST 23 2017........SUNRISE   600 AM MDT   SUNSET   741 PM MDT
AUGUST 24 2017........SUNRISE   601 AM MDT   SUNSET   739 PM MDT


-  INDICATES NEGATIVE NUMBERS.
R  INDICATES RECORD WAS SET OR TIED.
MM INDICATES DATA IS MISSING.
T  INDICATES TRACE AMOUNT.




$$
