000
CDUS43 KUNR 240837
CLID07


CLIMATE REPORT
NATIONAL WEATHER SERVICE RAPID CITY SD
236 AM MDT SUN MAY 24 2015


...................................

...THE FAITH SD CLIMATE SUMMARY FOR MAY 23 2015...

CLIMATE NORMAL PERIOD 1981 TO 2010
CLIMATE RECORD PERIOD 9999 TO 9999


WEATHER ITEM   OBSERVED TIME   NORMAL DEPARTURE LAST
                VALUE   (LST)  VALUE  FROM      YEAR
                                      NORMAL
......................................................
TEMPERATURE (F)
 YESTERDAY
  MAXIMUM         60    301 PM  69     -9       82
  MINIMUM         44    212 AM  45     -1       53
  AVERAGE         52            57     -5       68

PRECIPITATION (IN)
  YESTERDAY        0.00          0.09  -0.09     0.00
  MONTH TO DATE    3.78          2.24   1.54     0.90
  SINCE MAR 1      4.43          4.85  -0.42     2.97
  SINCE JAN 1      4.86          5.47  -0.61     3.87

DEGREE DAYS
 HEATING
  YESTERDAY       13             8      5        0
  MONTH TO DATE  320           261     59      337
  SINCE MAR 1   1585          1872   -287     2063
  SINCE JUL 1   7084          7560   -476     8149

 COOLING
  YESTERDAY        0             0      0        3
  MONTH TO DATE    0             0      0        3
  SINCE MAR 1      2             1      1        3
  SINCE JAN 1      2             1      1        3
......................................................


WIND (MPH)
  HIGHEST WIND SPEED    20   HIGHEST WIND DIRECTION    SE (120)
  HIGHEST GUST SPEED    23   HIGHEST GUST DIRECTION    SE (120)
  AVERAGE WIND SPEED    11.2




RELATIVE HUMIDITY (PERCENT)
 HIGHEST    93          1000 PM
 LOWEST     66          1100 AM
 AVERAGE    80

..........................................................




SUNRISE AND SUNSET
MAY 24 2015...........SUNRISE   510 AM MDT   SUNSET   820 PM MDT
MAY 25 2015...........SUNRISE   509 AM MDT   SUNSET   821 PM MDT


-  INDICATES NEGATIVE NUMBERS.
R  INDICATES RECORD WAS SET OR TIED.
MM INDICATES DATA IS MISSING.
T  INDICATES TRACE AMOUNT.




$$
