000
CDUS43 KUNR 200833
CLID07


CLIMATE REPORT
NATIONAL WEATHER SERVICE RAPID CITY SD
232 AM MDT MON OCT 20 2014


...................................

...THE FAITH SD CLIMATE SUMMARY FOR OCTOBER 19 2014...

CLIMATE NORMAL PERIOD 1981 TO 2010
CLIMATE RECORD PERIOD 9999 TO 9999


WEATHER ITEM   OBSERVED TIME   NORMAL DEPARTURE LAST
                VALUE   (LST)  VALUE  FROM      YEAR
                                      NORMAL
......................................................
TEMPERATURE (F)
 YESTERDAY
  MAXIMUM         73    218 PM  57     16       61
  MINIMUM         46    607 AM  34     12       40
  AVERAGE         60            46     14       51

PRECIPITATION (IN)
  YESTERDAY        0.00          0.07  -0.07     0.00
  MONTH TO DATE    0.53          0.82  -0.29     2.31
  SINCE SEP 1      1.67          2.18  -0.51     3.41
  SINCE JAN 1     18.18         16.00   2.18    15.78

DEGREE DAYS
 HEATING
  YESTERDAY        5            19    -14       14
  MONTH TO DATE  261           304    -43      370
  SINCE SEP 1    466           503    -37      450
  SINCE JUL 1    509           536    -27      465

 COOLING
  YESTERDAY        0             0      0        0
  MONTH TO DATE    0             0      0        0
  SINCE SEP 1     46            59    -13      130
  SINCE JAN 1    445           634   -189      720
......................................................


WIND (MPH)
  HIGHEST WIND SPEED    23   HIGHEST WIND DIRECTION    NW (320)
  HIGHEST GUST SPEED    28   HIGHEST GUST DIRECTION    NW (320)
  AVERAGE WIND SPEED    10.2




RELATIVE HUMIDITY (PERCENT)
 HIGHEST    82           200 AM
 LOWEST     27           100 PM
 AVERAGE    55

..........................................................




SUNRISE AND SUNSET
OCTOBER 20 2014.......SUNRISE   710 AM MDT   SUNSET   555 PM MDT
OCTOBER 21 2014.......SUNRISE   712 AM MDT   SUNSET   553 PM MDT


-  INDICATES NEGATIVE NUMBERS.
R  INDICATES RECORD WAS SET OR TIED.
MM INDICATES DATA IS MISSING.
T  INDICATES TRACE AMOUNT.




$$
