000
CDUS43 KUNR 250833
CLID07


CLIMATE REPORT
NATIONAL WEATHER SERVICE RAPID CITY SD
132 AM MST SUN JAN 25 2015


...................................

...THE FAITH SD CLIMATE SUMMARY FOR JANUARY 24 2015...

CLIMATE NORMAL PERIOD 1981 TO 2010
CLIMATE RECORD PERIOD 9999 TO 9999


WEATHER ITEM   OBSERVED TIME   NORMAL DEPARTURE LAST
                VALUE   (LST)  VALUE  FROM      YEAR
                                      NORMAL
......................................................
TEMPERATURE (F)
 YESTERDAY
  MAXIMUM         55    102 PM  30     25       50
  MINIMUM         36   1210 AM  11     25       34
  AVERAGE         46            20     26       42

PRECIPITATION (IN)
  YESTERDAY        0.00          0.01  -0.01     0.01
  MONTH TO DATE    0.14          0.15  -0.01     0.07
  SINCE DEC 1      0.42          0.55  -0.13     0.97
  SINCE JAN 1      0.14          0.15  -0.01     0.07

DEGREE DAYS
 HEATING
  YESTERDAY       19            45    -26       23
  MONTH TO DATE 1030          1080    -50     1042
  SINCE DEC 1   2247          2440   -193     2612
  SINCE JUL 1   4123          4223   -100     4362

 COOLING
  YESTERDAY        0             0      0        0
  MONTH TO DATE    0             0      0        0
  SINCE DEC 1      0             0      0        0
  SINCE JAN 1      0             0      0        0
......................................................


WIND (MPH)
  HIGHEST WIND SPEED    46   HIGHEST WIND DIRECTION    NW (310)
  HIGHEST GUST SPEED    58   HIGHEST GUST DIRECTION    NW (300)
  AVERAGE WIND SPEED    26.3




RELATIVE HUMIDITY (PERCENT)
 HIGHEST    76          1100 PM
 LOWEST     45          1000 AM
 AVERAGE    61

..........................................................




SUNRISE AND SUNSET
JANUARY 25 2015.......SUNRISE   715 AM MST   SUNSET   446 PM MST
JANUARY 26 2015.......SUNRISE   715 AM MST   SUNSET   447 PM MST


-  INDICATES NEGATIVE NUMBERS.
R  INDICATES RECORD WAS SET OR TIED.
MM INDICATES DATA IS MISSING.
T  INDICATES TRACE AMOUNT.




$$
