000
CDUS43 KUNR 170834
CLID07


CLIMATE REPORT
NATIONAL WEATHER SERVICE RAPID CITY SD
134 AM MST TUE JAN 17 2017


...................................

...THE FAITH SD CLIMATE SUMMARY FOR JANUARY 16 2017...

CLIMATE NORMAL PERIOD 1981 TO 2010
CLIMATE RECORD PERIOD 9999 TO 9999


WEATHER ITEM   OBSERVED TIME   NORMAL DEPARTURE LAST
                VALUE   (LST)  VALUE  FROM      YEAR
                                      NORMAL
......................................................
TEMPERATURE (F)
 YESTERDAY
  MAXIMUM         23    258 PM  30     -7       17
  MINIMUM          6   1206 AM  11     -5      -14
  AVERAGE         15            20     -5        2

PRECIPITATION (IN)
  YESTERDAY        0.00          0.01  -0.01     0.00
  MONTH TO DATE    0.45          0.10   0.35     0.10
  SINCE DEC 1      0.89          0.50   0.39     0.63
  SINCE JAN 1      0.45          0.10   0.35     0.10

DEGREE DAYS
 HEATING
  YESTERDAY       50            45      5       63
  MONTH TO DATE  975           720    255      741
  SINCE DEC 1   2457          2080    377     2010
  SINCE JUL 1   3708          3863   -155     3396

 COOLING
  YESTERDAY        0             0      0        0
  MONTH TO DATE    0             0      0        0
  SINCE DEC 1      0             0      0        0
  SINCE JAN 1      0             0      0        0
......................................................


WIND (MPH)
  HIGHEST WIND SPEED    20   HIGHEST WIND DIRECTION    NW (320)
  HIGHEST GUST SPEED    22   HIGHEST GUST DIRECTION    NW (310)
  AVERAGE WIND SPEED    13.4




RELATIVE HUMIDITY (PERCENT)
 HIGHEST    88          1200 AM
 LOWEST     61           500 AM
 AVERAGE    75

..........................................................




SUNRISE AND SUNSET
JANUARY 17 2017.......SUNRISE   721 AM MST   SUNSET   436 PM MST
JANUARY 18 2017.......SUNRISE   721 AM MST   SUNSET   437 PM MST


-  INDICATES NEGATIVE NUMBERS.
R  INDICATES RECORD WAS SET OR TIED.
MM INDICATES DATA IS MISSING.
T  INDICATES TRACE AMOUNT.




$$
