000
CDUS43 KUNR 090830
CLID07


CLIMATE REPORT
NATIONAL WEATHER SERVICE RAPID CITY SD
130 AM MST FRI DEC 9 2016


...................................

...THE FAITH SD CLIMATE SUMMARY FOR DECEMBER 8 2016...

CLIMATE NORMAL PERIOD 1981 TO 2010
CLIMATE RECORD PERIOD 9999 TO 9999


WEATHER ITEM   OBSERVED TIME   NORMAL DEPARTURE LAST
                VALUE   (LST)  VALUE  FROM      YEAR
                                      NORMAL
......................................................
TEMPERATURE (F)
 YESTERDAY
  MAXIMUM          2    305 PM  32    -30       53
  MINIMUM        -10   1144 PM  12    -22       32
  AVERAGE         -4            22    -26       43

PRECIPITATION (IN)
  YESTERDAY        0.00          0.01  -0.01     0.00
  MONTH TO DATE    0.12          0.08   0.04     0.07
  SINCE DEC 1      0.12          0.08   0.04     0.07
  SINCE JAN 1     14.22         17.34  -3.12    15.46

DEGREE DAYS
 HEATING
  YESTERDAY       69            43     26       22
  MONTH TO DATE  389           337     52      242
  SINCE DEC 1    389           337     52      242
  SINCE JUL 1   1640          2120   -480     1628

 COOLING
  YESTERDAY        0             0      0        0
  MONTH TO DATE    0             0      0        0
  SINCE DEC 1      0             0      0        0
  SINCE JAN 1    734           635     99      691
......................................................


WIND (MPH)
  HIGHEST WIND SPEED    22   HIGHEST WIND DIRECTION    NW (310)
  HIGHEST GUST SPEED    27   HIGHEST GUST DIRECTION    NW (310)
  AVERAGE WIND SPEED    10.7




RELATIVE HUMIDITY (PERCENT)
 HIGHEST   100          1000 PM
 LOWEST     79          1200 AM
 AVERAGE    90

..........................................................




SUNRISE AND SUNSET
DECEMBER  9 2016......SUNRISE   715 AM MST   SUNSET   406 PM MST
DECEMBER 10 2016......SUNRISE   716 AM MST   SUNSET   406 PM MST


-  INDICATES NEGATIVE NUMBERS.
R  INDICATES RECORD WAS SET OR TIED.
MM INDICATES DATA IS MISSING.
T  INDICATES TRACE AMOUNT.




$$
