000
CDUS42 KMLB 170635
CLIDAB


CLIMATE REPORT
NATIONAL WEATHER SERVICE MELBOURNE
235 AM EDT THU APR 17 2014


...................................

...THE DAYTONA BEACH CLIMATE SUMMARY FOR APRIL 16 2014...

CLIMATE NORMAL PERIOD 1981 TO 2010
CLIMATE RECORD PERIOD 1923 TO 2014


WEATHER ITEM   OBSERVED TIME   RECORD YEAR NORMAL DEPARTURE LAST
                VALUE   (LST)  VALUE       VALUE  FROM      YEAR
                                                  NORMAL
..................................................................
TEMPERATURE (F)
 YESTERDAY
  MAXIMUM         70    130 PM  92    1972  79     -9       81
                                      1936
  MINIMUM         48    642 AM  42    1952  59    -11       68
                                      1943
  AVERAGE         59                        69    -10       75

PRECIPITATION (IN)
  YESTERDAY        T             1.04 1991   0.07  -0.07     0.00
  MONTH TO DATE    1.63                      1.34   0.29     1.50
  SINCE MAR 1      6.35                      5.58   0.77     2.32
  SINCE JAN 1     12.93                     11.10   1.83     4.20

SNOWFALL (IN)
  YESTERDAY       MM
  MONTH TO DATE    0.0
  SINCE JUL 1      0.0

DEGREE DAYS
 HEATING
  YESTERDAY        6                         1      5        0
  MONTH TO DATE    9                        19    -10        2
  SINCE MAR 1     89                       116    -27      228
  SINCE JUL 1    602                       798   -196      694

 COOLING
  YESTERDAY        0                         5     -5       10
  MONTH TO DATE   83                        64     19      100
  SINCE MAR 1    142                       141      1      137
  SINCE JAN 1    226                       206     20      270
..................................................................


WIND (MPH)
  HIGHEST WIND SPEED    28   HIGHEST WIND DIRECTION     N (20)
  HIGHEST GUST SPEED    34   HIGHEST GUST DIRECTION     N (10)
  AVERAGE WIND SPEED    13.4


SKY COVER
  AVERAGE SKY COVER 0.7


WEATHER CONDITIONS
 THE FOLLOWING WEATHER WAS RECORDED YESTERDAY.
  NO SIGNIFICANT WEATHER WAS OBSERVED.


RELATIVE HUMIDITY (PERCENT)
 HIGHEST    83           100 AM
 LOWEST     61           100 PM
 AVERAGE    72

..........................................................


THE DAYTONA BEACH CLIMATE NORMALS FOR TODAY
                         NORMAL    RECORD    YEAR
 MAXIMUM TEMPERATURE (F)   79        89      1972
 MINIMUM TEMPERATURE (F)   59        39      1962


SUNRISE AND SUNSET
APRIL 17 2014.........SUNRISE   656 AM EDT   SUNSET   752 PM EDT
APRIL 18 2014.........SUNRISE   655 AM EDT   SUNSET   752 PM EDT


-  INDICATES NEGATIVE NUMBERS.
R  INDICATES RECORD WAS SET OR TIED.
MM INDICATES DATA IS MISSING.
T  INDICATES TRACE AMOUNT.




$$
