944
CDUS42 KMLB 122118
CLIDAB


CLIMATE REPORT
NATIONAL WEATHER SERVICE MELBOURNE FL
417 PM EST FRI FEB 12 2016


...................................

...THE DAYTONA BEACH CLIMATE SUMMARY FOR FEBRUARY 12 2016...
VALID TODAY AS OF 0400 PM LOCAL TIME.

CLIMATE NORMAL PERIOD 1981 TO 2010
CLIMATE RECORD PERIOD 1923 TO 2016


WEATHER ITEM   OBSERVED TIME   RECORD YEAR NORMAL DEPARTURE LAST
                VALUE   (LST)  VALUE       VALUE  FROM      YEAR
                                                  NORMAL
..................................................................
TEMPERATURE (F)
 TODAY
  MAXIMUM         76    240 PM  84    2009  70      6       72
                                      2004
  MINIMUM         46    711 AM  30    2012  50     -4       43
                                      1955
  AVERAGE         61                        60      1       58

PRECIPITATION (IN)
  TODAY            0.00          1.01 1967   0.10  -0.10     0.00
  MONTH TO DATE    2.85                      1.15   1.70     1.00
  SINCE DEC 1     10.47                      6.52   3.95     6.38
  SINCE JAN 1      9.90                      3.89   6.01     3.55

SNOWFALL (IN)
  TODAY            0.0
  MONTH TO DATE    0.0
  SINCE JUL 1      0.0

DEGREE DAYS
 HEATING
  TODAY            4                         6     -2        7
  MONTH TO DATE   97                        81     16       79
  SINCE DEC 1    365                       524   -159      392
  SINCE JUL 1    377                       598   -221      521

 COOLING
  TODAY            0                         1     -1        0
  MONTH TO DATE   21                        12      9        0
  SINCE DEC 1    243                        92    151      114
  SINCE JAN 1     34                        41     -7       31
..................................................................


WIND (MPH)
  HIGHEST WIND SPEED    23   HIGHEST WIND DIRECTION    SW (240)
  HIGHEST GUST SPEED    32   HIGHEST GUST DIRECTION    SW (240)
  AVERAGE WIND SPEED     9.2


SKY COVER
  AVERAGE SKY COVER 0.1


WEATHER CONDITIONS
 THE FOLLOWING WEATHER WAS RECORDED TODAY.
  NO SIGNIFICANT WEATHER WAS OBSERVED.


RELATIVE HUMIDITY (PERCENT)
 HIGHEST    93           500 AM
 LOWEST     43           300 PM
 AVERAGE    68

..........................................................


THE DAYTONA BEACH CLIMATE NORMALS FOR TOMORROW
                         NORMAL    RECORD    YEAR
 MAXIMUM TEMPERATURE (F)   71        86      1935
                                             1923
 MINIMUM TEMPERATURE (F)   50        29      2006


SUNRISE AND SUNSET
FEBRUARY 12 2016......SUNRISE   706 AM EST   SUNSET   611 PM EST
FEBRUARY 13 2016......SUNRISE   705 AM EST   SUNSET   612 PM EST


-  INDICATES NEGATIVE NUMBERS.
R  INDICATES RECORD WAS SET OR TIED.
MM INDICATES DATA IS MISSING.
T  INDICATES TRACE AMOUNT.




$$
