000
CDUS42 KMLB 260631
CLIDAB


CLIMATE REPORT
NATIONAL WEATHER SERVICE MELBOURNE FL
129 AM EST SUN FEB 26 2017


...................................

...THE DAYTONA BEACH CLIMATE SUMMARY FOR FEBRUARY 25 2017...

CLIMATE NORMAL PERIOD 1981 TO 2010
CLIMATE RECORD PERIOD 1923 TO 2017


WEATHER ITEM   OBSERVED TIME   RECORD YEAR NORMAL DEPARTURE LAST
                VALUE   (LST)  VALUE       VALUE  FROM      YEAR
                                                  NORMAL
..................................................................
TEMPERATURE (F)
 YESTERDAY
  MAXIMUM         81    348 PM  86    2001  72      9       65
  MINIMUM         59    654 AM  29    1989  52      7       47
  AVERAGE         70                        62      8       56

PRECIPITATION (IN)
  YESTERDAY        T             2.25 1941   0.11  -0.11     0.00
  MONTH TO DATE    2.03                      2.45  -0.42     3.66
  SINCE DEC 1      4.71                      7.82  -3.11    11.28
  SINCE JAN 1      4.01                      5.19  -1.18    10.71

SNOWFALL (IN)
  YESTERDAY        0.0
  MONTH TO DATE    0.0
  SINCE JUL 1      0.0

DEGREE DAYS
 HEATING
  YESTERDAY        0                         5     -5        9
  MONTH TO DATE   50                       151   -101      148
  SINCE DEC 1    264                       594   -330      416
  SINCE JUL 1    301                       668   -367      428

 COOLING
  YESTERDAY        5                         2      3        0
  MONTH TO DATE   45                        27     18       37
  SINCE DEC 1    220                       107    113      259
  SINCE JAN 1    112                        56     56       50
..................................................................


WIND (MPH)
  HIGHEST WIND SPEED    18   HIGHEST WIND DIRECTION    SW (240)
  HIGHEST GUST SPEED    23   HIGHEST GUST DIRECTION    SW (240)
  AVERAGE WIND SPEED     7.1


SKY COVER
  AVERAGE SKY COVER 0.5


WEATHER CONDITIONS
 THE FOLLOWING WEATHER WAS RECORDED YESTERDAY.
  LIGHT RAIN
  FOG
  FOG W/VISIBILITY <= 1/4 MILE
  HAZE


RELATIVE HUMIDITY (PERCENT)
 HIGHEST   100          1200 AM
 LOWEST     51           500 PM
 AVERAGE    76

..........................................................


THE DAYTONA BEACH CLIMATE NORMALS FOR TODAY
                         NORMAL    RECORD    YEAR
 MAXIMUM TEMPERATURE (F)   72        89      1939
 MINIMUM TEMPERATURE (F)   52        28      1967


SUNRISE AND SUNSET
FEBRUARY 26 2017......SUNRISE   652 AM EST   SUNSET   622 PM EST
FEBRUARY 27 2017......SUNRISE   651 AM EST   SUNSET   623 PM EST


-  INDICATES NEGATIVE NUMBERS.
R  INDICATES RECORD WAS SET OR TIED.
MM INDICATES DATA IS MISSING.
T  INDICATES TRACE AMOUNT.




$$
