000
CDUS42 KMLB 210631
CLIDAB


CLIMATE REPORT
NATIONAL WEATHER SERVICE MELBOURNE FL
230 AM EDT SAT OCT 21 2017


...................................

...THE DAYTONA BEACH CLIMATE SUMMARY FOR OCTOBER 20 2017...

CLIMATE NORMAL PERIOD 1981 TO 2010
CLIMATE RECORD PERIOD 1923 TO 2017


WEATHER ITEM   OBSERVED TIME   RECORD YEAR NORMAL DEPARTURE LAST
                VALUE   (LST)  VALUE       VALUE  FROM      YEAR
                                                  NORMAL
..................................................................
TEMPERATURE (F)
 YESTERDAY
  MAXIMUM         84    255 PM  93    2006  81      3       83
  MINIMUM         73    536 AM  44    1989  65      8       63
  AVERAGE         79                        73      6       73

PRECIPITATION (IN)
  YESTERDAY        0.02          2.97 1941   0.12  -0.10     0.00
  MONTH TO DATE    6.24                      3.08   3.16     7.97
  SINCE SEP 1     15.92                     10.04   5.88    16.21
  SINCE JAN 1     45.59                     43.17   2.42    43.84

SNOWFALL (IN)
  YESTERDAY        0.0
  MONTH TO DATE    0.0
  SINCE JUL 1      0.0

DEGREE DAYS
 HEATING
  YESTERDAY        0                         0      0        0
  MONTH TO DATE    0                         0      0        0
  SINCE SEP 1      0                         0      0        0
  SINCE JUL 1      0                         0      0        0

 COOLING
  YESTERDAY       14                         8      6        8
  MONTH TO DATE  303                       209     94      256
  SINCE SEP 1    785                       645    140      736
  SINCE JAN 1   3212                      2719    493     3201
..................................................................


WIND (MPH)
  HIGHEST WIND SPEED    21   HIGHEST WIND DIRECTION     E (70)
  HIGHEST GUST SPEED    26   HIGHEST GUST DIRECTION    NE (60)
  AVERAGE WIND SPEED    12.2


SKY COVER
  AVERAGE SKY COVER 0.4


WEATHER CONDITIONS
 THE FOLLOWING WEATHER WAS RECORDED YESTERDAY.
  FOG


RELATIVE HUMIDITY (PERCENT)
 HIGHEST   100          1200 AM
 LOWEST     55          1000 AM
 AVERAGE    78

..........................................................


THE DAYTONA BEACH CLIMATE NORMALS FOR TODAY
                         NORMAL    RECORD    YEAR
 MAXIMUM TEMPERATURE (F)   81        91      1946
 MINIMUM TEMPERATURE (F)   64        41      1989


SUNRISE AND SUNSET
OCTOBER 21 2017.......SUNRISE   729 AM EDT   SUNSET   648 PM EDT
OCTOBER 22 2017.......SUNRISE   730 AM EDT   SUNSET   647 PM EDT


-  INDICATES NEGATIVE NUMBERS.
R  INDICATES RECORD WAS SET OR TIED.
MM INDICATES DATA IS MISSING.
T  INDICATES TRACE AMOUNT.




$$
