000
CDUS42 KMLB 290642
CLIDAB


CLIMATE REPORT
NATIONAL WEATHER SERVICE MELBOURNE FL
131 AM EST MON DEC 29 2014


...................................

...THE DAYTONA BEACH CLIMATE SUMMARY FOR DECEMBER 28 2014...

CLIMATE NORMAL PERIOD 1981 TO 2010
CLIMATE RECORD PERIOD 1923 TO 2014


WEATHER ITEM   OBSERVED TIME   RECORD YEAR NORMAL DEPARTURE LAST
                VALUE   (LST)  VALUE       VALUE  FROM      YEAR
                                                  NORMAL
..................................................................
TEMPERATURE (F)
 YESTERDAY
  MAXIMUM         81    345 PM  83    1988  69     12       76
  MINIMUM         64    658 AM  24    2010  48     16       65
  AVERAGE         73                        58     15       71

PRECIPITATION (IN)
  YESTERDAY        0.00          1.57 1978   0.08  -0.08     0.14
  MONTH TO DATE    2.78                      2.37   0.41     1.44
  SINCE DEC 1      2.78                      2.37   0.41     1.44
  SINCE JAN 1     63.77                     49.36  14.41    47.80

SNOWFALL (IN)
  YESTERDAY        0.0
  MONTH TO DATE    0.0
  SINCE JUL 1      0.0

DEGREE DAYS
 HEATING
  YESTERDAY        0                         8     -8        0
  MONTH TO DATE  114                       168    -54       65
  SINCE DEC 1    114                       168    -54       65
  SINCE JUL 1    243                       242      1       96

 COOLING
  YESTERDAY        8                         1      7        6
  MONTH TO DATE   76                        44     32      107
  SINCE DEC 1     76                        44     32      107
  SINCE JAN 1   3058                      2956    102     3249
..................................................................


WIND (MPH)
  HIGHEST WIND SPEED    12   HIGHEST WIND DIRECTION    SW (220)
  HIGHEST GUST SPEED    15   HIGHEST GUST DIRECTION    SW (230)
  AVERAGE WIND SPEED     2.4


SKY COVER
  AVERAGE SKY COVER 0.7


WEATHER CONDITIONS
 THE FOLLOWING WEATHER WAS RECORDED YESTERDAY.
  FOG
  FOG W/VISIBILITY <= 1/4 MILE


RELATIVE HUMIDITY (PERCENT)
 HIGHEST   100           300 AM
 LOWEST     62           200 PM
 AVERAGE    81

..........................................................


THE DAYTONA BEACH CLIMATE NORMALS FOR TODAY
                         NORMAL    RECORD    YEAR
 MAXIMUM TEMPERATURE (F)   69        83      1946
 MINIMUM TEMPERATURE (F)   48        26      2010


SUNRISE AND SUNSET
DECEMBER 29 2014......SUNRISE   717 AM EST   SUNSET   535 PM EST
DECEMBER 30 2014......SUNRISE   718 AM EST   SUNSET   536 PM EST


-  INDICATES NEGATIVE NUMBERS.
R  INDICATES RECORD WAS SET OR TIED.
MM INDICATES DATA IS MISSING.
T  INDICATES TRACE AMOUNT.




$$
