163
CDUS42 KMLB 160626
CLIDAB


CLIMATE REPORT
NATIONAL WEATHER SERVICE MELBOURNE FL
226 AM EDT WED AUG 16 2017


...................................

...THE DAYTONA BEACH CLIMATE SUMMARY FOR AUGUST 15 2017...

CLIMATE NORMAL PERIOD 1981 TO 2010
CLIMATE RECORD PERIOD 1923 TO 2017


WEATHER ITEM   OBSERVED TIME   RECORD YEAR NORMAL DEPARTURE LAST
                VALUE   (LST)  VALUE       VALUE  FROM      YEAR
                                                  NORMAL
..................................................................
TEMPERATURE (F)
 YESTERDAY
  MAXIMUM         92   1142 AM  95    2010  90      2       92
                                      1999
                                      1997
  MINIMUM         76    325 AM  66    1939  74      2       78
  AVERAGE         84                        82      2       85

PRECIPITATION (IN)
  YESTERDAY        0.05          2.70 1991   0.19  -0.14     0.00
  MONTH TO DATE    2.58                      2.92  -0.34     1.08
  SINCE JUN 1     18.00                     14.58   3.42     5.36
  SINCE JAN 1     26.23                     29.65  -3.42    25.36

SNOWFALL (IN)
  YESTERDAY        0.0
  MONTH TO DATE    0.0
  SINCE JUL 1      0.0

DEGREE DAYS
 HEATING
  YESTERDAY        0                         0      0        0
  MONTH TO DATE    0                         0      0        0
  SINCE JUN 1      0                         0      0        0
  SINCE JUL 1      0                         0      0        0

 COOLING
  YESTERDAY       19                        17      2       20
  MONTH TO DATE  286                       255     31      280
  SINCE JUN 1   1318                      1217    101     1382
  SINCE JAN 1   2135                      1818    317     2156
..................................................................


WIND (MPH)
  HIGHEST WIND SPEED    24   HIGHEST WIND DIRECTION    SW (240)
  HIGHEST GUST SPEED    30   HIGHEST GUST DIRECTION    SW (240)
  AVERAGE WIND SPEED     6.0


SKY COVER
  AVERAGE SKY COVER 0.4


WEATHER CONDITIONS
 THE FOLLOWING WEATHER WAS RECORDED YESTERDAY.
  THUNDERSTORM
  LIGHT RAIN
  FOG


RELATIVE HUMIDITY (PERCENT)
 HIGHEST   100          1200 AM
 LOWEST     60           400 PM
 AVERAGE    80

..........................................................


THE DAYTONA BEACH CLIMATE NORMALS FOR TODAY
                         NORMAL    RECORD    YEAR
 MAXIMUM TEMPERATURE (F)   90        95      1984
                                             1957
                                             1945
 MINIMUM TEMPERATURE (F)   73        66      1938


SUNRISE AND SUNSET
AUGUST 16 2017........SUNRISE   653 AM EDT   SUNSET   803 PM EDT
AUGUST 17 2017........SUNRISE   654 AM EDT   SUNSET   802 PM EDT


-  INDICATES NEGATIVE NUMBERS.
R  INDICATES RECORD WAS SET OR TIED.
MM INDICATES DATA IS MISSING.
T  INDICATES TRACE AMOUNT.




$$
