000
CDUS42 KMLB 272148
CLIDAB


CLIMATE REPORT
NATIONAL WEATHER SERVICE MELBOURNE FL
446 PM EST THU NOV 27 2014


...................................

...THE DAYTONA BEACH CLIMATE SUMMARY FOR NOVEMBER 27 2014...
VALID TODAY AS OF 400 PM LOCAL TIME.

CLIMATE NORMAL PERIOD 1981 TO 2010
CLIMATE RECORD PERIOD 1923 TO 2014


WEATHER ITEM   OBSERVED TIME   RECORD YEAR NORMAL DEPARTURE LAST
                VALUE   (LST)  VALUE       VALUE  FROM      YEAR
                                                  NORMAL
..................................................................
TEMPERATURE (F)
 TODAY
  MAXIMUM         66    322 PM  88    1948  74     -8       74
  MINIMUM         46    726 AM  34    1956  55     -9       42
  AVERAGE         56                        64     -8       58

PRECIPITATION (IN)
  TODAY            0.00          0.46 1980   0.09  -0.09     0.46
                                      1980
                                      2013
  MONTH TO DATE    9.09                      2.43   6.66     3.11
  SINCE SEP 1     27.82                     13.60  14.22    11.14
  SINCE JAN 1     60.99                     46.73  14.26    46.36

SNOWFALL (IN)
  TODAY            0.0
  MONTH TO DATE    0.0
  SINCE JUL 1      0.0

DEGREE DAYS
 HEATING
  TODAY            9                         3      6        7
  MONTH TO DATE  106                        54     52        9
  SINCE SEP 1    106                        62     44       10
  SINCE JUL 1    106                        62     44       10

 COOLING
  TODAY            0                         3     -3        0
  MONTH TO DATE   74                       109    -35      179
  SINCE SEP 1    790                       831    -41      943
  SINCE JAN 1   2982                      2905     77     3139
..................................................................


WIND (MPH)
  HIGHEST WIND SPEED    17   HIGHEST WIND DIRECTION    NW (310)
  HIGHEST GUST SPEED    23   HIGHEST GUST DIRECTION    NW (320)
  AVERAGE WIND SPEED     8.0


SKY COVER
  AVERAGE SKY COVER 0.0


WEATHER CONDITIONS
 THE FOLLOWING WEATHER WAS RECORDED TODAY.
  NO SIGNIFICANT WEATHER WAS OBSERVED.


RELATIVE HUMIDITY (PERCENT)
 HIGHEST    93          1200 AM
 LOWEST     34           300 PM
 AVERAGE    64

..........................................................


THE DAYTONA BEACH CLIMATE NORMALS FOR TOMORROW
                         NORMAL    RECORD    YEAR
 MAXIMUM TEMPERATURE (F)   74        89      1948
 MINIMUM TEMPERATURE (F)   54        32      1956


SUNRISE AND SUNSET
NOVEMBER 27 2014......SUNRISE   657 AM EST   SUNSET   526 PM EST
NOVEMBER 28 2014......SUNRISE   658 AM EST   SUNSET   526 PM EST


-  INDICATES NEGATIVE NUMBERS.
R  INDICATES RECORD WAS SET OR TIED.
MM INDICATES DATA IS MISSING.
T  INDICATES TRACE AMOUNT.

&&

DAYTONA BEACH SURF TEMPERATURE 68

$$
