000
CDUS41 KRNK 160930
CLIDAN


CLIMATE REPORT
NATIONAL WEATHER SERVICE BLACKSBURG VA
429 AM EST MON JAN 16 2017


...................................

...THE DANVILLE VA CLIMATE SUMMARY FOR JANUARY 15 2017...

CLIMATE NORMAL PERIOD 1981 TO 2010
CLIMATE RECORD PERIOD 1948 TO 2017


WEATHER ITEM   OBSERVED TIME   RECORD YEAR NORMAL DEPARTURE LAST
                VALUE   (LST)  VALUE       VALUE  FROM      YEAR
                                                  NORMAL
..................................................................
TEMPERATURE (F)
 YESTERDAY
  MAXIMUM         54    340 PM  74    1952  46      8       46
  MINIMUM         41    236 AM   8    1964  29     12       30
  AVERAGE         48                        37     11       38

PRECIPITATION (IN)
  YESTERDAY        0.00          0.97 2013   0.11  -0.11     0.95
  MONTH TO DATE    1.96                      1.66   0.30     1.38
  SINCE DEC 1      3.58                      4.93  -1.35     6.94
  SINCE JAN 1      1.96                      1.66   0.30     1.38

SNOWFALL (IN)
  YESTERDAY        0.0                                       0.0
  MONTH TO DATE    8.8                                       0.0
  SINCE DEC 1      8.8                                       0.0
  SINCE JUL 1      8.8                                       0.0
  SNOW DEPTH       0

DEGREE DAYS
 HEATING
  YESTERDAY       17                        28    -11       27
  MONTH TO DATE  399                       415    -16      403
  SINCE DEC 1   1133                      1188    -55      794
  SINCE JUL 1   1703                      1897   -194     1336

 COOLING
  YESTERDAY        0                         0      0        0
  MONTH TO DATE    0                         0      0        0
  SINCE DEC 1      0                         0      0       11
  SINCE JAN 1      0                         0      0        0
..................................................................


WIND (MPH)
  HIGHEST WIND SPEED    12   HIGHEST WIND DIRECTION    NE (50)
  HIGHEST GUST SPEED    15   HIGHEST GUST DIRECTION     E (70)
  AVERAGE WIND SPEED     4.9


SKY COVER
  AVERAGE SKY COVER 0.9


WEATHER CONDITIONS
 THE FOLLOWING WEATHER WAS RECORDED YESTERDAY.
  NO SIGNIFICANT WEATHER WAS OBSERVED.


RELATIVE HUMIDITY (PERCENT)
 HIGHEST    92           400 AM
 LOWEST     66           200 PM
 AVERAGE    79

..........................................................


THE DANVILLE VA CLIMATE NORMALS FOR TODAY
                         NORMAL    RECORD    YEAR
 MAXIMUM TEMPERATURE (F)   46        73      1953
 MINIMUM TEMPERATURE (F)   29         3      1972


SUNRISE AND SUNSET
JANUARY 16 2017.......SUNRISE   728 AM EST   SUNSET   527 PM EST
JANUARY 17 2017.......SUNRISE   728 AM EST   SUNSET   528 PM EST


-  INDICATES NEGATIVE NUMBERS.
R  INDICATES RECORD WAS SET OR TIED.
MM INDICATES DATA IS MISSING.
T  INDICATES TRACE AMOUNT.




$$
