000
CDUS41 KRNK 182204
CLIDAN


CLIMATE REPORT
NATIONAL WEATHER SERVICE BLACKSBURG VA
504 PM EST SUN FEB 18 2018


...................................

...THE DANVILLE VA CLIMATE SUMMARY FOR FEBRUARY 18 2018...
VALID TODAY AS OF 0500 PM LOCAL TIME.

CLIMATE NORMAL PERIOD 1981 TO 2010
CLIMATE RECORD PERIOD 1948 TO 2018


WEATHER ITEM   OBSERVED TIME   RECORD YEAR NORMAL DEPARTURE LAST
                VALUE   (LST)  VALUE       VALUE  FROM      YEAR
                                                  NORMAL
..................................................................
TEMPERATURE (F)
 TODAY
  MAXIMUM         58    248 PM  77    2011  51      7       74
                                      1976
  MINIMUM         35    722 AM   3    1958  32      3       32
  AVERAGE         47                        42      5       53

PRECIPITATION (IN)
  TODAY            0.00          1.24 1967   0.12  -0.12     0.00
  MONTH TO DATE    2.08                      2.02   0.06     0.69
  SINCE DEC 1      5.65                      8.71  -3.06     6.19
  SINCE JAN 1      4.91                      5.44  -0.53     4.57

SNOWFALL (IN)
  TODAY            0.0                                       0.0
  MONTH TO DATE    T                                          T
  SINCE DEC 1     13.7                                       8.8
  SINCE JUL 1     13.7                                       8.8
  SNOW DEPTH       0

DEGREE DAYS
 HEATING
  TODAY           18                        24     -6       12
  MONTH TO DATE  384                       452    -68      330
  SINCE DEC 1   1845                      2071   -226     1770
  SINCE JUL 1   2567                      2780   -213     2340

 COOLING
  TODAY            0                         0      0        0
  MONTH TO DATE    0                         0      0        5
  SINCE DEC 1      0                         0      0        5
  SINCE JAN 1      0                         0      0        5
..................................................................


WIND (MPH)
  HIGHEST WIND SPEED    15   HIGHEST WIND DIRECTION     N (340)
  HIGHEST GUST SPEED    20   HIGHEST GUST DIRECTION     N (340)
  AVERAGE WIND SPEED     6.0


SKY COVER
  AVERAGE SKY COVER 0.5


WEATHER CONDITIONS
 THE FOLLOWING WEATHER WAS RECORDED TODAY.
  FOG
  FOG W/VISIBILITY <= 1/4 MILE


RELATIVE HUMIDITY (PERCENT)
 HIGHEST   100          1200 AM
 LOWEST     40           200 PM
 AVERAGE    70

..........................................................


THE DANVILLE VA CLIMATE NORMALS FOR TOMORROW
                         NORMAL    RECORD    YEAR
 MAXIMUM TEMPERATURE (F)   51        73      1981
 MINIMUM TEMPERATURE (F)   32         9      2015


SUNRISE AND SUNSET
FEBRUARY 18 2018......SUNRISE   702 AM EST   SUNSET   601 PM EST
FEBRUARY 19 2018......SUNRISE   701 AM EST   SUNSET   602 PM EST


-  INDICATES NEGATIVE NUMBERS.
R  INDICATES RECORD WAS SET OR TIED.
MM INDICATES DATA IS MISSING.
T  INDICATES TRACE AMOUNT.

REMARKS:
DUE TO MISSING DATA FROM JANUARY 4-9 AND 21-22...ALL INFORMATION
WILL BE CALCULATED WITHOUT DATA FROM THESE DATES.


$$
