000
CDUS41 KRNK 252106
CLIDAN


CLIMATE REPORT
NATIONAL WEATHER SERVICE BLACKSBURG VA
505 PM EDT SAT MAR 25 2017


...................................

...THE DANVILLE VA CLIMATE SUMMARY FOR MARCH 25 2017...
VALID TODAY AS OF 0500 PM LOCAL TIME.

CLIMATE NORMAL PERIOD 1981 TO 2010
CLIMATE RECORD PERIOD 1948 TO 2017


WEATHER ITEM   OBSERVED TIME   RECORD YEAR NORMAL DEPARTURE LAST
                VALUE   (LST)  VALUE       VALUE  FROM      YEAR
                                                  NORMAL
..................................................................
TEMPERATURE (F)
 TODAY
  MAXIMUM         75    208 PM  84    1959  62     13       78
  MINIMUM         51    600 AM  22    1956  41     10       58
  AVERAGE         63                        52     11       68

PRECIPITATION (IN)
  TODAY            0.00          1.35 1984   0.15  -0.15     0.05
  MONTH TO DATE    1.39                      3.12  -1.73     1.02
  SINCE MAR 1      1.39                      3.12  -1.73     1.02
  SINCE JAN 1      6.16                      9.55  -3.39     7.87

SNOWFALL (IN)
  TODAY            0.0                                       0.0
  MONTH TO DATE    T                                         0.0
  SINCE MAR 1      T                                         0.0
  SINCE JUL 1      8.8                                      11.1
  SNOW DEPTH       0

DEGREE DAYS
 HEATING
  TODAY            2                        14    -12        0
  MONTH TO DATE  463                       435     28      245
  SINCE MAR 1    463                       435     28      245
  SINCE JUL 1   2919                      3436   -517     2707

 COOLING
  TODAY            0                         0      0        3
  MONTH TO DATE    1                         0      1       21
  SINCE MAR 1      1                         0      1       21
  SINCE JAN 1      6                         0      6       21
..................................................................


WIND (MPH)
  HIGHEST WIND SPEED    21   HIGHEST WIND DIRECTION    SW (230)
  HIGHEST GUST SPEED    31   HIGHEST GUST DIRECTION    SW (230)
  AVERAGE WIND SPEED     8.7


SKY COVER
  AVERAGE SKY COVER 0.0


WEATHER CONDITIONS
 THE FOLLOWING WEATHER WAS RECORDED TODAY.
  NO SIGNIFICANT WEATHER WAS OBSERVED.


RELATIVE HUMIDITY (PERCENT)
 HIGHEST    83          1200 AM
 LOWEST     44           100 PM
 AVERAGE    64

..........................................................


THE DANVILLE VA CLIMATE NORMALS FOR TOMORROW
                         NORMAL    RECORD    YEAR
 MAXIMUM TEMPERATURE (F)   63        80      2003
 MINIMUM TEMPERATURE (F)   41        25      1983


SUNRISE AND SUNSET
MARCH 25 2017.........SUNRISE   713 AM EDT   SUNSET   734 PM EDT
MARCH 26 2017.........SUNRISE   712 AM EDT   SUNSET   735 PM EDT


-  INDICATES NEGATIVE NUMBERS.
R  INDICATES RECORD WAS SET OR TIED.
MM INDICATES DATA IS MISSING.
T  INDICATES TRACE AMOUNT.


$$

PW
