000
CDUS41 KRNK 290541 CCA
CLIDAN

CLIMATE REPORT...CORRECTED PRECIPITATION
NATIONAL WEATHER SERVICE BLACKSBURG VA
121 AM EDT FRI APR 29 2016


...................................

...THE DANVILLE VA CLIMATE SUMMARY FOR APRIL 28 2016...

CLIMATE NORMAL PERIOD 1981 TO 2010
CLIMATE RECORD PERIOD 1948 TO 2016


WEATHER ITEM   OBSERVED TIME   RECORD YEAR NORMAL DEPARTURE LAST
                VALUE   (LST)  VALUE       VALUE  FROM      YEAR
                                                  NORMAL
..................................................................
TEMPERATURE (F)
 YESTERDAY
  MAXIMUM         80    348 PM  95    1990  74      6       69
  MINIMUM         58   1159 PM  32    2004  50      8       37
  AVERAGE         69                        62      7       53

PRECIPITATION (IN)
  YESTERDAY        0.59          1.89 1958   0.10   0.49     0.00
  MONTH TO DATE    2.62                      3.25  -0.63     2.68
  SINCE MAR 1      4.95                      7.36  -2.41     4.80
  SINCE JAN 1     11.80                     13.79  -1.99     8.59

SNOWFALL (IN)
  YESTERDAY        0.0                                       0.0
  MONTH TO DATE    0.0                                       0.0
  SINCE MAR 1      0.0                                        T
  SINCE JUL 1     11.1                                       9.8
  SNOW DEPTH       0

DEGREE DAYS
 HEATING
  YESTERDAY        0                         5     -5       12
  MONTH TO DATE  220                       222     -2      169
  SINCE MAR 1    513                       732   -219      641
  SINCE JUL 1   2975                      3733   -758     3735

 COOLING
  YESTERDAY        4                         1      3        0
  MONTH TO DATE   23                        27     -4       34
  SINCE MAR 1     44                        30     14       34
  SINCE JAN 1     44                        30     14       34
..................................................................


WIND (MPH)
  HIGHEST WIND SPEED    15   HIGHEST WIND DIRECTION    NE (40)
  HIGHEST GUST SPEED    19   HIGHEST GUST DIRECTION    NE (40)
  AVERAGE WIND SPEED     5.0


SKY COVER
  AVERAGE SKY COVER 0.8


WEATHER CONDITIONS
 THE FOLLOWING WEATHER WAS RECORDED YESTERDAY.
  THUNDERSTORM
  HEAVY RAIN
  RAIN
  LIGHT RAIN
  FOG


RELATIVE HUMIDITY (PERCENT)
 HIGHEST   100           200 AM
 LOWEST     62           300 PM
 AVERAGE    81

..........................................................


THE DANVILLE VA CLIMATE NORMALS FOR TODAY
                         NORMAL    RECORD    YEAR
 MAXIMUM TEMPERATURE (F)   74        91      1981
 MINIMUM TEMPERATURE (F)   50        35      2010
                                             1973


SUNRISE AND SUNSET
APRIL 29 2016.........SUNRISE   625 AM EDT   SUNSET   804 PM EDT
APRIL 30 2016.........SUNRISE   624 AM EDT   SUNSET   805 PM EDT


-  INDICATES NEGATIVE NUMBERS.
R  INDICATES RECORD WAS SET OR TIED.
MM INDICATES DATA IS MISSING.
T  INDICATES TRACE AMOUNT.

REMARKS:

DUE TO A SENSOR FAILURE CAUSING MISSING TEMPERATURES ON FEBRUARY
25...THE SEASONAL HEATING DEGREE DAY TOTAL AND DEPARTURE FROM
NORMAL WILL BE CALCULATED WITHOUT DATA FROM THIS DATE.

$$
