000
CDUS41 KRNK 271349
CLIDAN

CLIMATE REPORT...CORRECTED
NATIONAL WEATHER SERVICE BLACKSBURG VA
849 AM EST FRI FEB 27 2015


...................................

...THE DANVILLE VA CLIMATE SUMMARY FOR FEBRUARY 26 2015...

CLIMATE NORMAL PERIOD 1981 TO 2010
CLIMATE RECORD PERIOD 1948 TO 2015


WEATHER ITEM   OBSERVED TIME   RECORD YEAR NORMAL DEPARTURE LAST
                VALUE   (LST)  VALUE       VALUE  FROM      YEAR
                                                  NORMAL
..................................................................
TEMPERATURE (F)
 YESTERDAY
  MAXIMUM         38    347 PM  79    2000  53    -15       49
  MINIMUM         27   1028 PM   8    1967  34     -7       28
  AVERAGE         33                        43    -10

PRECIPITATION (IN)
  YESTERDAY        0.31          1.07 1992   0.09   0.22     0.00
  MONTH TO DATE    2.28                      2.81  -0.53     1.83
  SINCE DEC 1      6.46                      9.50  -3.04     9.35
  SINCE JAN 1      3.79                      6.23  -2.44     5.12

SNOWFALL (IN)
  YESTERDAY        6.3
  MONTH TO DATE    9.8
  SINCE DEC 1      9.8
  SINCE JUL 1      9.8
  SNOW DEPTH       4

DEGREE DAYS
 HEATING
  YESTERDAY       32                        22     10
  MONTH TO DATE  771                       632    139
  SINCE DEC 1   2265                      2251     14
  SINCE JUL 1   3025                      2960     65

 COOLING
  YESTERDAY        0                         0      0
  MONTH TO DATE    0                         0      0
  SINCE DEC 1      0                         0      0
  SINCE JAN 1      0                         0      0
..................................................................


WIND (MPH)
  HIGHEST WIND SPEED    18   HIGHEST WIND DIRECTION    NE (30)
  HIGHEST GUST SPEED    25   HIGHEST GUST DIRECTION     N (10)
  AVERAGE WIND SPEED     5.5


SKY COVER
  POSSIBLE SUNSHINE  MM
  AVERAGE SKY COVER 0.9


WEATHER CONDITIONS
 THE FOLLOWING WEATHER WAS RECORDED YESTERDAY.
  LIGHT SNOW
  FOG


RELATIVE HUMIDITY (PERCENT)
 HIGHEST    92           200 AM
 LOWEST     64           400 PM
 AVERAGE    78

..........................................................


THE DANVILLE VA CLIMATE NORMALS FOR TODAY
                         NORMAL    RECORD    YEAR
 MAXIMUM TEMPERATURE (F)   53        85      1977
 MINIMUM TEMPERATURE (F)   34         8      1963


SUNRISE AND SUNSET
FEBRUARY 27 2015......SUNRISE   651 AM EST   SUNSET   610 PM EST
FEBRUARY 28 2015......SUNRISE   650 AM EST   SUNSET   611 PM EST


-  INDICATES NEGATIVE NUMBERS.
R  INDICATES RECORD WAS SET OR TIED.
MM INDICATES DATA IS MISSING.
T  INDICATES TRACE AMOUNT.


REMARKS:
DUE TO AN EQUIPMENT FAILURE CAUSING MISSING TEMPERATURE DATA ON
FEBRUARY 15...ALL TEMPERATURE DATA AND HDD WILL BE CALCULATED
WITHOUT DATA FROM THIS DATE.


$$

PW
