000
CDUS41 KRNK 292113
CLIDAN


CLIMATE REPORT
NATIONAL WEATHER SERVICE BLACKSBURG VA
512 PM EDT SUN MAR 29 2015


...................................

...THE DANVILLE VA CLIMATE SUMMARY FOR MARCH 29 2015...
VALID TODAY AS OF 0500 PM LOCAL TIME.

CLIMATE NORMAL PERIOD 1981 TO 2010
CLIMATE RECORD PERIOD 1948 TO 2015


WEATHER ITEM   OBSERVED TIME   RECORD YEAR NORMAL DEPARTURE LAST
                VALUE   (LST)  VALUE       VALUE  FROM      YEAR
                                                  NORMAL
..................................................................
TEMPERATURE (F)
 TODAY
  MAXIMUM         52    400 PM  85    1985  64    -12       65
  MINIMUM         21R   606 AM  23    1982  42    -21       53
  AVERAGE         37                        53    -16

PRECIPITATION (IN)
  TODAY            0.00          1.63 1984   0.17  -0.17     0.11
  MONTH TO DATE    2.12                      3.79  -1.67     3.16
  SINCE MAR 1      2.12                      3.79  -1.67     3.16
  SINCE JAN 1      5.91                     10.22  -4.31     8.28

SNOWFALL (IN)
  TODAY            0.0
  MONTH TO DATE    T
  SINCE MAR 1      T
  SINCE JUL 1      9.8
  SNOW DEPTH       0

DEGREE DAYS
 HEATING
  TODAY           28                        12     16
  MONTH TO DATE  452                       486    -34
  SINCE MAR 1    452                       486    -34
  SINCE JUL 1   3546                      3487     59

 COOLING
  TODAY            0                         0      0
  MONTH TO DATE    0                         0      0
  SINCE MAR 1      0                         0      0
  SINCE JAN 1      0                         0      0
..................................................................


WIND (MPH)
  HIGHEST WIND SPEED    10   HIGHEST WIND DIRECTION     N (340)
  HIGHEST GUST SPEED    16   HIGHEST GUST DIRECTION     N (360)
  AVERAGE WIND SPEED     3.3


SKY COVER
  POSSIBLE SUNSHINE  MM
  AVERAGE SKY COVER 0.0


WEATHER CONDITIONS
 THE FOLLOWING WEATHER WAS RECORDED TODAY.
  NO SIGNIFICANT WEATHER WAS OBSERVED.


RELATIVE HUMIDITY (PERCENT)
 HIGHEST    68           300 AM
 LOWEST     16           300 PM
 AVERAGE    42

..........................................................


THE DANVILLE VA CLIMATE NORMALS FOR TOMORROW
                         NORMAL    RECORD    YEAR
 MAXIMUM TEMPERATURE (F)   64        88      1985
 MINIMUM TEMPERATURE (F)   42        23      1964


SUNRISE AND SUNSET
MARCH 29 2015.........SUNRISE   708 AM EDT   SUNSET   737 PM EDT
MARCH 30 2015.........SUNRISE   707 AM EDT   SUNSET   738 PM EDT


-  INDICATES NEGATIVE NUMBERS.
R  INDICATES RECORD WAS SET OR TIED.
MM INDICATES DATA IS MISSING.
T  INDICATES TRACE AMOUNT.


REMARKS:
DUE TO EQUIPMENT FAILURE RESULTING IN MISSING TEMPERATURE DATA ON
FEBRUARY 15...THE SEASONAL TOTAL AND DEPARTURE FROM NORMAL FOR HDD
WILL BE CALCULATED WITHOUT DATA FROM THIS DATE. ALSO...DUE TO A
TIPPING BUCKET FAILURE RESULTING IN MISSING PRECIPITATION DATA ON
MARCH 14 AND 19-20...ALL TOTALS AND DEPARTURES FROM NORMAL FOR
PRECIPITATION WILL BE CALCULATED WITHOUT DATA FROM THOSE DATES.


$$

PW
