000
CDUS41 KRNK 242111
CLIDAN


CLIMATE REPORT
NATIONAL WEATHER SERVICE BLACKSBURG VA
507 PM EDT TUE MAY 24 2016


...................................

...THE DANVILLE VA CLIMATE SUMMARY FOR MAY 24 2016...
VALID TODAY AS OF 0500 PM LOCAL TIME.

CLIMATE NORMAL PERIOD 1981 TO 2010
CLIMATE RECORD PERIOD 1948 TO 2016


WEATHER ITEM   OBSERVED TIME   RECORD YEAR NORMAL DEPARTURE LAST
                VALUE   (LST)  VALUE       VALUE  FROM      YEAR
                                                  NORMAL
..................................................................
TEMPERATURE (F)
 TODAY
  MAXIMUM         81    252 PM  93    1964  79      2       82
  MINIMUM         50    458 AM  41    2006  58     -8       50
                                      1961
  AVERAGE         66                        68     -2       66

PRECIPITATION (IN)
  TODAY            0.00          1.37 2011   0.13  -0.13     0.00
  MONTH TO DATE    7.22                      2.90   4.32     1.09
  SINCE MAR 1     12.35                     10.47   1.88     6.06
  SINCE JAN 1     19.20                     16.90   2.30     9.85

SNOWFALL (IN)
  TODAY            0.0                                       0.0
  MONTH TO DATE    0.0                                       0.0
  SINCE MAR 1      0.0                                        T
  SINCE JUL 1     11.1                                       9.8
  SNOW DEPTH       0

DEGREE DAYS
 HEATING
  TODAY            0                         1     -1        0
  MONTH TO DATE   79                        62     17       24
  SINCE MAR 1    599                       804   -205      680
  SINCE JUL 1   3061                      3805   -744     3774

 COOLING
  TODAY            1                         5     -4        1
  MONTH TO DATE   39                        72    -33      119
  SINCE MAR 1     86                       106    -20      153
  SINCE JAN 1     86                       106    -20      153
..................................................................


WIND (MPH)
  HIGHEST WIND SPEED    13   HIGHEST WIND DIRECTION     W (280)
  HIGHEST GUST SPEED    20   HIGHEST GUST DIRECTION     W (280)
  AVERAGE WIND SPEED     5.2


SKY COVER
  AVERAGE SKY COVER 0.0


WEATHER CONDITIONS
 THE FOLLOWING WEATHER WAS RECORDED TODAY.
  NO SIGNIFICANT WEATHER WAS OBSERVED.


RELATIVE HUMIDITY (PERCENT)
 HIGHEST   100           200 AM
 LOWEST     39           300 PM
 AVERAGE    70

..........................................................


THE DANVILLE VA CLIMATE NORMALS FOR TOMORROW
                         NORMAL    RECORD    YEAR
 MAXIMUM TEMPERATURE (F)   79        93      1970
 MINIMUM TEMPERATURE (F)   58        40      2013


SUNRISE AND SUNSET
MAY 24 2016...........SUNRISE   604 AM EDT   SUNSET   825 PM EDT
MAY 25 2016...........SUNRISE   603 AM EDT   SUNSET   826 PM EDT


-  INDICATES NEGATIVE NUMBERS.
R  INDICATES RECORD WAS SET OR TIED.
MM INDICATES DATA IS MISSING.
T  INDICATES TRACE AMOUNT.

REMARKS:
DUE TO A SENSOR FAILURE CAUSING MISSING TEMPERATURES ON FEBRUARY
25...THE SEASONAL HEATING DEGREE DAY TOTAL AND DEPARTURE FROM
NORMAL WILL BE CALCULATED WITHOUT DATA FROM THIS DATE.



$$
