000
CDUS41 KRNK 010643
CLIDAN


CLIMATE REPORT
NATIONAL WEATHER SERVICE BLACKSBURG VA
241 AM EDT WED JUL 1 2015


...................................

...THE DANVILLE VA CLIMATE SUMMARY FOR JUNE 30 2015...

CLIMATE NORMAL PERIOD 1981 TO 2010
CLIMATE RECORD PERIOD 1948 TO 2015


WEATHER ITEM   OBSERVED TIME   RECORD YEAR NORMAL DEPARTURE LAST
                VALUE   (LST)  VALUE       VALUE  FROM      YEAR
                                                  NORMAL
..................................................................
TEMPERATURE (F)
 YESTERDAY
  MAXIMUM         89    332 PM 103    1959  88      1       92
  MINIMUM         64    522 AM  55    1981  68     -4       62
  AVERAGE         77                        78     -1       77

PRECIPITATION (IN)
  YESTERDAY        0.04          0.67 1994   0.11  -0.07     0.00
  MONTH TO DATE    8.12                      3.85   4.27     1.23
  SINCE JUN 1      8.12                      3.85   4.27     1.23
  SINCE JAN 1     18.00                     21.73  -3.73    19.79

SNOWFALL (IN)
  YESTERDAY        0.0                                       0.0
  MONTH TO DATE    0.0                                       0.0
  SINCE JUN 1      0.0                                       0.0
  SINCE JUL 1      9.8                                      13.4
  SNOW DEPTH       0

DEGREE DAYS
 HEATING
  YESTERDAY        0                         0      0        0
  MONTH TO DATE    5                         0      5        0
  SINCE JUN 1      5                         3      2        0
  SINCE JUL 1   3779                      3814    -35     3894

 COOLING
  YESTERDAY       12                        13     -1       12
  MONTH TO DATE  378                       297     81      345
  SINCE JUN 1    378                       297     81      345
  SINCE JAN 1    605                       441    164      506
..................................................................


WIND (MPH)
  HIGHEST WIND SPEED    15   HIGHEST WIND DIRECTION     S (170)
  HIGHEST GUST SPEED    27   HIGHEST GUST DIRECTION    SE (140)
  AVERAGE WIND SPEED     3.1


SKY COVER
  AVERAGE SKY COVER 0.1


WEATHER CONDITIONS
 THE FOLLOWING WEATHER WAS RECORDED YESTERDAY.
  THUNDERSTORM
  LIGHT RAIN


RELATIVE HUMIDITY (PERCENT)
 HIGHEST    93           200 AM
 LOWEST     46           400 PM
 AVERAGE    70

..........................................................


THE DANVILLE VA CLIMATE NORMALS FOR TODAY
                         NORMAL    RECORD    YEAR
 MAXIMUM TEMPERATURE (F)   88       100      2012
                                             1990
 MINIMUM TEMPERATURE (F)   68        55      1988


SUNRISE AND SUNSET
JULY  1 2015..........SUNRISE   603 AM EDT   SUNSET   840 PM EDT
JULY  2 2015..........SUNRISE   603 AM EDT   SUNSET   840 PM EDT


-  INDICATES NEGATIVE NUMBERS.
R  INDICATES RECORD WAS SET OR TIED.
MM INDICATES DATA IS MISSING.
T  INDICATES TRACE AMOUNT.

REMARKS:
DUE TO EQUIPMENT FAILURE CAUSING MISSING TEMPERATURES ON FEBRUARY
15...THE SEASONAL HEATING DEGREE DAY TOTAL AND DEPARTURE FROM NORMAL
WILL BE CALCULATED WITHOUT DATA FROM THIS DATE.

ALSO...DUE TO A TIPPING BUCKET FAILURE CAUSING MISSING PRECIPITATION
ON MARCH 14 AND 19-20...THE ANNUAL PRECIPITATION TOTAL AND DEPARTURE
FROM NORMAL WILL BE CALCULATED WITHOUT DATA FROM THESE DATES.


$$

RAB
