000
CDUS41 KRNK 040808
CLIDAN


CLIMATE REPORT
NATIONAL WEATHER SERVICE BLACKSBURG VA
306 AM EST SUN DEC 4 2016


...................................

...THE DANVILLE VA CLIMATE SUMMARY FOR DECEMBER 3 2016...

CLIMATE NORMAL PERIOD 1981 TO 2010
CLIMATE RECORD PERIOD 1948 TO 2016


WEATHER ITEM   OBSERVED TIME   RECORD YEAR NORMAL DEPARTURE LAST
                VALUE   (LST)  VALUE       VALUE  FROM      YEAR
                                                  NORMAL
..................................................................
TEMPERATURE (F)
 YESTERDAY
  MAXIMUM         50    319 PM  78    1991  53     -3       52
  MINIMUM         31    455 AM  16    1960  33     -2       31
  AVERAGE         41                        43     -2       42

PRECIPITATION (IN)
  YESTERDAY        0.00          1.14 1948   0.12  -0.12     0.00
  MONTH TO DATE    0.00                      0.35  -0.35     0.70
  SINCE DEC 1      0.00                      0.35  -0.35     0.70
  SINCE JAN 1     45.21                     41.49   3.72    47.18

SNOWFALL (IN)
  YESTERDAY        0.0                                       0.0
  MONTH TO DATE    0.0                                       0.0
  SINCE DEC 1      0.0                                       0.0
  SINCE JUL 1      0.0                                       0.0
  SNOW DEPTH       0

DEGREE DAYS
 HEATING
  YESTERDAY       24                        22      2       23
  MONTH TO DATE   61                        65     -4       50
  SINCE DEC 1     61                        65     -4       50
  SINCE JUL 1    631                       774   -143      592

 COOLING
  YESTERDAY        0                         0      0        0
  MONTH TO DATE    0                         0      0        0
  SINCE DEC 1      0                         0      0        0
  SINCE JAN 1   1651                      1439    212     1643
..................................................................


WIND (MPH)
  HIGHEST WIND SPEED    13   HIGHEST WIND DIRECTION    NW (330)
  HIGHEST GUST SPEED    20   HIGHEST GUST DIRECTION     E (80)
  AVERAGE WIND SPEED     4.6


SKY COVER
  AVERAGE SKY COVER 0.0


WEATHER CONDITIONS
 THE FOLLOWING WEATHER WAS RECORDED YESTERDAY.
  NO SIGNIFICANT WEATHER WAS OBSERVED.


RELATIVE HUMIDITY (PERCENT)
 HIGHEST    92           400 AM
 LOWEST     39           300 PM
 AVERAGE    66

..........................................................


THE DANVILLE VA CLIMATE NORMALS FOR TODAY
                         NORMAL    RECORD    YEAR
 MAXIMUM TEMPERATURE (F)   53        74      2012
                                             1970
 MINIMUM TEMPERATURE (F)   33        16      2000


SUNRISE AND SUNSET
DECEMBER  4 2016......SUNRISE   714 AM EST   SUNSET   501 PM EST
DECEMBER  5 2016......SUNRISE   715 AM EST   SUNSET   501 PM EST


-  INDICATES NEGATIVE NUMBERS.
R  INDICATES RECORD WAS SET OR TIED.
MM INDICATES DATA IS MISSING.
T  INDICATES TRACE AMOUNT.




$$
