000
CDUS41 KRNK 202207
CLIDAN


CLIMATE REPORT
NATIONAL WEATHER SERVICE BLACKSBURG VA
506 PM EST MON FEB 20 2017


...................................

...THE DANVILLE VA CLIMATE SUMMARY FOR FEBRUARY 20 2017...
VALID TODAY AS OF 0500 PM LOCAL TIME.

CLIMATE NORMAL PERIOD 1981 TO 2010
CLIMATE RECORD PERIOD 1948 TO 2017


WEATHER ITEM   OBSERVED TIME   RECORD YEAR NORMAL DEPARTURE LAST
                VALUE   (LST)  VALUE       VALUE  FROM      YEAR
                                                  NORMAL
..................................................................
TEMPERATURE (F)
 TODAY
  MAXIMUM         70    437 PM  74    1971  51     19       66
  MINIMUM         35    650 AM   3    2015  33      2       43
  AVERAGE         53                        42     11       55

PRECIPITATION (IN)
  TODAY            0.00          1.13 1981   0.11  -0.11     0.00
  MONTH TO DATE    0.69                      2.24  -1.55     3.21
  SINCE DEC 1      6.19                      8.93  -2.74    11.31
  SINCE JAN 1      4.57                      5.66  -1.09     5.75

SNOWFALL (IN)
  TODAY            0.0                                       0.0
  MONTH TO DATE    T                                         1.9
  SINCE DEC 1      8.8                                      11.1
  SINCE JUL 1      8.8                                      11.1
  SNOW DEPTH       0

DEGREE DAYS
 HEATING
  TODAY           12                        23    -11       10
  MONTH TO DATE  351                       498   -147      512
  SINCE DEC 1   1791                      2117   -326     1786
  SINCE JUL 1   2361                      2826   -465     2328

 COOLING
  TODAY            0                         0      0        0
  MONTH TO DATE    5                         0      5        0
  SINCE DEC 1      5                         0      5       11
  SINCE JAN 1      5                         0      5        0
..................................................................


WIND (MPH)
  HIGHEST WIND SPEED     8   HIGHEST WIND DIRECTION    SE (130)
  HIGHEST GUST SPEED    14   HIGHEST GUST DIRECTION     E (100)
  AVERAGE WIND SPEED     2.2


SKY COVER
  AVERAGE SKY COVER 0.0


WEATHER CONDITIONS
 THE FOLLOWING WEATHER WAS RECORDED TODAY.
  FOG


RELATIVE HUMIDITY (PERCENT)
 HIGHEST   100           400 AM
 LOWEST     31           400 PM
 AVERAGE    66

..........................................................


THE DANVILLE VA CLIMATE NORMALS FOR TOMORROW
                         NORMAL    RECORD    YEAR
 MAXIMUM TEMPERATURE (F)   52        75      2011
 MINIMUM TEMPERATURE (F)   33        11      1979


SUNRISE AND SUNSET
FEBRUARY 20 2017......SUNRISE   659 AM EST   SUNSET   603 PM EST
FEBRUARY 21 2017......SUNRISE   658 AM EST   SUNSET   604 PM EST


-  INDICATES NEGATIVE NUMBERS.
R  INDICATES RECORD WAS SET OR TIED.
MM INDICATES DATA IS MISSING.
T  INDICATES TRACE AMOUNT.


$$

PW
