000
CDUS41 KRNK 280721
CLIDAN


CLIMATE REPORT
NATIONAL WEATHER SERVICE BLACKSBURG VA
306 AM EDT FRI APR 28 2017


...................................

...THE DANVILLE VA CLIMATE SUMMARY FOR APRIL 27 2017...

CLIMATE NORMAL PERIOD 1981 TO 2010
CLIMATE RECORD PERIOD 1948 TO 2017


WEATHER ITEM   OBSERVED TIME   RECORD YEAR NORMAL DEPARTURE LAST
                VALUE   (LST)  VALUE       VALUE  FROM      YEAR
                                                  NORMAL
..................................................................
TEMPERATURE (F)
 YESTERDAY
  MAXIMUM         80    201 PM  95    1990  73      7       85
  MINIMUM         56    152 AM  33    1976  50      6       57
  AVERAGE         68                        62      6       71

PRECIPITATION (IN)
  YESTERDAY        0.59          2.90 1978   0.11   0.48     0.87
  MONTH TO DATE    7.54                      3.15   4.39     2.03
  SINCE MAR 1     10.19                      7.26   2.93     4.36
  SINCE JAN 1     14.96                     13.69   1.27    11.21

SNOWFALL (IN)
  YESTERDAY        0.0                                       0.0
  MONTH TO DATE    0.0                                       0.0
  SINCE MAR 1      T                                         0.0
  SINCE JUL 1      8.8                                      11.1
  SNOW DEPTH       0

DEGREE DAYS
 HEATING
  YESTERDAY        0                         5     -5        0
  MONTH TO DATE  136                       217    -81      220
  SINCE MAR 1    614                       727   -113      513
  SINCE JUL 1   3070                      3728   -658     2975

 COOLING
  YESTERDAY        3                         1      2        6
  MONTH TO DATE   45                        26     19       19
  SINCE MAR 1     48                        29     19       40
  SINCE JAN 1     53                        29     24       40
..................................................................


WIND (MPH)
  HIGHEST WIND SPEED    20   HIGHEST WIND DIRECTION    SW (230)
  HIGHEST GUST SPEED    27   HIGHEST GUST DIRECTION    SW (220)
  AVERAGE WIND SPEED     5.4


SKY COVER
  AVERAGE SKY COVER 0.3


WEATHER CONDITIONS
 THE FOLLOWING WEATHER WAS RECORDED YESTERDAY.
  THUNDERSTORM
  HEAVY RAIN
  RAIN
  LIGHT RAIN
  FOG


RELATIVE HUMIDITY (PERCENT)
 HIGHEST   100          1200 AM
 LOWEST     45           100 PM
 AVERAGE    73

..........................................................


THE DANVILLE VA CLIMATE NORMALS FOR TODAY
                         NORMAL    RECORD    YEAR
 MAXIMUM TEMPERATURE (F)   74        95      1990
 MINIMUM TEMPERATURE (F)   50        32      2004


SUNRISE AND SUNSET
APRIL 28 2017.........SUNRISE   627 AM EDT   SUNSET   803 PM EDT
APRIL 29 2017.........SUNRISE   626 AM EDT   SUNSET   804 PM EDT


-  INDICATES NEGATIVE NUMBERS.
R  INDICATES RECORD WAS SET OR TIED.
MM INDICATES DATA IS MISSING.
T  INDICATES TRACE AMOUNT.




$$
