000
CDUS41 KRNK 252126
CLIDAN


CLIMATE REPORT
NATIONAL WEATHER SERVICE BLACKSBURG VA
524 PM EDT MON MAY 25 2015


...................................

...THE DANVILLE VA CLIMATE SUMMARY FOR MAY 25 2015...
VALID TODAY AS OF 0500 PM LOCAL TIME.

CLIMATE NORMAL PERIOD 1981 TO 2010
CLIMATE RECORD PERIOD 1948 TO 2015


WEATHER ITEM   OBSERVED TIME   RECORD YEAR NORMAL DEPARTURE LAST
                VALUE   (LST)  VALUE       VALUE  FROM      YEAR
                                                  NORMAL
..................................................................
TEMPERATURE (F)
 TODAY
  MAXIMUM         84    320 PM  93    1970  79      5       81
  MINIMUM         55    501 AM  40    2013  58     -3       53
  AVERAGE         70                        69      1       67

PRECIPITATION (IN)
  TODAY            0.00          1.38 2003   0.14  -0.14     0.00
  MONTH TO DATE    1.09                      3.04  -1.95     3.80
  SINCE MAR 1      6.06                     10.61  -4.55    12.76
  SINCE JAN 1      9.85                     17.04  -7.19    17.88

SNOWFALL (IN)
  TODAY            0.0                                       0.0
  MONTH TO DATE    0.0                                       0.0
  SINCE MAR 1      T                                         5.5
  SINCE JUL 1      9.8                                      13.4
  SNOW DEPTH       0

DEGREE DAYS
 HEATING
  TODAY            0                         1     -1        0
  MONTH TO DATE   24                        63    -39       35
  SINCE MAR 1    680                       805   -125      889
  SINCE JUL 1   3774                      3806    -32     3894

 COOLING
  TODAY            5                         5      0        2
  MONTH TO DATE  124                        77     47      101
  SINCE MAR 1    158                       111     47      116
  SINCE JAN 1    158                       111     47      116
..................................................................


WIND (MPH)
  HIGHEST WIND SPEED    16   HIGHEST WIND DIRECTION    SW (240)
  HIGHEST GUST SPEED    21   HIGHEST GUST DIRECTION    SW (220)
  AVERAGE WIND SPEED     4.8


SKY COVER
  AVERAGE SKY COVER 0.1


WEATHER CONDITIONS
 THE FOLLOWING WEATHER WAS RECORDED TODAY.
  NO SIGNIFICANT WEATHER WAS OBSERVED.


RELATIVE HUMIDITY (PERCENT)
 HIGHEST    93           600 AM
 LOWEST     37           100 PM
 AVERAGE    65

..........................................................


THE DANVILLE VA CLIMATE NORMALS FOR TOMORROW
                         NORMAL    RECORD    YEAR
 MAXIMUM TEMPERATURE (F)   79        96      1953
 MINIMUM TEMPERATURE (F)   59        44      2013
                                             1963


SUNRISE AND SUNSET
MAY 25 2015...........SUNRISE   604 AM EDT   SUNSET   825 PM EDT
MAY 26 2015...........SUNRISE   603 AM EDT   SUNSET   826 PM EDT


-  INDICATES NEGATIVE NUMBERS.
R  INDICATES RECORD WAS SET OR TIED.
MM INDICATES DATA IS MISSING.
T  INDICATES TRACE AMOUNT.


REMARKS:
DUE TO EQUIPMENT FAILURE RESULTING IN MISSING TEMPERATURE DATA ON
FEBRUARY 15...THE SEASONAL TOTAL AND DEPARTURE FROM NORMAL FOR HDD
WILL BE CALCULATED WITHOUT DATA FROM THIS DATE. ALSO...DUE TO A
TIPPING BUCKET FAILURE RESULTING IN MISSING PRECIPITATION DATA ON
MARCH 14 AND 19-20...THE SEASONAL AND ANNUAL TOTALS AND DEPARTURES
FROM NORMAL FOR PRECIPITATION WILL BE CALCULATED WITHOUT DATA FROM
THESE DATES.


$$

PW
