000
CDUS41 KILN 240545
CLIDAY


CLIMATE REPORT
NATIONAL WEATHER SERVICE WILMINGTON OH
144 AM EDT THU APR 24 2014


...................................

...THE DAYTON OH CLIMATE SUMMARY FOR APRIL 23 2014...

CLIMATE NORMAL PERIOD 1981 TO 2010
CLIMATE RECORD PERIOD 1869 TO 2014


WEATHER ITEM   OBSERVED TIME   RECORD YEAR NORMAL DEPARTURE LAST
                VALUE   (LST)  VALUE       VALUE  FROM      YEAR
                                                  NORMAL
..................................................................
TEMPERATURE (F)
 YESTERDAY
  MAXIMUM         59    409 PM  86    1960  65     -6       69
                                      1925
  MINIMUM         34    558 AM  26    1986  44    -10       46
  AVERAGE         47                        54     -7       58

PRECIPITATION (IN)
  YESTERDAY        0.00          1.93 1996   0.15  -0.15      T
  MONTH TO DATE    3.95                      3.11   0.84     2.83
  SINCE MAR 1      6.57                      6.45   0.12     5.99
  SINCE JAN 1     11.55                     11.40   0.15    10.38

SNOWFALL (IN)
  YESTERDAY        0.0           0.5  2005   0.0    0.0      0.0
  MONTH TO DATE    1.1                       0.6    0.5      0.4
  SINCE MAR 1      8.2                       4.0    4.2     14.6
  SINCE JUL 1     53.6                      23.3   30.3     36.3
  SNOW DEPTH       0

DEGREE DAYS
 HEATING
  YESTERDAY       18                        11      7        7
  MONTH TO DATE  286                       342    -56      298
  SINCE MAR 1   1163                      1106     57     1210
  SINCE JUL 1   5762                      5381    381     5260

 COOLING
  YESTERDAY        0                         1     -1        0
  MONTH TO DATE    8                         3      5       16
  SINCE MAR 1      8                         3      5       16
  SINCE JAN 1      8                         3      5       16
..................................................................


WIND (MPH)
  RESULTANT WIND SPEED   6   RESULTANT WIND DIRECTION   N (350)
  HIGHEST WIND SPEED    14   HIGHEST WIND DIRECTION     N (350)
  HIGHEST GUST SPEED    17   HIGHEST GUST DIRECTION     N (360)
  AVERAGE WIND SPEED     7.1



WEATHER CONDITIONS
 THE FOLLOWING WEATHER WAS RECORDED YESTERDAY.
  NO SIGNIFICANT WEATHER WAS OBSERVED.


RELATIVE HUMIDITY (PERCENT)
 HIGHEST    82           500 AM
 LOWEST     39           500 PM
 AVERAGE    61

..........................................................


THE DAYTON OH CLIMATE NORMALS FOR TODAY
                         NORMAL    RECORD    YEAR
 MAXIMUM TEMPERATURE (F)   65        88      1925
 MINIMUM TEMPERATURE (F)   44        24      1911


SUNRISE AND SUNSET
APRIL 24 2014.........SUNRISE   646 AM EDT   SUNSET   824 PM EDT
APRIL 25 2014.........SUNRISE   645 AM EDT   SUNSET   825 PM EDT


-  INDICATES NEGATIVE NUMBERS.
R  INDICATES RECORD WAS SET OR TIED.
MM INDICATES DATA IS MISSING.
T  INDICATES TRACE AMOUNT.




$$
