000
CDUS41 KILN 280541
CLIDAY


CLIMATE REPORT
NATIONAL WEATHER SERVICE WILMINGTON OH
135 AM EDT FRI APR 28 2017


...................................

...THE DAYTON OH CLIMATE SUMMARY FOR APRIL 27 2017...

CLIMATE NORMAL PERIOD 1981 TO 2010
CLIMATE RECORD PERIOD 1869 TO 2017


WEATHER ITEM   OBSERVED TIME   RECORD YEAR NORMAL DEPARTURE LAST
                VALUE   (LST)  VALUE       VALUE  FROM      YEAR
                                                  NORMAL
..................................................................
TEMPERATURE (F)
 YESTERDAY
  MAXIMUM         72    154 AM  86    1986  66      6       60
  MINIMUM         46   1147 PM  28    1907  45      1       44
  AVERAGE         59                        56      3       52

PRECIPITATION (IN)
  YESTERDAY        0.12          1.60 1959   0.14  -0.02     0.46
  MONTH TO DATE    2.34                      3.67  -1.33     2.22
  SINCE MAR 1      7.29                      7.01   0.28     7.72
  SINCE JAN 1     12.23                     11.96   0.27    12.54

SNOWFALL (IN)
  YESTERDAY        0.0           0.0    MM   0.0    0.0      0.0
  MONTH TO DATE    T                         0.6   -0.6      0.7
  SINCE MAR 1      1.3                       4.0   -2.7      2.1
  SINCE JUL 1      8.5                      23.3  -14.8     12.7
  SNOW DEPTH       0

DEGREE DAYS
 HEATING
  YESTERDAY        6                        10     -4       13
  MONTH TO DATE  222                       384   -162      382
  SINCE MAR 1    953                      1148   -195      919
  SINCE JUL 1   4383                      5423  -1040     4460

 COOLING
  YESTERDAY        0                         1     -1        0
  MONTH TO DATE   30                         7     23        4
  SINCE MAR 1     32                         7     25        4
  SINCE JAN 1     32                         7     25        4
..................................................................


WIND (MPH)
  RESULTANT WIND SPEED  12   RESULTANT WIND DIRECTION  SW (230)
  HIGHEST WIND SPEED    31   HIGHEST WIND DIRECTION     W (250)
  HIGHEST GUST SPEED    37   HIGHEST GUST DIRECTION     W (260)
  AVERAGE WIND SPEED    14.4



WEATHER CONDITIONS
 THE FOLLOWING WEATHER WAS RECORDED YESTERDAY.
  LIGHT RAIN
  FOG


RELATIVE HUMIDITY (PERCENT)
 HIGHEST    90          1000 AM
 LOWEST     47          1200 AM
 AVERAGE    69

..........................................................


THE DAYTON OH CLIMATE NORMALS FOR TODAY
                         NORMAL    RECORD    YEAR
 MAXIMUM TEMPERATURE (F)   66        85      1894
 MINIMUM TEMPERATURE (F)   46        29      1934


SUNRISE AND SUNSET
APRIL 28 2017.........SUNRISE   641 AM EDT   SUNSET   829 PM EDT
APRIL 29 2017.........SUNRISE   639 AM EDT   SUNSET   830 PM EDT


-  INDICATES NEGATIVE NUMBERS.
R  INDICATES RECORD WAS SET OR TIED.
MM INDICATES DATA IS MISSING.
T  INDICATES TRACE AMOUNT.




$$
