000
CDUS41 KILN 232059
CLIDAY


CLIMATE REPORT
NATIONAL WEATHER SERVICE WILMINGTON OH
459 PM EDT MON OCT 23 2017


...................................

...THE DAYTON OH CLIMATE SUMMARY FOR OCTOBER 23 2017...
VALID TODAY AS OF 0400 PM LOCAL TIME.

CLIMATE NORMAL PERIOD 1981 TO 2010
CLIMATE RECORD PERIOD 1869 TO 2017


WEATHER ITEM   OBSERVED TIME   RECORD YEAR NORMAL DEPARTURE LAST
                VALUE   (LST)  VALUE       VALUE  FROM      YEAR
                                                  NORMAL
..................................................................
TEMPERATURE (F)
 TODAY
  MAXIMUM         66   1254 AM  83    1947  61      5       71
  MINIMUM         60    259 PM  25    1982  42     18       43
  AVERAGE         63                        52     11       57

PRECIPITATION (IN)
  TODAY            0.13          1.65 1909   0.09   0.04     0.00
  MONTH TO DATE    2.65                      2.18   0.47     1.85
  SINCE SEP 1      4.81                      5.48  -0.67     5.13
  SINCE JAN 1     41.92                     33.79   8.13    31.66

SNOWFALL (IN)
  TODAY            0.0           1.0  2013   0.0    0.0      0.0
  MONTH TO DATE    0.0                       0.1   -0.1      0.0
  SINCE SEP 1      0.0                       0.1   -0.1      0.0
  SINCE JUL 1      0.0                       0.1   -0.1      0.0
  SNOW DEPTH       0

DEGREE DAYS
 HEATING
  TODAY            2                        14    -12        8
  MONTH TO DATE   77                       238   -161      120
  SINCE SEP 1    150                       326   -176      150
  SINCE JUL 1    155                       328   -173      153

 COOLING
  TODAY            0                         0      0        0
  MONTH TO DATE   28                        10     18       38
  SINCE SEP 1    150                       109     41      213
  SINCE JAN 1    899                       891      8     1241
..................................................................


WIND (MPH)
  RESULTANT WIND SPEED  12   RESULTANT WIND DIRECTION  SE (150)
  HIGHEST WIND SPEED    21   HIGHEST WIND DIRECTION    SE (120)
  HIGHEST GUST SPEED    29   HIGHEST GUST DIRECTION    SE (130)
  AVERAGE WIND SPEED    12.1


SKY COVER
  POSSIBLE SUNSHINE  MM
  AVERAGE SKY COVER 1.0


WEATHER CONDITIONS
 THE FOLLOWING WEATHER WAS RECORDED TODAY.
  LIGHT RAIN
  FOG


RELATIVE HUMIDITY (PERCENT)
 HIGHEST   100          1100 AM
 LOWEST     63          1200 AM
 AVERAGE    82

..........................................................


THE DAYTON OH CLIMATE NORMALS FOR TOMORROW
                         NORMAL    RECORD    YEAR
 MAXIMUM TEMPERATURE (F)   61        82      1899
 MINIMUM TEMPERATURE (F)   42        23      1981


SUNRISE AND SUNSET
OCTOBER 23 2017.......SUNRISE   756 AM EDT   SUNSET   646 PM EDT
OCTOBER 24 2017.......SUNRISE   757 AM EDT   SUNSET   644 PM EDT


-  INDICATES NEGATIVE NUMBERS.
R  INDICATES RECORD WAS SET OR TIED.
MM INDICATES DATA IS MISSING.
T  INDICATES TRACE AMOUNT.




$$
