000
CDUS41 KILN 040544
CLIDAY


CLIMATE REPORT
NATIONAL WEATHER SERVICE WILMINGTON OH
143 AM EDT FRI SEP 4 2015


...................................

...THE DAYTON OH CLIMATE SUMMARY FOR SEPTEMBER 3 2015...

CLIMATE NORMAL PERIOD 1981 TO 2010
CLIMATE RECORD PERIOD 1869 TO 2015


WEATHER ITEM   OBSERVED TIME   RECORD YEAR NORMAL DEPARTURE LAST
                VALUE   (LST)  VALUE       VALUE  FROM      YEAR
                                                  NORMAL
..................................................................
TEMPERATURE (F)
 YESTERDAY
  MAXIMUM         90    404 PM  97    2011  80     10       85
                                      1925
                                      1913
  MINIMUM         66    602 AM  42    1908  60      6       65
  AVERAGE         78                        70      8       75

PRECIPITATION (IN)
  YESTERDAY        0.00          2.30 1991   0.12  -0.12     0.00
  MONTH TO DATE    T                         0.35  -0.35     0.26
  SINCE SEP 1      T                         0.35  -0.35     0.26
  SINCE JAN 1     29.74                     28.66   1.08    28.16

SNOWFALL (IN)
  YESTERDAY        0.0           0.0    MM   0.0    0.0      0.0
  MONTH TO DATE    0.0                       0.0    0.0      0.0
  SINCE SEP 1      0.0                       0.0    0.0      0.0
  SINCE JUL 1      0.0                       0.0    0.0      0.0
  SNOW DEPTH       0

DEGREE DAYS
 HEATING
  YESTERDAY        0                         1     -1        0
  MONTH TO DATE    0                         3     -3        0
  SINCE SEP 1      0                         3     -3        0
  SINCE JUL 1      9                         5      4        7

 COOLING
  YESTERDAY       13                         6      7       10
  MONTH TO DATE   38                        18     20       33
  SINCE SEP 1     38                        18     20       33
  SINCE JAN 1    939                       800    139      903
..................................................................


WIND (MPH)
  RESULTANT WIND SPEED   5   RESULTANT WIND DIRECTION   W (250)
  HIGHEST WIND SPEED    17   HIGHEST WIND DIRECTION     W (250)
  HIGHEST GUST SPEED    23   HIGHEST GUST DIRECTION     W (270)
  AVERAGE WIND SPEED     6.5



WEATHER CONDITIONS
 THE FOLLOWING WEATHER WAS RECORDED YESTERDAY.
  FOG


RELATIVE HUMIDITY (PERCENT)
 HIGHEST   100           600 AM
 LOWEST     44           300 PM
 AVERAGE    72

..........................................................


THE DAYTON OH CLIMATE NORMALS FOR TODAY
                         NORMAL    RECORD    YEAR
 MAXIMUM TEMPERATURE (F)   80        95      1925
 MINIMUM TEMPERATURE (F)   59        42      1997


SUNRISE AND SUNSET
SEPTEMBER  4 2015.....SUNRISE   707 AM EDT   SUNSET   804 PM EDT
SEPTEMBER  5 2015.....SUNRISE   708 AM EDT   SUNSET   802 PM EDT


-  INDICATES NEGATIVE NUMBERS.
R  INDICATES RECORD WAS SET OR TIED.
MM INDICATES DATA IS MISSING.
T  INDICATES TRACE AMOUNT.




$$
