000
CDUS41 KILN 260534
CLIDAY


CLIMATE REPORT
NATIONAL WEATHER SERVICE WILMINGTON OH
127 AM EDT SUN MAR 26 2017


...................................

...THE DAYTON OH CLIMATE SUMMARY FOR MARCH 25 2017...

CLIMATE NORMAL PERIOD 1981 TO 2010
CLIMATE RECORD PERIOD 1869 TO 2017


WEATHER ITEM   OBSERVED TIME   RECORD YEAR NORMAL DEPARTURE LAST
                VALUE   (LST)  VALUE       VALUE  FROM      YEAR
                                                  NORMAL
..................................................................
TEMPERATURE (F)
 YESTERDAY
  MAXIMUM         74    419 PM  84    1929  53     21       45
  MINIMUM         59    700 AM   1    1974  34     25       33
  AVERAGE         67                        44     23       39

PRECIPITATION (IN)
  YESTERDAY        0.00          2.27 1913   0.12  -0.12     0.00
  MONTH TO DATE    4.04                      2.59   1.45     3.75
  SINCE MAR 1      4.04                      2.59   1.45     3.75
  SINCE JAN 1      8.98                      7.54   1.44     8.57

SNOWFALL (IN)
  YESTERDAY        0.0           3.9  1955   0.0    0.0      0.0
  MONTH TO DATE    1.3                       3.0   -1.7      1.4
  SINCE MAR 1      1.3                       3.0   -1.7      1.4
  SINCE JUL 1      8.5                      22.3  -13.8     12.0
  SNOW DEPTH       0

DEGREE DAYS
 HEATING
  YESTERDAY        0                        21    -21       26
  MONTH TO DATE  669                       644     25      447
  SINCE MAR 1    669                       644     25      447
  SINCE JUL 1   4099                      4919   -820     3988

 COOLING
  YESTERDAY        2                         0      2        0
  MONTH TO DATE    2                         0      2        0
  SINCE MAR 1      2                         0      2        0
  SINCE JAN 1      2                         0      2        0
..................................................................


WIND (MPH)
  RESULTANT WIND SPEED  12   RESULTANT WIND DIRECTION   S (180)
  HIGHEST WIND SPEED    24   HIGHEST WIND DIRECTION    SW (210)
  HIGHEST GUST SPEED    30   HIGHEST GUST DIRECTION    SW (220)
  AVERAGE WIND SPEED    13.2



WEATHER CONDITIONS
 THE FOLLOWING WEATHER WAS RECORDED YESTERDAY.
  NO SIGNIFICANT WEATHER WAS OBSERVED.


RELATIVE HUMIDITY (PERCENT)
 HIGHEST    72           400 AM
 LOWEST     44           400 PM
 AVERAGE    58

..........................................................


THE DAYTON OH CLIMATE NORMALS FOR TODAY
                         NORMAL    RECORD    YEAR
 MAXIMUM TEMPERATURE (F)   54        81      1907
 MINIMUM TEMPERATURE (F)   34        10      2001


SUNRISE AND SUNSET
MARCH 26 2017.........SUNRISE   730 AM EDT   SUNSET   755 PM EDT
MARCH 27 2017.........SUNRISE   729 AM EDT   SUNSET   756 PM EDT


-  INDICATES NEGATIVE NUMBERS.
R  INDICATES RECORD WAS SET OR TIED.
MM INDICATES DATA IS MISSING.
T  INDICATES TRACE AMOUNT.




$$
