000
CDUS41 KILN 100731
CLIDAY


CLIMATE REPORT
NATIONAL WEATHER SERVICE WILMINGTON OH
230 AM EST SAT DEC 10 2016


...................................

...THE DAYTON OH CLIMATE SUMMARY FOR DECEMBER 9 2016...

CLIMATE NORMAL PERIOD 1981 TO 2010
CLIMATE RECORD PERIOD 1869 TO 2016


WEATHER ITEM   OBSERVED TIME   RECORD YEAR NORMAL DEPARTURE LAST
                VALUE   (LST)  VALUE       VALUE  FROM      YEAR
                                                  NORMAL
..................................................................
TEMPERATURE (F)
 YESTERDAY
  MAXIMUM         26    301 PM  65    1946  40    -14       52
                                      1897
  MINIMUM         17    841 AM  -7    1917  26     -9       41
  AVERAGE         22                        33    -11       47

PRECIPITATION (IN)
  YESTERDAY        T             1.37 1923   0.11  -0.11     0.00
  MONTH TO DATE    0.79                      0.94  -0.15     0.05
  SINCE DEC 1      0.79                      0.94  -0.15     0.05
  SINCE JAN 1     33.58                     38.87  -5.29    36.78

SNOWFALL (IN)
  YESTERDAY        0.2           1.8  1956   0.1    0.1      0.0
  MONTH TO DATE    0.4                       0.9   -0.5      0.2
  SINCE DEC 1      0.4                       0.9   -0.5      0.2
  SINCE JUL 1      0.4                       1.9   -1.5      0.2
  SNOW DEPTH       0

DEGREE DAYS
 HEATING
  YESTERDAY       43                        32     11       18
  MONTH TO DATE  289                       275     14      232
  SINCE DEC 1    289                       275     14      232
  SINCE JUL 1   1062                      1386   -324     1068

 COOLING
  YESTERDAY        0                         0      0        0
  MONTH TO DATE    0                         0      0        0
  SINCE DEC 1      0                         0      0        0
  SINCE JAN 1   1247                       891    356     1078
..................................................................


WIND (MPH)
  RESULTANT WIND SPEED  12   RESULTANT WIND DIRECTION   W (270)
  HIGHEST WIND SPEED    18   HIGHEST WIND DIRECTION     W (270)
  HIGHEST GUST SPEED    28   HIGHEST GUST DIRECTION     W (280)
  AVERAGE WIND SPEED    12.3



WEATHER CONDITIONS
 THE FOLLOWING WEATHER WAS RECORDED YESTERDAY.
  LIGHT SNOW
  FOG


RELATIVE HUMIDITY (PERCENT)
 HIGHEST    92          1100 PM
 LOWEST     68          1100 AM
 AVERAGE    80

..........................................................


THE DAYTON OH CLIMATE NORMALS FOR TODAY
                         NORMAL    RECORD    YEAR
 MAXIMUM TEMPERATURE (F)   40        67      1971
 MINIMUM TEMPERATURE (F)   26        -9      1958


SUNRISE AND SUNSET
DECEMBER 10 2016......SUNRISE   748 AM EST   SUNSET   512 PM EST
DECEMBER 11 2016......SUNRISE   749 AM EST   SUNSET   512 PM EST


-  INDICATES NEGATIVE NUMBERS.
R  INDICATES RECORD WAS SET OR TIED.
MM INDICATES DATA IS MISSING.
T  INDICATES TRACE AMOUNT.




$$
