000
CDUS41 KILN 240810
CLIDAY


CLIMATE REPORT
NATIONAL WEATHER SERVICE WILMINGTON OH
309 AM EST MON NOV 24 2014


...................................

...THE DAYTON OH CLIMATE SUMMARY FOR NOVEMBER 23 2014...

CLIMATE NORMAL PERIOD 1981 TO 2010
CLIMATE RECORD PERIOD 1869 TO 2014


WEATHER ITEM   OBSERVED TIME   RECORD YEAR NORMAL DEPARTURE LAST
                VALUE   (LST)  VALUE       VALUE  FROM      YEAR
                                                  NORMAL
..................................................................
TEMPERATURE (F)
 YESTERDAY
  MAXIMUM         64    115 PM  72    1931  47     17       35
  MINIMUM         50    829 AM  13    1970  32     18       20
                                      1956
                                      1950
  AVERAGE         57                        40     17       28

PRECIPITATION (IN)
  YESTERDAY        0.93          1.26 1983   0.12   0.81      T
  MONTH TO DATE    1.68                      2.59  -0.91     1.60
  SINCE SEP 1      4.93                      8.82  -3.89     9.57
  SINCE JAN 1     32.83                     37.13  -4.30    31.95

SNOWFALL (IN)
  YESTERDAY        0.0           1.4  1956   0.0    0.0      0.1
  MONTH TO DATE    4.1                       0.3    3.8      1.0
  SINCE SEP 1      4.1                       0.7    3.4      2.0
  SINCE JUL 1      4.1                       0.7    3.4      2.0
  SNOW DEPTH       0

DEGREE DAYS
 HEATING
  YESTERDAY        8                        25    -17       37
  MONTH TO DATE  630                       473    157      487
  SINCE SEP 1   1027                       918    109      862
  SINCE JUL 1   1034                       920    114      874

 COOLING
  YESTERDAY        0                         0      0        0
  MONTH TO DATE    0                         0      0        0
  SINCE SEP 1    107                       109     -2      175
  SINCE JAN 1    977                       891     86     1062
..................................................................


WIND (MPH)
  RESULTANT WIND SPEED  13   RESULTANT WIND DIRECTION   S (160)
  HIGHEST WIND SPEED    28   HIGHEST WIND DIRECTION     S (170)
  HIGHEST GUST SPEED    37   HIGHEST GUST DIRECTION     S (160)
  AVERAGE WIND SPEED    14.7



WEATHER CONDITIONS
 THE FOLLOWING WEATHER WAS RECORDED YESTERDAY.
  HEAVY RAIN
  RAIN
  LIGHT RAIN
  FOG


RELATIVE HUMIDITY (PERCENT)
 HIGHEST    93           700 PM
 LOWEST     50           100 AM
 AVERAGE    72

..........................................................


THE DAYTON OH CLIMATE NORMALS FOR TODAY
                         NORMAL    RECORD    YEAR
 MAXIMUM TEMPERATURE (F)   47        68      1931
 MINIMUM TEMPERATURE (F)   32         3      1950


SUNRISE AND SUNSET
NOVEMBER 24 2014......SUNRISE   732 AM EST   SUNSET   515 PM EST
NOVEMBER 25 2014......SUNRISE   733 AM EST   SUNSET   514 PM EST


-  INDICATES NEGATIVE NUMBERS.
R  INDICATES RECORD WAS SET OR TIED.
MM INDICATES DATA IS MISSING.
T  INDICATES TRACE AMOUNT.




$$
