932
CDUS41 KILN 280532
CLIDAY


CLIMATE REPORT
NATIONAL WEATHER SERVICE WILMINGTON OH
131 AM EDT SUN AUG 28 2016


...................................

...THE DAYTON OH CLIMATE SUMMARY FOR AUGUST 27 2016...

CLIMATE NORMAL PERIOD 1981 TO 2010
CLIMATE RECORD PERIOD 1869 TO 2016


WEATHER ITEM   OBSERVED TIME   RECORD YEAR NORMAL DEPARTURE LAST
                VALUE   (LST)  VALUE       VALUE  FROM      YEAR
                                                  NORMAL
..................................................................
TEMPERATURE (F)
 YESTERDAY
  MAXIMUM         90    136 PM  97    1948  82      8       77
                                      1899
  MINIMUM         70    228 PM  43    1910  61      9       60
  AVERAGE         80                        72      8       69

PRECIPITATION (IN)
  YESTERDAY        0.37          2.37 1974   0.10   0.27     0.00
  MONTH TO DATE    3.34                      2.57   0.77     1.75
  SINCE JUN 1      9.91                     10.85  -0.94    14.23
  SINCE JAN 1     26.13                     27.89  -1.76    29.55

SNOWFALL (IN)
  YESTERDAY        0.0           0.0         0.0    0.0      0.0
  MONTH TO DATE    0.0                       0.0    0.0      0.0
  SINCE JUN 1      0.0                       0.0    0.0      0.0
  SINCE JUL 1      0.0                       0.0    0.0      0.0
  SNOW DEPTH       0

DEGREE DAYS
 HEATING
  YESTERDAY        0                         0      0        0
  MONTH TO DATE    0                         0      0        9
  SINCE JUN 1      7                        22    -15       29
  SINCE JUL 1      3                         0      3        9

 COOLING
  YESTERDAY       15                         7      8        4
  MONTH TO DATE  321                       217    104      161
  SINCE JUN 1    898                       686    212      694
  SINCE JAN 1    977                       756    221      869
..................................................................


WIND (MPH)
  RESULTANT WIND SPEED   3   RESULTANT WIND DIRECTION  SE (150)
  HIGHEST WIND SPEED    39   HIGHEST WIND DIRECTION     W (250)
  HIGHEST GUST SPEED    53   HIGHEST GUST DIRECTION     W (250)
  AVERAGE WIND SPEED     5.2



WEATHER CONDITIONS
 THE FOLLOWING WEATHER WAS RECORDED YESTERDAY.
  THUNDERSTORM
  HEAVY RAIN
  RAIN
  LIGHT RAIN
  FOG


RELATIVE HUMIDITY (PERCENT)
 HIGHEST    93          1200 AM
 LOWEST     56           100 PM
 AVERAGE    75

..........................................................


THE DAYTON OH CLIMATE NORMALS FOR TODAY
                         NORMAL    RECORD    YEAR
 MAXIMUM TEMPERATURE (F)   82        96      1953
 MINIMUM TEMPERATURE (F)   61        40      1910


SUNRISE AND SUNSET
AUGUST 28 2016........SUNRISE   701 AM EDT   SUNSET   814 PM EDT
AUGUST 29 2016........SUNRISE   702 AM EDT   SUNSET   812 PM EDT


-  INDICATES NEGATIVE NUMBERS.
R  INDICATES RECORD WAS SET OR TIED.
MM INDICATES DATA IS MISSING.
T  INDICATES TRACE AMOUNT.




$$
