000
CDUS43 KDVN 181011
CLIDBQ


CLIMATE REPORT
NATIONAL WEATHER SERVICE QUAD CITIES IA IL
409 AM CST THU JAN 18 2018


...................................

...THE DUBUQUE IA CLIMATE SUMMARY FOR JANUARY 17 2018...

CLIMATE NORMAL PERIOD 1981 TO 2010
CLIMATE RECORD PERIOD 1873 TO 2018


WEATHER ITEM   OBSERVED TIME   RECORD YEAR NORMAL DEPARTURE LAST
                VALUE   (LST)  VALUE       VALUE  FROM      YEAR
                                                  NORMAL
..................................................................
TEMPERATURE (F)
 YESTERDAY
  MAXIMUM         20    348 PM  60    1894  27     -7       33
  MINIMUM         -5    602 AM -23    1982  11    -16       32
                                      1930
                                      1893
  AVERAGE          8                        19    -11       33

PRECIPITATION (IN)
  YESTERDAY        0.00          0.46 2011   0.03  -0.03      T
  MONTH TO DATE    0.15                      0.64  -0.49     1.30
  SINCE DEC 1      0.86                      2.48  -1.62     2.84
  SINCE JAN 1      0.15                      0.64  -0.49     1.30

SNOWFALL (IN)
  YESTERDAY        0.0          MM      MM   0.3   -0.3      0.0
  MONTH TO DATE    3.4                       5.4   -2.0      0.2
  SINCE DEC 1      9.1                      17.2   -8.1     17.6
  SINCE JUL 1      9.1                      20.0  -10.9     17.6
  SNOW DEPTH       3

DEGREE DAYS
 HEATING
  YESTERDAY       57                        46     11       32
  MONTH TO DATE  926                       782    144      786
  SINCE DEC 1   2240                      2092    148     2141
  SINCE JUL 1   3605                      3592     13     3133

 COOLING
  YESTERDAY        0                         0      0        0
  MONTH TO DATE    0                         0      0        0
  SINCE DEC 1      0                         0      0        0
  SINCE JAN 1      0                         0      0        0
..................................................................


WIND (MPH)
  HIGHEST WIND SPEED    25   HIGHEST WIND DIRECTION    SW (240)
  HIGHEST GUST SPEED    31   HIGHEST GUST DIRECTION    SW (240)
  AVERAGE WIND SPEED    13.6


SKY COVER
  POSSIBLE SUNSHINE  MM
  AVERAGE SKY COVER 0.0


WEATHER CONDITIONS
 THE FOLLOWING WEATHER WAS RECORDED YESTERDAY.
  NO SIGNIFICANT WEATHER WAS OBSERVED.


RELATIVE HUMIDITY (PERCENT)
 HIGHEST    83           900 AM
 LOWEST     62           200 PM
 AVERAGE    73

..........................................................


THE DUBUQUE IA CLIMATE NORMALS FOR TODAY
                         NORMAL    RECORD    YEAR
 MAXIMUM TEMPERATURE (F)   27        55      1880
 MINIMUM TEMPERATURE (F)   11       -24      1994


SUNRISE AND SUNSET
JANUARY 18 2018.......SUNRISE   728 AM CST   SUNSET   459 PM CST
JANUARY 19 2018.......SUNRISE   727 AM CST   SUNSET   500 PM CST


-  INDICATES NEGATIVE NUMBERS.
R  INDICATES RECORD WAS SET OR TIED.
MM INDICATES DATA IS MISSING.
T  INDICATES TRACE AMOUNT.




$$
