000
CDUS43 KDVN 280936
CLIDBQ


CLIMATE REPORT
NATIONAL WEATHER SERVICE QUAD CITIES IA IL
436 AM CDT TUE MAR 28 2017


...................................

...THE DUBUQUE IA CLIMATE SUMMARY FOR MARCH 27 2017...

CLIMATE NORMAL PERIOD 1981 TO 2010
CLIMATE RECORD PERIOD 1873 TO 2017


WEATHER ITEM   OBSERVED TIME   RECORD YEAR NORMAL DEPARTURE LAST
                VALUE   (LST)  VALUE       VALUE  FROM      YEAR
                                                  NORMAL
..................................................................
TEMPERATURE (F)
 YESTERDAY
  MAXIMUM         50    201 PM  80    1945  50      0       45
                                      1910
  MINIMUM         41    615 AM   6    1964  31     10       37
  AVERAGE         46                        40      6       41

PRECIPITATION (IN)
  YESTERDAY        0.00          1.50 1880   0.10  -0.10     0.09
  MONTH TO DATE    1.24                      2.03  -0.79     2.76
  SINCE MAR 1      1.24                      2.03  -0.79     2.76
  SINCE JAN 1      5.05                      4.64   0.41     3.84

SNOWFALL (IN)
  YESTERDAY        0.0          MM      MM   0.1   -0.1      0.0
  MONTH TO DATE    4.5                       5.7   -1.2      2.8
  SINCE MAR 1      4.5                       5.7   -1.2      2.8
  SINCE JUL 1     27.1                      39.3  -12.2     34.3
  SNOW DEPTH       0

DEGREE DAYS
 HEATING
  YESTERDAY       19                        25     -6       24
  MONTH TO DATE  792                       823    -31      677
  SINCE MAR 1    792                       823    -31      677
  SINCE JUL 1   5273                      6216   -943     5154

 COOLING
  YESTERDAY        0                         0      0        0
  MONTH TO DATE    0                         0      0        0
  SINCE MAR 1      0                         0      0        0
  SINCE JAN 1      0                         0      0        0
..................................................................


WIND (MPH)
  HIGHEST WIND SPEED    10   HIGHEST WIND DIRECTION    NE (30)
  HIGHEST GUST SPEED    14   HIGHEST GUST DIRECTION    NE (30)
  AVERAGE WIND SPEED     4.7


SKY COVER
  POSSIBLE SUNSHINE  MM
  AVERAGE SKY COVER 1.0


WEATHER CONDITIONS
 THE FOLLOWING WEATHER WAS RECORDED YESTERDAY.
  FOG


RELATIVE HUMIDITY (PERCENT)
 HIGHEST   100          1200 AM
 LOWEST     80          1200 PM
 AVERAGE    90

..........................................................


THE DUBUQUE IA CLIMATE NORMALS FOR TODAY
                         NORMAL    RECORD    YEAR
 MAXIMUM TEMPERATURE (F)   50        78      1910
 MINIMUM TEMPERATURE (F)   31         3      1970


SUNRISE AND SUNSET
MARCH 28 2017.........SUNRISE   652 AM CDT   SUNSET   725 PM CDT
MARCH 29 2017.........SUNRISE   650 AM CDT   SUNSET   726 PM CDT


-  INDICATES NEGATIVE NUMBERS.
R  INDICATES RECORD WAS SET OR TIED.
MM INDICATES DATA IS MISSING.
T  INDICATES TRACE AMOUNT.




$$
