000
CDUS43 KDVN 250943
CLIDBQ


CLIMATE REPORT
NATIONAL WEATHER SERVICE QUAD CITIES IA IL
443 AM CDT MON JUL 25 2016


...................................

...THE DUBUQUE IA CLIMATE SUMMARY FOR JULY 24 2016...

CLIMATE NORMAL PERIOD 1981 TO 2010
CLIMATE RECORD PERIOD 1873 TO 2016


WEATHER ITEM   OBSERVED TIME   RECORD YEAR NORMAL DEPARTURE LAST
                VALUE   (LST)  VALUE       VALUE  FROM      YEAR
                                                  NORMAL
..................................................................
TEMPERATURE (F)
 YESTERDAY
  MAXIMUM         88    350 PM 105    1901  82      6       80
  MINIMUM         70   1119 PM  51    2003  62      8       61
                                      1992
  AVERAGE         79                        72      7       71

PRECIPITATION (IN)
  YESTERDAY        0.00          1.54 2009   0.13  -0.13     0.09
  MONTH TO DATE    6.36                      3.34   3.02     0.64
  SINCE JUN 1     13.65                      7.74   5.91     8.98
  SINCE JAN 1     24.60                     20.61   3.99    19.75

SNOWFALL (IN)
  YESTERDAY        0.0          MM      MM   0.0    0.0      0.0
  MONTH TO DATE    0.0                       0.0    0.0      0.0
  SINCE JUN 1      0.0                       0.0    0.0       T
  SINCE JUL 1      0.0                       0.0    0.0      0.0
  SNOW DEPTH       0

DEGREE DAYS
 HEATING
  YESTERDAY        0                         0      0        0
  MONTH TO DATE    5                         0      5       13
  SINCE JUN 1     18                        40    -22       36
  SINCE JUL 1      5                         0      5       13

 COOLING
  YESTERDAY       14                         7      7        6
  MONTH TO DATE  178                       169      9      125
  SINCE JUN 1    352                       308     44      244
  SINCE JAN 1    403                       345     58      280
..................................................................


WIND (MPH)
  HIGHEST WIND SPEED    17   HIGHEST WIND DIRECTION    NW (320)
  HIGHEST GUST SPEED    23   HIGHEST GUST DIRECTION    NW (330)
  AVERAGE WIND SPEED     9.8


SKY COVER
  POSSIBLE SUNSHINE  MM
  AVERAGE SKY COVER 0.3


WEATHER CONDITIONS
 THE FOLLOWING WEATHER WAS RECORDED YESTERDAY.
  FOG


RELATIVE HUMIDITY (PERCENT)
 HIGHEST   100           300 AM
 LOWEST     61           500 PM
 AVERAGE    81

..........................................................


THE DUBUQUE IA CLIMATE NORMALS FOR TODAY
                         NORMAL    RECORD    YEAR
 MAXIMUM TEMPERATURE (F)   82       102      1940
 MINIMUM TEMPERATURE (F)   62        50      2004


SUNRISE AND SUNSET
JULY 25 2016..........SUNRISE   549 AM CDT   SUNSET   829 PM CDT
JULY 26 2016..........SUNRISE   550 AM CDT   SUNSET   828 PM CDT


-  INDICATES NEGATIVE NUMBERS.
R  INDICATES RECORD WAS SET OR TIED.
MM INDICATES DATA IS MISSING.
T  INDICATES TRACE AMOUNT.




$$
