220
CDUS43 KDVN 221005
CLIDBQ


CLIMATE REPORT
NATIONAL WEATHER SERVICE QUAD CITIES IA IL
404 AM CST SUN JAN 22 2017


...................................

...THE DUBUQUE IA CLIMATE SUMMARY FOR JANUARY 21 2017...

CLIMATE NORMAL PERIOD 1981 TO 2010
CLIMATE RECORD PERIOD 1873 TO 2017


WEATHER ITEM   OBSERVED TIME   RECORD YEAR NORMAL DEPARTURE LAST
                VALUE   (LST)  VALUE       VALUE  FROM      YEAR
                                                  NORMAL
..................................................................
TEMPERATURE (F)
 YESTERDAY
  MAXIMUM         44    158 PM  54    1921  27     17       26
  MINIMUM         36   1159 PM -28    1970  11     25        9
  AVERAGE         40                        19     21       18

PRECIPITATION (IN)
  YESTERDAY        0.00          0.80 1999   0.03  -0.03     0.00
  MONTH TO DATE    1.59                      0.78   0.81     0.30
  SINCE DEC 1      3.13                      2.62   0.51     4.49
  SINCE JAN 1      1.59                      0.78   0.81     0.30

SNOWFALL (IN)
  YESTERDAY        0.0          MM      MM   0.3   -0.3      0.0
  MONTH TO DATE    0.2                       6.6   -6.4      2.0
  SINCE DEC 1     17.6                      18.4   -0.8     10.4
  SINCE JUL 1     17.6                      21.2   -3.6     22.2
  SNOW DEPTH       T

DEGREE DAYS
 HEATING
  YESTERDAY       25                        46    -21       47
  MONTH TO DATE  904                       966    -62     1015
  SINCE DEC 1   2259                      2276    -17     1961
  SINCE JUL 1   3251                      3776   -525     3168

 COOLING
  YESTERDAY        0                         0      0        0
  MONTH TO DATE    0                         0      0        0
  SINCE DEC 1      0                         0      0        0
  SINCE JAN 1      0                         0      0        0
..................................................................


WIND (MPH)
  HIGHEST WIND SPEED    13   HIGHEST WIND DIRECTION    SW (240)
  HIGHEST GUST SPEED    17   HIGHEST GUST DIRECTION    SE (130)
  AVERAGE WIND SPEED     7.5


SKY COVER
  POSSIBLE SUNSHINE  MM
  AVERAGE SKY COVER 1.0


WEATHER CONDITIONS
 THE FOLLOWING WEATHER WAS RECORDED YESTERDAY.
  FOG
  FOG W/VISIBILITY <= 1/4 MILE


RELATIVE HUMIDITY (PERCENT)
 HIGHEST   100          1200 AM
 LOWEST     92           200 PM
 AVERAGE    96

..........................................................


THE DUBUQUE IA CLIMATE NORMALS FOR TODAY
                         NORMAL    RECORD    YEAR
 MAXIMUM TEMPERATURE (F)   27        55      2002
 MINIMUM TEMPERATURE (F)   11       -26      1936


SUNRISE AND SUNSET
JANUARY 22 2017.......SUNRISE   725 AM CST   SUNSET   504 PM CST
JANUARY 23 2017.......SUNRISE   724 AM CST   SUNSET   506 PM CST


-  INDICATES NEGATIVE NUMBERS.
R  INDICATES RECORD WAS SET OR TIED.
MM INDICATES DATA IS MISSING.
T  INDICATES TRACE AMOUNT.




$$
