000
CDUS43 KDVN 221003
CLIDBQ


CLIMATE REPORT
NATIONAL WEATHER SERVICE QUAD CITIES IA IL
402 AM CST WED FEB 22 2017


...................................

...THE DUBUQUE IA CLIMATE SUMMARY FOR FEBRUARY 21 2017...

CLIMATE NORMAL PERIOD 1981 TO 2010
CLIMATE RECORD PERIOD 1873 TO 2017


WEATHER ITEM   OBSERVED TIME   RECORD YEAR NORMAL DEPARTURE LAST
                VALUE   (LST)  VALUE       VALUE  FROM      YEAR
                                                  NORMAL
..................................................................
TEMPERATURE (F)
 YESTERDAY
  MAXIMUM         61    320 PM  63    1930  34     27       43
  MINIMUM         38    618 AM -13    1963  18     20       29
  AVERAGE         50                        26     24       36

PRECIPITATION (IN)
  YESTERDAY        0.00          1.10 1878   0.06  -0.06     0.00
  MONTH TO DATE    1.25                      1.02   0.23     0.55
  SINCE DEC 1      4.80                      4.03   0.77     5.20
  SINCE JAN 1      3.26                      2.19   1.07     1.01

SNOWFALL (IN)
  YESTERDAY        0.0          MM      MM   0.3   -0.3      0.0
  MONTH TO DATE    T                         7.1   -7.1      7.0
  SINCE DEC 1     21.2                      28.9   -7.7     19.1
  SINCE JUL 1     21.2                      31.7  -10.5     30.9
  SNOW DEPTH       0

DEGREE DAYS
 HEATING
  YESTERDAY       15                        39    -24       29
  MONTH TO DATE  677                       891   -214      866
  SINCE DEC 1   3302                      3628   -326     3044
  SINCE JUL 1   4294                      5128   -834     4251

 COOLING
  YESTERDAY        0                         0      0        0
  MONTH TO DATE    0                         0      0        0
  SINCE DEC 1      0                         0      0        0
  SINCE JAN 1      0                         0      0        0
..................................................................


WIND (MPH)
  HIGHEST WIND SPEED    14   HIGHEST WIND DIRECTION     W (290)
  HIGHEST GUST SPEED    17   HIGHEST GUST DIRECTION    NW (300)
  AVERAGE WIND SPEED     6.4


SKY COVER
  POSSIBLE SUNSHINE  MM
  AVERAGE SKY COVER 0.1


WEATHER CONDITIONS
 THE FOLLOWING WEATHER WAS RECORDED YESTERDAY.
  FOG
  FOG W/VISIBILITY <= 1/4 MILE


RELATIVE HUMIDITY (PERCENT)
 HIGHEST   100           100 AM
 LOWEST     49           300 PM
 AVERAGE    75

..........................................................


THE DUBUQUE IA CLIMATE NORMALS FOR TODAY
                         NORMAL    RECORD    YEAR
 MAXIMUM TEMPERATURE (F)   34        61      1984
 MINIMUM TEMPERATURE (F)   18       -16      1936


SUNRISE AND SUNSET
FEBRUARY 22 2017......SUNRISE   649 AM CST   SUNSET   544 PM CST
FEBRUARY 23 2017......SUNRISE   647 AM CST   SUNSET   546 PM CST


-  INDICATES NEGATIVE NUMBERS.
R  INDICATES RECORD WAS SET OR TIED.
MM INDICATES DATA IS MISSING.
T  INDICATES TRACE AMOUNT.




$$
