000
CDUS43 KDVN 221010
CLIDBQ


CLIMATE REPORT
NATIONAL WEATHER SERVICE QUAD CITIES IA IL
409 AM CST SAT NOV 22 2014


...................................

...THE DUBUQUE IA CLIMATE SUMMARY FOR NOVEMBER 21 2014...

CLIMATE NORMAL PERIOD 1981 TO 2010
CLIMATE RECORD PERIOD 1873 TO 2014


WEATHER ITEM   OBSERVED TIME   RECORD YEAR NORMAL DEPARTURE LAST
                VALUE   (LST)  VALUE       VALUE  FROM      YEAR
                                                  NORMAL
..................................................................
TEMPERATURE (F)
 YESTERDAY
  MAXIMUM         31   1159 PM  69    1913  42    -11       40
  MINIMUM          1    432 AM  -5    1880  26    -25       35
  AVERAGE         16                        34    -18       38

PRECIPITATION (IN)
  YESTERDAY        0.03          1.36 1934   0.08  -0.05     0.01
  MONTH TO DATE    0.28                      1.66  -1.38     1.74
  SINCE SEP 1      5.47                      7.78  -2.31     5.93
  SINCE JAN 1     35.62                     33.76   1.86    36.62

SNOWFALL (IN)
  YESTERDAY        0.0          MM      MM   0.1   -0.1       T
  MONTH TO DATE    2.3                       1.2    1.1      1.4
  SINCE SEP 1      2.3                       1.2    1.1      1.4
  SINCE JUL 1      2.3                       1.2    1.1      1.4
  SNOW DEPTH       T

DEGREE DAYS
 HEATING
  YESTERDAY       49                        31     18       27
  MONTH TO DATE  761                       543    218      575
  SINCE SEP 1   1425                      1165    260     1174
  SINCE JUL 1   1454                      1192    262     1206

 COOLING
  YESTERDAY        0                         0      0        0
  MONTH TO DATE    0                         0      0        0
  SINCE SEP 1     44                        67    -23      104
  SINCE JAN 1    526                       643   -117      640
..................................................................


WIND (MPH)
  HIGHEST WIND SPEED    22   HIGHEST WIND DIRECTION     S (160)
  HIGHEST GUST SPEED    25   HIGHEST GUST DIRECTION     S (190)
  AVERAGE WIND SPEED    10.0


SKY COVER
  POSSIBLE SUNSHINE  MM
  AVERAGE SKY COVER 0.2


WEATHER CONDITIONS
 THE FOLLOWING WEATHER WAS RECORDED YESTERDAY.
  FREEZING RAIN
  LT FREEZING RAIN
  FOG


RELATIVE HUMIDITY (PERCENT)
 HIGHEST    95           500 AM
 LOWEST     43           300 PM
 AVERAGE    69

..........................................................


THE DUBUQUE IA CLIMATE NORMALS FOR TODAY
                         NORMAL    RECORD    YEAR
 MAXIMUM TEMPERATURE (F)   41        64      1908
 MINIMUM TEMPERATURE (F)   25         2      1929
                                             1880


SUNRISE AND SUNSET
NOVEMBER 22 2014......SUNRISE   702 AM CST   SUNSET   435 PM CST
NOVEMBER 23 2014......SUNRISE   703 AM CST   SUNSET   435 PM CST


-  INDICATES NEGATIVE NUMBERS.
R  INDICATES RECORD WAS SET OR TIED.
MM INDICATES DATA IS MISSING.
T  INDICATES TRACE AMOUNT.




$$
