000
CDUS43 KDVN 280909
CLIDBQ


CLIMATE REPORT
NATIONAL WEATHER SERVICE QUAD CITIES IA IL
408 AM CDT THU APR 28 2016


...................................

...THE DUBUQUE IA CLIMATE SUMMARY FOR APRIL 27 2016...

CLIMATE NORMAL PERIOD 1981 TO 2010
CLIMATE RECORD PERIOD 1873 TO 2016


WEATHER ITEM   OBSERVED TIME   RECORD YEAR NORMAL DEPARTURE LAST
                VALUE   (LST)  VALUE       VALUE  FROM      YEAR
                                                  NORMAL
..................................................................
TEMPERATURE (F)
 YESTERDAY
  MAXIMUM         47    138 PM  82    1981  63    -16       65
                                      1977
                                      1962
  MINIMUM         42    703 AM  28    1958  42      0       33
  AVERAGE         45                        52     -7       49

PRECIPITATION (IN)
  YESTERDAY        0.10          2.38 1942   0.13  -0.03     0.00
  MONTH TO DATE    1.72                      3.25  -1.53     1.90
  SINCE MAR 1      4.74                      5.66  -0.92     2.70
  SINCE JAN 1      5.82                      8.27  -2.45     4.99

SNOWFALL (IN)
  YESTERDAY        0.0          MM      MM   0.0    0.0      0.0
  MONTH TO DATE    0.5                       1.9   -1.4      0.0
  SINCE MAR 1      3.3                       8.2   -4.9      4.1
  SINCE JUL 1     34.8                      41.8   -7.0     33.7
  SNOW DEPTH       0

DEGREE DAYS
 HEATING
  YESTERDAY       20                        13      7       16
  MONTH TO DATE  454                       474    -20      408
  SINCE MAR 1   1199                      1392   -193     1320
  SINCE JUL 1   5676                      6785  -1109     7168

 COOLING
  YESTERDAY        0                         0      0        0
  MONTH TO DATE    3                         0      3        0
  SINCE MAR 1      3                         0      3        0
  SINCE JAN 1      3                         0      3        0
..................................................................


WIND (MPH)
  HIGHEST WIND SPEED    28   HIGHEST WIND DIRECTION     E (80)
  HIGHEST GUST SPEED    36   HIGHEST GUST DIRECTION     E (90)
  AVERAGE WIND SPEED    17.8


SKY COVER
  POSSIBLE SUNSHINE  MM
  AVERAGE SKY COVER 0.9


WEATHER CONDITIONS
 THE FOLLOWING WEATHER WAS RECORDED YESTERDAY.
  THUNDERSTORM
  LIGHT RAIN
  FOG


RELATIVE HUMIDITY (PERCENT)
 HIGHEST    89           300 PM
 LOWEST     58           800 AM
 AVERAGE    74

..........................................................


THE DUBUQUE IA CLIMATE NORMALS FOR TODAY
                         NORMAL    RECORD    YEAR
 MAXIMUM TEMPERATURE (F)   63        87      1915
 MINIMUM TEMPERATURE (F)   42        30      2008


SUNRISE AND SUNSET
APRIL 28 2016.........SUNRISE   601 AM CDT   SUNSET   800 PM CDT
APRIL 29 2016.........SUNRISE   600 AM CDT   SUNSET   801 PM CDT


-  INDICATES NEGATIVE NUMBERS.
R  INDICATES RECORD WAS SET OR TIED.
MM INDICATES DATA IS MISSING.
T  INDICATES TRACE AMOUNT.




$$
