000
CDUS41 KLWX 260519
CLIDCA


CLIMATE REPORT
NATIONAL WEATHER SERVICE BALTIMORE MD/WASHINGTON DC
119 AM EDT SUN OCT 26 2014


...................................

...THE WASHINGTON NATIONAL DC CLIMATE SUMMARY FOR OCTOBER 25 2014...

CLIMATE NORMAL PERIOD 1981 TO 2010
CLIMATE RECORD PERIOD 1871 TO 2014


WEATHER ITEM   OBSERVED TIME   RECORD YEAR NORMAL DEPARTURE LAST
                VALUE   (LST)  VALUE       VALUE  FROM      YEAR
                                                  NORMAL
..................................................................
TEMPERATURE (F)
 YESTERDAY
  MAXIMUM         74    312 PM  80    1902  66      8       57
  MINIMUM         49    625 AM  31    1937  48      1       38
  AVERAGE         62                        56      6       48

PRECIPITATION (IN)
  YESTERDAY        0.00          3.12 1872   0.11  -0.11     0.00
  MONTH TO DATE    3.46                      2.73   0.73     6.19
  SINCE SEP 1      4.57                      6.45  -1.88     7.41
  SINCE JAN 1     38.24                     32.85   5.39    35.73

SNOWFALL (IN)
  YESTERDAY        0.0          MM      MM   0.0    0.0
  MONTH TO DATE    0.0                       0.0    0.0
  SINCE JUL 1      0.0                       0.0    0.0
  SNOW DEPTH       0

DEGREE DAYS
 HEATING
  YESTERDAY        3                         9     -6       17
  MONTH TO DATE   68                       146    -78       96
  SINCE SEP 1     68                       170   -102      105
  SINCE JUL 1     68                       170   -102      105

 COOLING
  YESTERDAY        0                         0      0        0
  MONTH TO DATE   42                        33      9       83
  SINCE SEP 1    315                       235     80      287
  SINCE JAN 1   1708                      1546    162     1717
..................................................................


WIND (MPH)
  HIGHEST WIND SPEED    13   HIGHEST WIND DIRECTION     S (180)
  HIGHEST GUST SPEED    14   HIGHEST GUST DIRECTION     S (180)
  AVERAGE WIND SPEED     7.2


SKY COVER
  POSSIBLE SUNSHINE  MM
  AVERAGE SKY COVER 0.1


WEATHER CONDITIONS
 THE FOLLOWING WEATHER WAS RECORDED YESTERDAY.
  NO SIGNIFICANT WEATHER WAS OBSERVED.


RELATIVE HUMIDITY (PERCENT)
 HIGHEST    74           600 AM
 LOWEST     29           300 PM
 AVERAGE    52

..........................................................


THE WASHINGTON NATIONAL DC CLIMATE NORMALS FOR TODAY
                         NORMAL    RECORD    YEAR
 MAXIMUM TEMPERATURE (F)   65        82      1978
                                             1920
 MINIMUM TEMPERATURE (F)   47        28      1879


SUNRISE AND SUNSET
OCTOBER 26 2014.......SUNRISE   729 AM EDT   SUNSET   615 PM EDT
OCTOBER 27 2014.......SUNRISE   730 AM EDT   SUNSET   614 PM EDT


-  INDICATES NEGATIVE NUMBERS.
R  INDICATES RECORD WAS SET OR TIED.
MM INDICATES DATA IS MISSING.
T  INDICATES TRACE AMOUNT.




$$
