827
CDUS41 KLWX 030539
CLIDCA


CLIMATE REPORT
NATIONAL WEATHER SERVICE BALTIMORE MD/WASHINGTON DC
137 AM EDT TUE MAY 3 2016


...................................

...THE WASHINGTON NATIONAL DC CLIMATE SUMMARY FOR MAY 2 2016...

CLIMATE NORMAL PERIOD 1981 TO 2010
CLIMATE RECORD PERIOD 1871 TO 2016


WEATHER ITEM   OBSERVED TIME   RECORD YEAR NORMAL DEPARTURE LAST
                VALUE   (LST)  VALUE       VALUE  FROM      YEAR
                                                  NORMAL
..................................................................
TEMPERATURE (F)
 YESTERDAY
  MAXIMUM         76    359 PM  89    1930  72      4       78
  MINIMUM         55    627 AM  35    1945  52      3       51
  AVERAGE         66                        62      4       65

PRECIPITATION (IN)
  YESTERDAY        1.24          1.36 1949   0.12   1.12     0.00
  MONTH TO DATE    1.72                      0.23   1.49     0.11
  SINCE MAR 1      4.93                      6.77  -1.84     7.56
  SINCE JAN 1     11.40                     12.20  -0.80    12.97

SNOWFALL (IN)
  YESTERDAY        0.0          MM      MM   0.0    0.0
  MONTH TO DATE    0.0                       0.0    0.0
  SINCE JUL 1     22.2                      15.4    6.8
  SNOW DEPTH       0

DEGREE DAYS
 HEATING
  YESTERDAY        0                         5     -5        0
  MONTH TO DATE    9                        10     -1        6
  SINCE MAR 1    629                       848   -219      790
  SINCE JUL 1   3230                      3956   -726     3914

 COOLING
  YESTERDAY        1                         1      0        0
  MONTH TO DATE    1                         2     -1        0
  SINCE MAR 1     37                        28      9       20
  SINCE JAN 1     37                        28      9       20
..................................................................


WIND (MPH)
  HIGHEST WIND SPEED    14   HIGHEST WIND DIRECTION    NE (30)
  HIGHEST GUST SPEED    50   HIGHEST GUST DIRECTION     N (340)
  AVERAGE WIND SPEED     5.5


SKY COVER
  POSSIBLE SUNSHINE  MM
  AVERAGE SKY COVER 0.9


WEATHER CONDITIONS
 THE FOLLOWING WEATHER WAS RECORDED YESTERDAY.
  THUNDERSTORM
  HEAVY RAIN
  RAIN
  LIGHT RAIN
  FOG


RELATIVE HUMIDITY (PERCENT)
 HIGHEST   100           700 AM
 LOWEST     69           500 PM
 AVERAGE    85

..........................................................


THE WASHINGTON NATIONAL DC CLIMATE NORMALS FOR TODAY
                         NORMAL    RECORD    YEAR
 MAXIMUM TEMPERATURE (F)   72        91      1965
 MINIMUM TEMPERATURE (F)   52        36      1909
                                             1879


SUNRISE AND SUNSET
MAY  3 2016...........SUNRISE   607 AM EDT   SUNSET   803 PM EDT
MAY  4 2016...........SUNRISE   606 AM EDT   SUNSET   804 PM EDT


-  INDICATES NEGATIVE NUMBERS.
R  INDICATES RECORD WAS SET OR TIED.
MM INDICATES DATA IS MISSING.
T  INDICATES TRACE AMOUNT.




$$
