000
CDUS41 KALY 290630
CLIDDH


CLIMATE REPORT
NATIONAL WEATHER SERVICE ALBANY NY
228 AM EDT WED MAR 29 2017


...................................

...THE BENNINGTON VT CLIMATE SUMMARY FOR MARCH 28 2017...

CLIMATE NORMAL PERIOD 1981 TO 2010
CLIMATE RECORD PERIOD 9999 TO 9999


WEATHER ITEM   OBSERVED TIME   NORMAL DEPARTURE LAST
                VALUE   (LST)  VALUE  FROM      YEAR
                                      NORMAL
......................................................
TEMPERATURE (F)
 YESTERDAY
  MAXIMUM         55   1147 AM  49      6       51
  MINIMUM         38    600 AM  27     11       38
  AVERAGE         47            38      9       45

PRECIPITATION (IN)
  YESTERDAY        0.28          0.10   0.18     0.47
  MONTH TO DATE    2.08          2.84  -0.76     2.38
  SINCE MAR 1      2.08          2.84  -0.76     2.38
  SINCE JAN 1      5.71          7.83  -2.12     7.42

DEGREE DAYS
 HEATING
  YESTERDAY       18            27     -9       20
  MONTH TO DATE 1017           905    112      703
  SINCE MAR 1   1017           905    112      703
  SINCE JUL 1   5552          6156   -604     5036

 COOLING
  YESTERDAY        0             0      0        0
  MONTH TO DATE    0             0      0        0
  SINCE MAR 1      0             0      0        0
  SINCE JAN 1      0             0      0        0
......................................................


WIND (MPH)
  HIGHEST WIND SPEED     8   HIGHEST WIND DIRECTION     W (290)
  HIGHEST GUST SPEED    11   HIGHEST GUST DIRECTION    NW (310)
  AVERAGE WIND SPEED     1.7


SKY COVER
  AVERAGE SKY COVER 1.0



RELATIVE HUMIDITY (PERCENT)
 HIGHEST   100           400 AM
 LOWEST     71          1000 AM
 AVERAGE    86

..........................................................


THE BENNINGTON VT CLIMATE NORMALS FOR TODAY
                         NORMAL
 MAXIMUM TEMPERATURE (F)   49
 MINIMUM TEMPERATURE (F)   27


SUNRISE AND SUNSET
MARCH 29 2017.........SUNRISE   640 AM EDT   SUNSET   716 PM EDT
MARCH 30 2017.........SUNRISE   638 AM EDT   SUNSET   717 PM EDT


-  INDICATES NEGATIVE NUMBERS.
R  INDICATES RECORD WAS SET OR TIED.
MM INDICATES DATA IS MISSING.
T  INDICATES TRACE AMOUNT.




$$
