000
CDUS41 KALY 100638
CLIDDH


CLIMATE REPORT
NATIONAL WEATHER SERVICE ALBANY NY
136 AM EST SAT DEC 10 2016


...................................

...THE BENNINGTON VT CLIMATE SUMMARY FOR DECEMBER 9 2016...

CLIMATE NORMAL PERIOD 1981 TO 2010
CLIMATE RECORD PERIOD 9999 TO 9999


WEATHER ITEM   OBSERVED TIME   NORMAL DEPARTURE LAST
                VALUE   (LST)  VALUE  FROM      YEAR
                                      NORMAL
......................................................
TEMPERATURE (F)
 YESTERDAY
  MAXIMUM         30    234 AM  38     -8       48
  MINIMUM         20   1159 PM  23     -3       24
  AVERAGE         25            30     -5       36

PRECIPITATION (IN)
  YESTERDAY        T             0.10  -0.10     0.00
  MONTH TO DATE    0.57          0.87  -0.30     0.87
  SINCE DEC 1      0.57          0.87  -0.30     0.87
  SINCE JAN 1     31.11         38.78  -7.67    26.08

DEGREE DAYS
 HEATING
  YESTERDAY       40            35      5       29
  MONTH TO DATE  278           299    -21      255
  SINCE DEC 1    278           299    -21      255
  SINCE JUL 1   1648          1912   -264     1598

 COOLING
  YESTERDAY        0             0      0        0
  MONTH TO DATE    0             0      0        0
  SINCE DEC 1      0             0      0        0
  SINCE JAN 1    488           313    175      444
......................................................


WIND (MPH)
  HIGHEST WIND SPEED    16   HIGHEST WIND DIRECTION     W (290)
  HIGHEST GUST SPEED    MM   HIGHEST GUST DIRECTION    MM
  AVERAGE WIND SPEED    11.0


SKY COVER
  AVERAGE SKY COVER 0.8



RELATIVE HUMIDITY (PERCENT)
 HIGHEST    75           500 AM
 LOWEST     46          1100 AM
 AVERAGE    61

..........................................................


THE BENNINGTON VT CLIMATE NORMALS FOR TODAY
                         NORMAL
 MAXIMUM TEMPERATURE (F)   38
 MINIMUM TEMPERATURE (F)   22


SUNRISE AND SUNSET
DECEMBER 10 2016......SUNRISE   713 AM EST   SUNSET   419 PM EST
DECEMBER 11 2016......SUNRISE   714 AM EST   SUNSET   419 PM EST


-  INDICATES NEGATIVE NUMBERS.
R  INDICATES RECORD WAS SET OR TIED.
MM INDICATES DATA IS MISSING.
T  INDICATES TRACE AMOUNT.




$$
