300
CDUS43 KILX 230708
CLIDEC


CLIMATE REPORT
NATIONAL WEATHER SERVICE LINCOLN IL
107 AM CST MON JAN 23 2017


...................................

...THE DECATUR IL AIRPORT CLIMATE SUMMARY FOR JANUARY 22 2017...

CLIMATE NORMAL PERIOD 1981 TO 2010
CLIMATE RECORD PERIOD 9999 TO 9999


WEATHER ITEM   OBSERVED TIME   RECORD YEAR NORMAL DEPARTURE LAST
                VALUE   (LST)  VALUE       VALUE  FROM      YEAR
                                                  NORMAL
..................................................................
TEMPERATURE (F)
 YESTERDAY
  MAXIMUM         50    335 PM  MM      MM  35     15       29
  MINIMUM         39    750 AM  MM      MM  19     20       17
  AVERAGE         45                        27     18       23

PRECIPITATION (IN)
  YESTERDAY        0.00         MM      MM   0.04  -0.04     0.00
  MONTH TO DATE    1.65                      1.35   0.30     0.80
  SINCE DEC 1      2.34                      3.89  -1.55    10.02
  SINCE JAN 1      1.65                      1.35   0.30     0.80

DEGREE DAYS
 HEATING
  YESTERDAY       20                        38    -18       42
  MONTH TO DATE  717                       831   -114      870
  SINCE DEC 1   1751                      1889   -138     1569
  SINCE JUL 1   2447                      2970   -523     2351

 COOLING
  YESTERDAY        0                         0      0        0
  MONTH TO DATE    0                         0      0        0
  SINCE DEC 1      0                         0      0        0
  SINCE JAN 1      0                         0      0        0
..................................................................


WIND (MPH)
  HIGHEST WIND SPEED    21   HIGHEST WIND DIRECTION     N (340)
  HIGHEST GUST SPEED    26   HIGHEST GUST DIRECTION     N (360)
  AVERAGE WIND SPEED    11.4


SKY COVER
  POSSIBLE SUNSHINE  MM
  AVERAGE SKY COVER 0.5


WEATHER CONDITIONS
 THE FOLLOWING WEATHER WAS RECORDED YESTERDAY.
  FOG


RELATIVE HUMIDITY (PERCENT)
 HIGHEST   100           100 AM
 LOWEST     80          1200 AM
 AVERAGE    90

..........................................................


THE DECATUR IL AIRPORT CLIMATE NORMALS FOR TODAY
                         NORMAL    RECORD    YEAR
 MAXIMUM TEMPERATURE (F)   35        MM        MM
 MINIMUM TEMPERATURE (F)   19        MM        MM


SUNRISE AND SUNSET
JANUARY 23 2017.......SUNRISE   711 AM CST   SUNSET   505 PM CST
JANUARY 24 2017.......SUNRISE   710 AM CST   SUNSET   506 PM CST


-  INDICATES NEGATIVE NUMBERS.
R  INDICATES RECORD WAS SET OR TIED.
MM INDICATES DATA IS MISSING.
T  INDICATES TRACE AMOUNT.




$$
