000
CDUS43 KILX 220643
CLIDEC


CLIMATE REPORT
NATIONAL WEATHER SERVICE LINCOLN IL
142 AM CDT FRI AUG 22 2014


...................................

...THE DECATUR IL AIRPORT CLIMATE SUMMARY FOR AUGUST 21 2014...

CLIMATE NORMAL PERIOD 1981 TO 2010
CLIMATE RECORD PERIOD 9999 TO 9999


WEATHER ITEM   OBSERVED TIME   RECORD YEAR NORMAL DEPARTURE LAST
                VALUE   (LST)  VALUE       VALUE  FROM      YEAR
                                                  NORMAL
..................................................................
TEMPERATURE (F)
 YESTERDAY
  MAXIMUM         89    327 PM  MM      MM  84      5       88
  MINIMUM         73    238 AM  MM      MM  63     10       63
  AVERAGE         81                        73      8       76

PRECIPITATION (IN)
  YESTERDAY        0.00         MM      MM   0.14  -0.14     0.00
  MONTH TO DATE    2.77                      2.24   0.53     0.02
  SINCE JUN 1     12.11                     10.45   1.66     8.06
  SINCE JAN 1     21.77                     24.90  -3.13    26.37

DEGREE DAYS
 HEATING
  YESTERDAY        0                         0      0        0
  MONTH TO DATE    0                         0      0        6
  SINCE JUN 1      3                        18    -15       24
  SINCE JUL 1      2                         1      1       10

 COOLING
  YESTERDAY       16                         8      8       11
  MONTH TO DATE  149                       192    -43      129
  SINCE JUN 1    608                       754   -146      634
  SINCE JAN 1    753                       841    -88      746
..................................................................


WIND (MPH)
  HIGHEST WIND SPEED    18   HIGHEST WIND DIRECTION    SW (220)
  HIGHEST GUST SPEED    22   HIGHEST GUST DIRECTION    SW (230)
  AVERAGE WIND SPEED    10.9


SKY COVER
  POSSIBLE SUNSHINE  MM
  AVERAGE SKY COVER 0.1


WEATHER CONDITIONS
 THE FOLLOWING WEATHER WAS RECORDED YESTERDAY.
  NO SIGNIFICANT WEATHER WAS OBSERVED.


RELATIVE HUMIDITY (PERCENT)
 HIGHEST    93           400 AM
 LOWEST     63          1200 PM
 AVERAGE    78

..........................................................


THE DECATUR IL AIRPORT CLIMATE NORMALS FOR TODAY
                         NORMAL    RECORD    YEAR
 MAXIMUM TEMPERATURE (F)   84        MM        MM
 MINIMUM TEMPERATURE (F)   62        MM        MM


SUNRISE AND SUNSET
AUGUST 22 2014........SUNRISE   614 AM CDT   SUNSET   742 PM CDT
AUGUST 23 2014........SUNRISE   615 AM CDT   SUNSET   740 PM CDT


-  INDICATES NEGATIVE NUMBERS.
R  INDICATES RECORD WAS SET OR TIED.
MM INDICATES DATA IS MISSING.
T  INDICATES TRACE AMOUNT.




$$
