000
CDUS43 KILX 260645
CLIDEC


CLIMATE REPORT
NATIONAL WEATHER SERVICE LINCOLN IL
1235 AM CST MON JAN 26 2015


...................................

...THE DECATUR IL AIRPORT CLIMATE SUMMARY FOR JANUARY 25 2015...

CLIMATE NORMAL PERIOD 1981 TO 2010
CLIMATE RECORD PERIOD 9999 TO 9999


WEATHER ITEM   OBSERVED TIME   RECORD YEAR NORMAL DEPARTURE LAST
                VALUE   (LST)  VALUE       VALUE  FROM      YEAR
                                                  NORMAL
..................................................................
TEMPERATURE (F)
 YESTERDAY
  MAXIMUM         41    826 AM  MM      MM  35      6       36
  MINIMUM         29   1159 PM  MM      MM  19     10       14
  AVERAGE         35                        27      8       25

PRECIPITATION (IN)
  YESTERDAY        0.06         MM      MM   0.04   0.02      T
  MONTH TO DATE    0.87                      1.48  -0.61     0.71
  SINCE DEC 1      2.88                      4.02  -1.14     2.25
  SINCE JAN 1      0.87                      1.48  -0.61     0.71

DEGREE DAYS
 HEATING
  YESTERDAY       30                        38     -8       40
  MONTH TO DATE  974                       945     29     1018
  SINCE DEC 1   1926                      2003    -77     2145
  SINCE JUL 1   3199                      3084    115     3293

 COOLING
  YESTERDAY        0                         0      0        0
  MONTH TO DATE    0                         0      0        0
  SINCE DEC 1      0                         0      0        0
  SINCE JAN 1      0                         0      0        0
..................................................................


WIND (MPH)
  HIGHEST WIND SPEED    26   HIGHEST WIND DIRECTION     N (20)
  HIGHEST GUST SPEED    36   HIGHEST GUST DIRECTION    NE (30)
  AVERAGE WIND SPEED    13.1


SKY COVER
  POSSIBLE SUNSHINE  MM
  AVERAGE SKY COVER 0.9


WEATHER CONDITIONS
 THE FOLLOWING WEATHER WAS RECORDED YESTERDAY.
  LIGHT RAIN
  FOG


RELATIVE HUMIDITY (PERCENT)
 HIGHEST   100           900 AM
 LOWEST     79           500 AM
 AVERAGE    90

..........................................................


THE DECATUR IL AIRPORT CLIMATE NORMALS FOR TODAY
                         NORMAL    RECORD    YEAR
 MAXIMUM TEMPERATURE (F)   35        MM        MM
 MINIMUM TEMPERATURE (F)   19        MM        MM


SUNRISE AND SUNSET
JANUARY 26 2015.......SUNRISE   709 AM CST   SUNSET   508 PM CST
JANUARY 27 2015.......SUNRISE   708 AM CST   SUNSET   509 PM CST


-  INDICATES NEGATIVE NUMBERS.
R  INDICATES RECORD WAS SET OR TIED.
MM INDICATES DATA IS MISSING.
T  INDICATES TRACE AMOUNT.




$$
