000
CDUS43 KILX 300708
CLIDEC


CLIMATE REPORT
NATIONAL WEATHER SERVICE LINCOLN IL
208 AM CDT TUE AUG 30 2016


...................................

...THE DECATUR IL AIRPORT CLIMATE SUMMARY FOR AUGUST 29 2016...

CLIMATE NORMAL PERIOD 1981 TO 2010
CLIMATE RECORD PERIOD 9999 TO 9999


WEATHER ITEM   OBSERVED TIME   RECORD YEAR NORMAL DEPARTURE LAST
                VALUE   (LST)  VALUE       VALUE  FROM      YEAR
                                                  NORMAL
..................................................................
TEMPERATURE (F)
 YESTERDAY
  MAXIMUM         89    438 PM  MM      MM  83      6       82
  MINIMUM         68    548 AM  MM      MM  61      7       65
  AVERAGE         79                        72      7       74

PRECIPITATION (IN)
  YESTERDAY        0.00         MM      MM   0.14  -0.14     0.01
  MONTH TO DATE    5.09                      3.37   1.72     2.29
  SINCE JUN 1     12.02                     11.58   0.44    12.21
  SINCE JAN 1     22.88                     26.03  -3.15    22.91

DEGREE DAYS
 HEATING
  YESTERDAY        0                         0      0        0
  MONTH TO DATE    0                         0      0        1
  SINCE JUN 1      5                        18    -13        9
  SINCE JUL 1      5                         1      4        2

 COOLING
  YESTERDAY       14                         7      7        9
  MONTH TO DATE  341                       255     86      230
  SINCE JUN 1   1024                       817    207      789
  SINCE JAN 1   1114                       904    210      933
..................................................................


WIND (MPH)
  HIGHEST WIND SPEED    12   HIGHEST WIND DIRECTION    SE (150)
  HIGHEST GUST SPEED    13   HIGHEST GUST DIRECTION    SE (140)
  AVERAGE WIND SPEED     3.6


SKY COVER
  POSSIBLE SUNSHINE  MM
  AVERAGE SKY COVER 0.0


WEATHER CONDITIONS
 THE FOLLOWING WEATHER WAS RECORDED YESTERDAY.
  FOG


RELATIVE HUMIDITY (PERCENT)
 HIGHEST    97           400 AM
 LOWEST     59           300 PM
 AVERAGE    78

..........................................................


THE DECATUR IL AIRPORT CLIMATE NORMALS FOR TODAY
                         NORMAL    RECORD    YEAR
 MAXIMUM TEMPERATURE (F)   83        MM        MM
 MINIMUM TEMPERATURE (F)   61        MM        MM


SUNRISE AND SUNSET
AUGUST 30 2016........SUNRISE   622 AM CDT   SUNSET   729 PM CDT
AUGUST 31 2016........SUNRISE   623 AM CDT   SUNSET   727 PM CDT


-  INDICATES NEGATIVE NUMBERS.
R  INDICATES RECORD WAS SET OR TIED.
MM INDICATES DATA IS MISSING.
T  INDICATES TRACE AMOUNT.




$$
