185
CDUS43 KILX 260701
CLIDEC


CLIMATE REPORT
NATIONAL WEATHER SERVICE LINCOLN IL
159 AM CDT TUE JUL 26 2016


...................................

...THE DECATUR IL AIRPORT CLIMATE SUMMARY FOR JULY 25 2016...

CLIMATE NORMAL PERIOD 1981 TO 2010
CLIMATE RECORD PERIOD 9999 TO 9999


WEATHER ITEM   OBSERVED TIME   RECORD YEAR NORMAL DEPARTURE LAST
                VALUE   (LST)  VALUE       VALUE  FROM      YEAR
                                                  NORMAL
..................................................................
TEMPERATURE (F)
 YESTERDAY
  MAXIMUM         87    254 PM  MM      MM  86      1       89
  MINIMUM         71    344 AM  MM      MM  64      7       69
  AVERAGE         79                        75      4       79

PRECIPITATION (IN)
  YESTERDAY        0.27         MM      MM   0.12   0.15     0.00
  MONTH TO DATE    4.45                      3.19   1.26     4.63
  SINCE JUN 1      6.61                      7.54  -0.93     9.89
  SINCE JAN 1     17.47                     21.99  -4.52    20.59

DEGREE DAYS
 HEATING
  YESTERDAY        0                         0      0        0
  MONTH TO DATE    5                         0      5        1
  SINCE JUN 1      5                        17    -12        8
  SINCE JUL 1      5                         0      5        1

 COOLING
  YESTERDAY       14                        10      4       14
  MONTH TO DATE  292                       272     20      213
  SINCE JUN 1    615                       501    114      471
  SINCE JAN 1    705                       588    117      615
..................................................................


WIND (MPH)
  HIGHEST WIND SPEED    14   HIGHEST WIND DIRECTION     W (270)
  HIGHEST GUST SPEED    19   HIGHEST GUST DIRECTION     W (250)
  AVERAGE WIND SPEED     5.7


SKY COVER
  POSSIBLE SUNSHINE  MM
  AVERAGE SKY COVER 0.3


WEATHER CONDITIONS
 THE FOLLOWING WEATHER WAS RECORDED YESTERDAY.
  THUNDERSTORM
  HEAVY RAIN
  RAIN
  LIGHT RAIN
  FOG


RELATIVE HUMIDITY (PERCENT)
 HIGHEST    93           400 AM
 LOWEST     55           300 PM
 AVERAGE    74

..........................................................


THE DECATUR IL AIRPORT CLIMATE NORMALS FOR TODAY
                         NORMAL    RECORD    YEAR
 MAXIMUM TEMPERATURE (F)   86        MM        MM
 MINIMUM TEMPERATURE (F)   64        MM        MM


SUNRISE AND SUNSET
JULY 26 2016..........SUNRISE   549 AM CDT   SUNSET   814 PM CDT
JULY 27 2016..........SUNRISE   550 AM CDT   SUNSET   813 PM CDT


-  INDICATES NEGATIVE NUMBERS.
R  INDICATES RECORD WAS SET OR TIED.
MM INDICATES DATA IS MISSING.
T  INDICATES TRACE AMOUNT.




$$
