000
CDUS43 KILX 272153
CLIDEC


CLIMATE REPORT
NATIONAL WEATHER SERVICE LINCOLN IL
453 PM CDT SAT MAY 27 2017


...................................

...THE DECATUR IL AIRPORT CLIMATE SUMMARY FOR MAY 27 2017...
VALID TODAY AS OF 0400 PM LOCAL TIME.

CLIMATE NORMAL PERIOD 1981 TO 2010
CLIMATE RECORD PERIOD 9999 TO 9999


WEATHER ITEM   OBSERVED TIME   RECORD YEAR NORMAL DEPARTURE LAST
                VALUE   (LST)  VALUE       VALUE  FROM      YEAR
                                                  NORMAL
..................................................................
TEMPERATURE (F)
 TODAY
  MAXIMUM         77    259 PM  MM      MM  77      0       79
  MINIMUM         61    512 AM  MM      MM  55      6       66
  AVERAGE         69                        66      3       73

PRECIPITATION (IN)
  TODAY            0.00         MM      MM   0.11  -0.11     0.37
  MONTH TO DATE    8.49                      3.87   4.62     3.04
  SINCE MAR 1     16.77                     10.31   6.46     9.56
  SINCE JAN 1     18.87                     14.03   4.84    10.75

DEGREE DAYS
 HEATING
  TODAY            0                         3     -3        0
  MONTH TO DATE  148                       132     16      138
  SINCE MAR 1   1052                      1238   -186      993
  SINCE JUL 1   4411                      5495  -1084     4485

 COOLING
  TODAY            4                         4      0        8
  MONTH TO DATE   58                        57      1       44
  SINCE MAR 1     81                        71     10       51
  SINCE JAN 1     81                        71     10       51
..................................................................


WIND (MPH)
  HIGHEST WIND SPEED    10   HIGHEST WIND DIRECTION    NE (50)
  HIGHEST GUST SPEED    14   HIGHEST GUST DIRECTION     E (90)
  AVERAGE WIND SPEED     6.8


SKY COVER
  POSSIBLE SUNSHINE  MM
  AVERAGE SKY COVER 0.6


WEATHER CONDITIONS
 THE FOLLOWING WEATHER WAS RECORDED TODAY.
  FOG
  FOG W/VISIBILITY <= 1/4 MILE


RELATIVE HUMIDITY (PERCENT)
 HIGHEST   100           400 AM
 LOWEST     64           300 PM
 AVERAGE    82

..........................................................


THE DECATUR IL AIRPORT CLIMATE NORMALS FOR TOMORROW
                         NORMAL    RECORD    YEAR
 MAXIMUM TEMPERATURE (F)   78        MM        MM
 MINIMUM TEMPERATURE (F)   55        MM        MM


SUNRISE AND SUNSET
MAY 27 2017...........SUNRISE   532 AM CDT   SUNSET   814 PM CDT
MAY 28 2017...........SUNRISE   531 AM CDT   SUNSET   815 PM CDT


-  INDICATES NEGATIVE NUMBERS.
R  INDICATES RECORD WAS SET OR TIED.
MM INDICATES DATA IS MISSING.
T  INDICATES TRACE AMOUNT.




$$
