000
CDUS43 KILX 270645
CLIDEC


CLIMATE REPORT
NATIONAL WEATHER SERVICE LINCOLN IL
144 AM CDT FRI MAR 27 2015


...................................

...THE DECATUR IL AIRPORT CLIMATE SUMMARY FOR MARCH 26 2015...

CLIMATE NORMAL PERIOD 1981 TO 2010
CLIMATE RECORD PERIOD 9999 TO 9999


WEATHER ITEM   OBSERVED TIME   RECORD YEAR NORMAL DEPARTURE LAST
                VALUE   (LST)  VALUE       VALUE  FROM      YEAR
                                                  NORMAL
..................................................................
TEMPERATURE (F)
 YESTERDAY
  MAXIMUM         50    344 PM  MM      MM  56     -6       45
  MINIMUM         33   1159 PM  MM      MM  35     -2       15
  AVERAGE         42                        45     -3       30

PRECIPITATION (IN)
  YESTERDAY        0.21         MM      MM   0.09   0.12     0.00
  MONTH TO DATE    1.59                      2.16  -0.57     1.02
  SINCE MAR 1      1.59                      2.16  -0.57     1.02
  SINCE JAN 1      2.84                      5.88  -3.04     2.14

DEGREE DAYS
 HEATING
  YESTERDAY       23                        20      3       35
  MONTH TO DATE  677                       633     44      791
  SINCE MAR 1    677                       633     44      791
  SINCE JUL 1   5323                      4890    433     5603

 COOLING
  YESTERDAY        0                         0      0        0
  MONTH TO DATE    0                         0      0        0
  SINCE MAR 1      0                         0      0        0
  SINCE JAN 1      0                         0      0        0
..................................................................


WIND (MPH)
  HIGHEST WIND SPEED    21   HIGHEST WIND DIRECTION     N (350)
  HIGHEST GUST SPEED    29   HIGHEST GUST DIRECTION     N (340)
  AVERAGE WIND SPEED    12.7


SKY COVER
  POSSIBLE SUNSHINE  MM
  AVERAGE SKY COVER 0.4


WEATHER CONDITIONS
 THE FOLLOWING WEATHER WAS RECORDED YESTERDAY.
  RAIN
  LIGHT RAIN
  FOG


RELATIVE HUMIDITY (PERCENT)
 HIGHEST    93           100 AM
 LOWEST     39           500 PM
 AVERAGE    66

..........................................................


THE DECATUR IL AIRPORT CLIMATE NORMALS FOR TODAY
                         NORMAL    RECORD    YEAR
 MAXIMUM TEMPERATURE (F)   56        MM        MM
 MINIMUM TEMPERATURE (F)   35        MM        MM


SUNRISE AND SUNSET
MARCH 27 2015.........SUNRISE   648 AM CDT   SUNSET   714 PM CDT
MARCH 28 2015.........SUNRISE   646 AM CDT   SUNSET   715 PM CDT


-  INDICATES NEGATIVE NUMBERS.
R  INDICATES RECORD WAS SET OR TIED.
MM INDICATES DATA IS MISSING.
T  INDICATES TRACE AMOUNT.




$$
