000
CDUS43 KILX 200632
CLIDEC


CLIMATE REPORT
NATIONAL WEATHER SERVICE LINCOLN IL
131 AM CDT THU JUL 20 2017


...................................

...THE DECATUR IL AIRPORT CLIMATE SUMMARY FOR JULY 19 2017...

CLIMATE NORMAL PERIOD 1981 TO 2010
CLIMATE RECORD PERIOD 9999 TO 9999


WEATHER ITEM   OBSERVED TIME   RECORD YEAR NORMAL DEPARTURE LAST
                VALUE   (LST)  VALUE       VALUE  FROM      YEAR
                                                  NORMAL
..................................................................
TEMPERATURE (F)
 YESTERDAY
  MAXIMUM         92    236 PM  MM      MM  87      5       89
  MINIMUM         72    531 AM  MM      MM  65      7       68
  AVERAGE         82                        76      6       79

PRECIPITATION (IN)
  YESTERDAY        0.29         MM      MM   0.13   0.16     0.03
  MONTH TO DATE    2.53                      2.42   0.11     2.01
  SINCE JUN 1      3.95                      6.77  -2.82     4.17
  SINCE JAN 1     22.88                     21.22   1.66    15.03

DEGREE DAYS
 HEATING
  YESTERDAY        0                         0      0        0
  MONTH TO DATE    0                         0      0        5
  SINCE JUN 1      4                        17    -13        5
  SINCE JUL 1      0                         0      0        5

 COOLING
  YESTERDAY       17                        11      6       14
  MONTH TO DATE  232                       209     23      194
  SINCE JUN 1    487                       438     49      517
  SINCE JAN 1    584                       525     59      607
..................................................................


WIND (MPH)
  HIGHEST WIND SPEED    17   HIGHEST WIND DIRECTION     N (340)
  HIGHEST GUST SPEED    21   HIGHEST GUST DIRECTION     N (340)
  AVERAGE WIND SPEED     4.4


SKY COVER
  POSSIBLE SUNSHINE  MM
  AVERAGE SKY COVER 0.3


WEATHER CONDITIONS
 THE FOLLOWING WEATHER WAS RECORDED YESTERDAY.
  HEAVY RAIN
  LIGHT RAIN
  FOG
  HAZE


RELATIVE HUMIDITY (PERCENT)
 HIGHEST    94          1000 PM
 LOWEST     56          1200 PM
 AVERAGE    75

..........................................................


THE DECATUR IL AIRPORT CLIMATE NORMALS FOR TODAY
                         NORMAL    RECORD    YEAR
 MAXIMUM TEMPERATURE (F)   87        MM        MM
 MINIMUM TEMPERATURE (F)   65        MM        MM


SUNRISE AND SUNSET
JULY 20 2017..........SUNRISE   544 AM CDT   SUNSET   819 PM CDT
JULY 21 2017..........SUNRISE   545 AM CDT   SUNSET   818 PM CDT


-  INDICATES NEGATIVE NUMBERS.
R  INDICATES RECORD WAS SET OR TIED.
MM INDICATES DATA IS MISSING.
T  INDICATES TRACE AMOUNT.




$$
