000
CDUS43 KILX 232255
CLIDEC


CLIMATE REPORT
NATIONAL WEATHER SERVICE LINCOLN IL
444 PM CST THU NOV 23 2017


...................................

...THE DECATUR IL AIRPORT CLIMATE SUMMARY FOR NOVEMBER 23 2017...
VALID TODAY AS OF 0400 PM LOCAL TIME.

CLIMATE NORMAL PERIOD 1981 TO 2010
CLIMATE RECORD PERIOD 9999 TO 9999


WEATHER ITEM   OBSERVED TIME   RECORD YEAR NORMAL DEPARTURE LAST
                VALUE   (LST)  VALUE       VALUE  FROM      YEAR
                                                  NORMAL
..................................................................
TEMPERATURE (F)
 TODAY
  MAXIMUM         51    257 PM  MM      MM  48      3       50
  MINIMUM         28    314 AM  MM      MM  31     -3       41
  AVERAGE         40                        39      1       46

PRECIPITATION (IN)
  TODAY            T            MM      MM   0.12  -0.12     0.87
  MONTH TO DATE    0.42                      2.61  -2.19     2.54
  SINCE SEP 1      6.20                      8.78  -2.58     7.62
  SINCE JAN 1     32.37                     35.09  -2.72    30.54

DEGREE DAYS
 HEATING
  TODAY           25                        26     -1       19
  MONTH TO DATE  519                       472     47      358
  SINCE SEP 1    815                       884    -69      539
  SINCE JUL 1    816                       890    -74      544

 COOLING
  TODAY            0                         0      0        0
  MONTH TO DATE    0                         0      0       13
  SINCE SEP 1    214                       130     84      299
  SINCE JAN 1   1120                      1048     72     1434
..................................................................


WIND (MPH)
  HIGHEST WIND SPEED    20   HIGHEST WIND DIRECTION    SW (210)
  HIGHEST GUST SPEED    25   HIGHEST GUST DIRECTION    SW (210)
  AVERAGE WIND SPEED     9.6


SKY COVER
  POSSIBLE SUNSHINE  MM
  AVERAGE SKY COVER 0.5


WEATHER CONDITIONS
 THE FOLLOWING WEATHER WAS RECORDED TODAY.
  LIGHT SNOW


RELATIVE HUMIDITY (PERCENT)
 HIGHEST    75           200 AM
 LOWEST     39           200 PM
 AVERAGE    57

..........................................................


THE DECATUR IL AIRPORT CLIMATE NORMALS FOR TOMORROW
                         NORMAL    RECORD    YEAR
 MAXIMUM TEMPERATURE (F)   47        MM        MM
 MINIMUM TEMPERATURE (F)   31        MM        MM


SUNRISE AND SUNSET
NOVEMBER 23 2017......SUNRISE   649 AM CST   SUNSET   434 PM CST
NOVEMBER 24 2017......SUNRISE   650 AM CST   SUNSET   434 PM CST


-  INDICATES NEGATIVE NUMBERS.
R  INDICATES RECORD WAS SET OR TIED.
MM INDICATES DATA IS MISSING.
T  INDICATES TRACE AMOUNT.




$$
