000
CDUS43 KILX 242131
CLIDEC


CLIMATE REPORT
NATIONAL WEATHER SERVICE LINCOLN IL
431 PM CDT FRI OCT 24 2014


...................................

...THE DECATUR IL AIRPORT CLIMATE SUMMARY FOR OCTOBER 24 2014...
VALID TODAY AS OF 0400 PM LOCAL TIME.

CLIMATE NORMAL PERIOD 1981 TO 2010
CLIMATE RECORD PERIOD 9999 TO 9999


WEATHER ITEM   OBSERVED TIME   RECORD YEAR NORMAL DEPARTURE LAST
                VALUE   (LST)  VALUE       VALUE  FROM      YEAR
                                                  NORMAL
..................................................................
TEMPERATURE (F)
 TODAY
  MAXIMUM         65    129 PM  MM      MM  63      2       45
  MINIMUM         47    621 AM  MM      MM  41      6       33
  AVERAGE         56                        52      4       39

PRECIPITATION (IN)
  TODAY            0.00         MM      MM   0.11  -0.11     0.00
  MONTH TO DATE    4.36                      2.47   1.89     1.91
  SINCE SEP 1      8.28                      5.36   2.92     2.50
  SINCE JAN 1     32.21                     31.67   0.54    28.87

DEGREE DAYS
 HEATING
  TODAY            9                        13     -4       26
  MONTH TO DATE  242                       243     -1      224
  SINCE SEP 1    329                       310     19      267
  SINCE JUL 1    331                       316     15      277

 COOLING
  TODAY            0                         0      0        0
  MONTH TO DATE    8                        14     -6       40
  SINCE SEP 1    101                       125    -24      207
  SINCE JAN 1   1005                      1043    -38     1079
..................................................................


WIND (MPH)
  HIGHEST WIND SPEED    15   HIGHEST WIND DIRECTION    SW (220)
  HIGHEST GUST SPEED    20   HIGHEST GUST DIRECTION    SW (230)
  AVERAGE WIND SPEED     4.9


SKY COVER
  POSSIBLE SUNSHINE  MM
  AVERAGE SKY COVER 0.4


WEATHER CONDITIONS
 THE FOLLOWING WEATHER WAS RECORDED TODAY.
  HAZE


RELATIVE HUMIDITY (PERCENT)
 HIGHEST    86           500 AM
 LOWEST     72          1200 AM
 AVERAGE    79

..........................................................


THE DECATUR IL AIRPORT CLIMATE NORMALS FOR TOMORROW
                         NORMAL    RECORD    YEAR
 MAXIMUM TEMPERATURE (F)   62        MM        MM
 MINIMUM TEMPERATURE (F)   41        MM        MM


SUNRISE AND SUNSET
OCTOBER 24 2014.......SUNRISE   715 AM CDT   SUNSET   603 PM CDT
OCTOBER 25 2014.......SUNRISE   716 AM CDT   SUNSET   602 PM CDT


-  INDICATES NEGATIVE NUMBERS.
R  INDICATES RECORD WAS SET OR TIED.
MM INDICATES DATA IS MISSING.
T  INDICATES TRACE AMOUNT.




$$
