000
CDUS45 KBOU 260018
CLIDEN


CLIMATE REPORT
NATIONAL WEATHER SERVICE DENVER/BOULDER CO
618 PM MDT THU MAY 25 2017


...................................

...THE DENVER CO CLIMATE SUMMARY FOR MAY 25 2017...
VALID TODAY AS OF 0500 PM LOCAL TIME.

CLIMATE NORMAL PERIOD 1981 TO 2010
CLIMATE RECORD PERIOD 1872 TO 2017


WEATHER ITEM   OBSERVED TIME   RECORD YEAR NORMAL DEPARTURE LAST
                VALUE   (LST)  VALUE       VALUE  FROM      YEAR
                                                  NORMAL
..................................................................
TEMPERATURE (F)
 TODAY
  MAXIMUM         79    954 AM  91    1964  75      4       73
  MINIMUM         52    518 AM  31    1950  46      6       45
  AVERAGE         66                        60      6       59

PRECIPITATION (IN)
  TODAY            T             1.31 1950   0.06  -0.06     0.00
  MONTH TO DATE    3.13                      1.67   1.46     0.94
  SINCE MAR 1      5.01                      4.30   0.71     4.68
  SINCE JAN 1      5.78                      5.08   0.70     5.66

DEGREE DAYS
 HEATING
  TODAY            0                         6     -6        6
  MONTH TO DATE  239                       235      4      281
  SINCE MAR 1   1240                      1527   -287     1523
  SINCE JUL 1   5042                      5966   -924     5511

 COOLING
  TODAY            1                         1      0        0
  MONTH TO DATE    7                        10     -3        3
  SINCE MAR 1      7                        11     -4        3
  SINCE JAN 1      7                        11     -4        3
..................................................................


WIND (MPH)
  HIGHEST WIND SPEED    31   HIGHEST WIND DIRECTION    NW (320)
  HIGHEST GUST SPEED    37   HIGHEST GUST DIRECTION    NW (330)
  AVERAGE WIND SPEED    15.4


SKY COVER **
  POSSIBLE SUNSHINE  MM
  AVERAGE SKY COVER 0.6


WEATHER CONDITIONS
 THE FOLLOWING WEATHER WAS RECORDED TODAY.
  NO SIGNIFICANT WEATHER WAS OBSERVED.


RELATIVE HUMIDITY (PERCENT)
 HIGHEST    55           600 AM
 LOWEST     20           900 AM
 AVERAGE    38

..........................................................


THE DENVER CO CLIMATE NORMALS FOR TOMORROW
                         NORMAL    RECORD    YEAR
 MAXIMUM TEMPERATURE (F)   75        95      1942
 MINIMUM TEMPERATURE (F)   46        32      1950


SUNRISE AND SUNSET
MAY 25 2017...........SUNRISE   536 AM MDT   SUNSET   816 PM MDT
MAY 26 2017...........SUNRISE   535 AM MDT   SUNSET   816 PM MDT


-  INDICATES NEGATIVE NUMBERS.
R  INDICATES RECORD WAS SET OR TIED.
MM INDICATES DATA IS MISSING.
T  INDICATES TRACE AMOUNT.




$$
