000
CDUS45 KBOU 292325
CLIDEN


CLIMATE REPORT
NATIONAL WEATHER SERVICE DENVER CO
525 PM MDT FRI MAY 29 2015


...................................

...THE DENVER CO CLIMATE SUMMARY FOR MAY 29 2015...
VALID TODAY AS OF 0500 PM LOCAL TIME.

CLIMATE NORMAL PERIOD 1981 TO 2010
CLIMATE RECORD PERIOD 1872 TO 2015


WEATHER ITEM   OBSERVED TIME   RECORD YEAR NORMAL DEPARTURE LAST
                VALUE   (LST)  VALUE       VALUE  FROM      YEAR
                                                  NORMAL
..................................................................
TEMPERATURE (F)
 TODAY
  MAXIMUM         67    148 PM  94    2003  76     -9       87
  MINIMUM         47    352 AM  32    1883  47      0       56
  AVERAGE         57                        62     -5       72

PRECIPITATION (IN)
  TODAY            T             1.33 1964   0.08  -0.08     0.00
  MONTH TO DATE    3.74                      1.96   1.78     3.46
  SINCE MAR 1      7.18                      4.59   2.59     5.53
  SINCE JAN 1      8.81                      5.37   3.44     6.66

DEGREE DAYS
 HEATING
  TODAY            8                         5      3        0
  MONTH TO DATE  358                       255    103      242
  SINCE MAR 1   1450                      1547    -97     1453
  SINCE JUL 1   5563                      5986   -423     5972

 COOLING
  TODAY            0                         1     -1        7
  MONTH TO DATE    0                        14    -14       20
  SINCE MAR 1      0                        15    -15       20
  SINCE JAN 1      0                        15    -15       20
..................................................................


WIND (MPH)
  HIGHEST WIND SPEED    25   HIGHEST WIND DIRECTION    NE (30)
  HIGHEST GUST SPEED    31   HIGHEST GUST DIRECTION    NE (30)
  AVERAGE WIND SPEED     7.4


SKY COVER **
  POSSIBLE SUNSHINE  MM
  AVERAGE SKY COVER 0.6


WEATHER CONDITIONS
 THE FOLLOWING WEATHER WAS RECORDED TODAY.
  LIGHT RAIN


RELATIVE HUMIDITY (PERCENT)
 HIGHEST    93           100 AM
 LOWEST     44          1200 PM
 AVERAGE    69

..........................................................


THE DENVER CO CLIMATE NORMALS FOR TOMORROW
                         NORMAL    RECORD    YEAR
 MAXIMUM TEMPERATURE (F)   77        91      2002
                                             1994
 MINIMUM TEMPERATURE (F)   47        32      1883


SUNRISE AND SUNSET
MAY 29 2015...........SUNRISE   534 AM MST   SUNSET   818 PM MST
MAY 30 2015...........SUNRISE   534 AM MST   SUNSET   819 PM MST


-  INDICATES NEGATIVE NUMBERS.
R  INDICATES RECORD WAS SET OR TIED.
MM INDICATES DATA IS MISSING.
T  INDICATES TRACE AMOUNT.




$$
