000
CDUS45 KBOU 222342
CLIDEN


CLIMATE REPORT
NATIONAL WEATHER SERVICE DENVER/BOULDER CO
442 PM MST MON JAN 22 2018


...................................

...THE DENVER CO CLIMATE SUMMARY FOR JANUARY 22 2018...
VALID TODAY AS OF 0400 PM LOCAL TIME.

CLIMATE NORMAL PERIOD 1981 TO 2010
CLIMATE RECORD PERIOD 1872 TO 2018


WEATHER ITEM   OBSERVED TIME   RECORD YEAR NORMAL DEPARTURE LAST
                VALUE   (LST)  VALUE       VALUE  FROM      YEAR
                                                  NORMAL
..................................................................
TEMPERATURE (F)
 TODAY
  MAXIMUM         44    315 PM  68    1981  44      0       47
  MINIMUM          9    602 AM -14    1962  17     -8       26
  AVERAGE         27                        31     -4       37

PRECIPITATION (IN)
  TODAY            0.00          0.47 1968   0.01  -0.01     0.00
  MONTH TO DATE    0.54                      0.29   0.25     0.54
  SINCE DEC 1      0.75                      0.64   0.11     1.32
  SINCE JAN 1      0.54                      0.29   0.25     0.54

DEGREE DAYS
 HEATING
  TODAY           38                        34      4       28
  MONTH TO DATE  673                       753    -80      793
  SINCE DEC 1   1652                      1839   -187     1939
  SINCE JUL 1   2823                      3221   -398     2835

 COOLING
  TODAY            0                         0      0        0
  MONTH TO DATE    0                         0      0        0
  SINCE DEC 1      0                         0      0        0
  SINCE JAN 1      0                         0      0        0
..................................................................


WIND (MPH)
  HIGHEST WIND SPEED    16   HIGHEST WIND DIRECTION     N (350)
  HIGHEST GUST SPEED    20   HIGHEST GUST DIRECTION     N (360)
  AVERAGE WIND SPEED     7.7


SKY COVER
  POSSIBLE SUNSHINE  MM
  AVERAGE SKY COVER 0.3


WEATHER CONDITIONS
 THE FOLLOWING WEATHER WAS RECORDED TODAY.
  NO SIGNIFICANT WEATHER WAS OBSERVED.


RELATIVE HUMIDITY (PERCENT)
 HIGHEST    68           300 AM
 LOWEST     20           400 PM
 AVERAGE    44

..........................................................


THE DENVER CO CLIMATE NORMALS FOR TOMORROW
                         NORMAL    RECORD    YEAR
 MAXIMUM TEMPERATURE (F)   44        69      1981
 MINIMUM TEMPERATURE (F)   17       -15      1877


SUNRISE AND SUNSET
JANUARY 22 2018.......SUNRISE   715 AM MST   SUNSET   506 PM MST
JANUARY 23 2018.......SUNRISE   714 AM MST   SUNSET   507 PM MST


-  INDICATES NEGATIVE NUMBERS.
R  INDICATES RECORD WAS SET OR TIED.
MM INDICATES DATA IS MISSING.
T  INDICATES TRACE AMOUNT.




$$
