000
CDUS45 KBOU 232230
CLIDEN


CLIMATE REPORT
NATIONAL WEATHER SERVICE DENVER/BOULDER CO
429 PM MDT SUN JUL 23 2017


...................................

...THE DENVER CO CLIMATE SUMMARY FOR JULY 23 2017...
VALID TODAY AS OF 0400 PM LOCAL TIME.

CLIMATE NORMAL PERIOD 1981 TO 2010
CLIMATE RECORD PERIOD 1872 TO 2017


WEATHER ITEM   OBSERVED TIME   RECORD YEAR NORMAL DEPARTURE LAST
                VALUE   (LST)  VALUE       VALUE  FROM      YEAR
                                                  NORMAL
..................................................................
TEMPERATURE (F)
 TODAY
  MAXIMUM         91   1211 PM 102    2005  90      1       99
  MINIMUM         63    519 AM  49    1961  60      3       67
  AVERAGE         77                        75      2       83

PRECIPITATION (IN)
  TODAY            0.00          1.44 2001   0.08  -0.08      T
  MONTH TO DATE    0.27                      1.53  -1.26     1.06
  SINCE JUN 1      0.60                      3.51  -2.91     2.68
  SINCE JAN 1      6.91                      9.04  -2.13     9.78

DEGREE DAYS
 HEATING
  TODAY            0                         0      0        0
  MONTH TO DATE    0                         1     -1        0
  SINCE JUN 1     25                        63    -38        4
  SINCE JUL 1      0                         1     -1        0

 COOLING
  TODAY           12                        10      2       18
  MONTH TO DATE  271                       209     62      258
  SINCE JUN 1    438                       342     96      443
  SINCE JAN 1    444                       364     80      446
..................................................................


WIND (MPH)
  HIGHEST WIND SPEED    17   HIGHEST WIND DIRECTION    SE (120)
  HIGHEST GUST SPEED    19   HIGHEST GUST DIRECTION     E (110)
  AVERAGE WIND SPEED     8.1


SKY COVER **
  POSSIBLE SUNSHINE  MM
  AVERAGE SKY COVER 0.4


WEATHER CONDITIONS
 THE FOLLOWING WEATHER WAS RECORDED TODAY.
  NO SIGNIFICANT WEATHER WAS OBSERVED.


RELATIVE HUMIDITY (PERCENT)
 HIGHEST    72           400 AM
 LOWEST     19          1200 PM
 AVERAGE    46

..........................................................


THE DENVER CO CLIMATE NORMALS FOR TOMORROW
                         NORMAL    RECORD    YEAR
 MAXIMUM TEMPERATURE (F)   90       100      2003
 MINIMUM TEMPERATURE (F)   60        49      2004


SUNRISE AND SUNSET
JULY 23 2017..........SUNRISE   550 AM MDT   SUNSET   820 PM MDT
JULY 24 2017..........SUNRISE   551 AM MDT   SUNSET   820 PM MDT


-  INDICATES NEGATIVE NUMBERS.
R  INDICATES RECORD WAS SET OR TIED.
MM INDICATES DATA IS MISSING.
T  INDICATES TRACE AMOUNT.




$$
