000
CDUS45 KBOU 280758
CLIDEN


CLIMATE REPORT
NATIONAL WEATHER SERVICE DENVER CO
1256 AM MST WED JAN 28 2015


...................................

...THE DENVER CO CLIMATE SUMMARY FOR JANUARY 27 2015...

CLIMATE NORMAL PERIOD 1981 TO 2010
CLIMATE RECORD PERIOD 1872 TO 2015


WEATHER ITEM   OBSERVED TIME   RECORD YEAR NORMAL DEPARTURE LAST
                VALUE   (LST)  VALUE       VALUE  FROM      YEAR
                                                  NORMAL
..................................................................
TEMPERATURE (F)
 YESTERDAY
  MAXIMUM         75    246 PM  76    1888  44     31       21
  MINIMUM         42   1100 PM -14    1897  17     25        9
  AVERAGE         59                        31     28       15

PRECIPITATION (IN)
  YESTERDAY        0.00          0.26 1973   0.02  -0.02     0.09
  MONTH TO DATE    0.30                      0.36  -0.06     0.67
  SINCE DEC 1      0.89                      0.71   0.18     0.92
  SINCE JAN 1      0.30                      0.36  -0.06     0.67

SNOWFALL (IN)
  YESTERDAY        0.0
  MONTH TO DATE    6.9
  SINCE DEC 1     18.9
  SINCE JUL 1     22.9
  SNOW DEPTH       0


DEGREE DAYS
 HEATING
  YESTERDAY        6                        34    -28       50
  MONTH TO DATE  857                       923    -66      899
  SINCE DEC 1   1894                      2009   -115     2027
  SINCE JUL 1   3148                      3391   -243     3350

 COOLING
  YESTERDAY        0                         0      0        0
  MONTH TO DATE    0                         0      0        0
  SINCE DEC 1      0                         0      0        0
  SINCE JAN 1      0                         0      0        0
..................................................................


WIND (MPH)
  HIGHEST WIND SPEED    23   HIGHEST WIND DIRECTION    SW (220)
  HIGHEST GUST SPEED    26   HIGHEST GUST DIRECTION    SW (220)
  AVERAGE WIND SPEED    12.2


SKY COVER **
  POSSIBLE SUNSHINE  MM
  AVERAGE SKY COVER 0.3


WEATHER CONDITIONS
 THE FOLLOWING WEATHER WAS RECORDED YESTERDAY.
  NO SIGNIFICANT WEATHER WAS OBSERVED.


RELATIVE HUMIDITY (PERCENT)
 HIGHEST    53           900 PM
 LOWEST     11           200 PM
 AVERAGE    32

..........................................................


THE DENVER CO CLIMATE NORMALS FOR TODAY
                         NORMAL    RECORD    YEAR
 MAXIMUM TEMPERATURE (F)   44        69      1888
 MINIMUM TEMPERATURE (F)   17       -22      1872


SUNRISE AND SUNSET
JANUARY 28 2015.......SUNRISE   710 AM MST   SUNSET   512 PM MST
JANUARY 29 2015.......SUNRISE   709 AM MST   SUNSET   513 PM MST


-  INDICATES NEGATIVE NUMBERS.
R  INDICATES RECORD WAS SET OR TIED.
MM INDICATES DATA IS MISSING.
T  INDICATES TRACE AMOUNT.

&&

** SUNSHINE DATA WILL NO LONGER BE AVAILABLE EFFECTIVE OCTOBER 1ST 2009.




$$
