000
CDUS45 KBOU 212340
CLIDEN


CLIMATE REPORT
NATIONAL WEATHER SERVICE DENVER/BOULDER CO
540 PM MDT THU SEP 21 2017


...................................

...THE DENVER CO CLIMATE SUMMARY FOR SEPTEMBER 21 2017...
VALID TODAY AS OF 0500 PM LOCAL TIME.

CLIMATE NORMAL PERIOD 1981 TO 2010
CLIMATE RECORD PERIOD 1872 TO 2017


WEATHER ITEM   OBSERVED TIME   RECORD YEAR NORMAL DEPARTURE LAST
                VALUE   (LST)  VALUE       VALUE  FROM      YEAR
                                                  NORMAL
..................................................................
TEMPERATURE (F)
 TODAY
  MAXIMUM         92R   205 PM  89    2015  76     16       84
  MINIMUM         57    124 AM  27    1995  46     11       57
  AVERAGE         75                        61     14       71

PRECIPITATION (IN)
  TODAY            0.00          2.70 1902   0.03  -0.03     0.00
  MONTH TO DATE    0.02                      0.68  -0.66     0.28
  SINCE SEP 1      0.02                      0.68  -0.66     0.28
  SINCE JAN 1      8.99                     12.04  -3.05    10.29

DEGREE DAYS
 HEATING
  TODAY            0                         5     -5        0
  MONTH TO DATE   22                        60    -38       33
  SINCE SEP 1     22                        60    -38       33
  SINCE JUL 1     30                        76    -46       48

 COOLING
  TODAY           10                         2      8        6
  MONTH TO DATE  128                        68     60       91
  SINCE SEP 1    128                        68     60       91
  SINCE JAN 1    877                       756    121      853
..................................................................


WIND (MPH)
  HIGHEST WIND SPEED    24   HIGHEST WIND DIRECTION     S (190)
  HIGHEST GUST SPEED    30   HIGHEST GUST DIRECTION     S (190)
  AVERAGE WIND SPEED    14.7


SKY COVER **
  POSSIBLE SUNSHINE  MM
  AVERAGE SKY COVER 0.1


WEATHER CONDITIONS
 THE FOLLOWING WEATHER WAS RECORDED TODAY.
  NO SIGNIFICANT WEATHER WAS OBSERVED.


RELATIVE HUMIDITY (PERCENT)
 HIGHEST    34          1200 AM
 LOWEST      8           100 PM
 AVERAGE    21

..........................................................


THE DENVER CO CLIMATE NORMALS FOR TOMORROW
                         NORMAL    RECORD    YEAR
 MAXIMUM TEMPERATURE (F)   76        89      1953
 MINIMUM TEMPERATURE (F)   46        27      1895


SUNRISE AND SUNSET
SEPTEMBER 21 2017.....SUNRISE   646 AM MDT   SUNSET   657 PM MDT
SEPTEMBER 22 2017.....SUNRISE   647 AM MDT   SUNSET   656 PM MDT


-  INDICATES NEGATIVE NUMBERS.
R  INDICATES RECORD WAS SET OR TIED.
MM INDICATES DATA IS MISSING.
T  INDICATES TRACE AMOUNT.




$$
