000
CDUS45 KBOU 231429
CLIDEN


CLIMATE REPORT
NATIONAL WEATHER SERVICE DENVER/BOULDER CO
729 AM MST THU FEB 23 2017


...................................

...THE DENVER CO CLIMATE SUMMARY FOR FEBRUARY 23 2017...
VALID AS OF 0700 AM LOCAL TIME.

CLIMATE NORMAL PERIOD 1981 TO 2010
CLIMATE RECORD PERIOD 1872 TO 2017


WEATHER ITEM   OBSERVED TIME   RECORD YEAR NORMAL DEPARTURE LAST
                VALUE   (LST)  VALUE       VALUE  FROM      YEAR
                                                  NORMAL
..................................................................
TEMPERATURE (F)
 TODAY
  MAXIMUM         33    105 AM  72    2002  48    -15       43
  MINIMUM         27    659 AM  -4    1899  21      6       27
  AVERAGE         30                        34     -4       35

PRECIPITATION (IN)
  TODAY            0.00          0.22 1895   0.01  -0.01      T
  MONTH TO DATE    T                         0.29  -0.29     0.48
  SINCE DEC 1      1.32                      1.05   0.27     1.69
  SINCE JAN 1      0.54                      0.70  -0.16     0.98

..................................................................


WIND (MPH)
  HIGHEST WIND SPEED    15   HIGHEST WIND DIRECTION     N (340)
  HIGHEST GUST SPEED    19   HIGHEST GUST DIRECTION     N (340)
  AVERAGE WIND SPEED     9.8




RELATIVE HUMIDITY (PERCENT)
 HIGHEST    85           200 AM
 LOWEST     69          1200 AM
 AVERAGE    77

..........................................................


THE DENVER CO CLIMATE NORMALS FOR TOMORROW
                         NORMAL    RECORD    YEAR
 MAXIMUM TEMPERATURE (F)   48        71      1995
 MINIMUM TEMPERATURE (F)   21        -8      1874


SUNRISE AND SUNSET
FEBRUARY 23 2017......SUNRISE   640 AM MST   SUNSET   544 PM MST
FEBRUARY 24 2017......SUNRISE   638 AM MST   SUNSET   545 PM MST


-  INDICATES NEGATIVE NUMBERS.
R  INDICATES RECORD WAS SET OR TIED.
MM INDICATES DATA IS MISSING.
T  INDICATES TRACE AMOUNT.




$$
