000
CDUS45 KBOU 290801
CLIDEN


CLIMATE REPORT
NATIONAL WEATHER SERVICE DENVER CO
157 AM MDT FRI AUG 29 2014


...................................

...THE DENVER CO CLIMATE SUMMARY FOR AUGUST 28 2014...

CLIMATE NORMAL PERIOD 1981 TO 2010
CLIMATE RECORD PERIOD 1872 TO 2014


WEATHER ITEM   OBSERVED TIME   RECORD YEAR NORMAL DEPARTURE LAST
                VALUE   (LST)  VALUE       VALUE  FROM      YEAR
                                                  NORMAL
..................................................................
TEMPERATURE (F)
 YESTERDAY
  MAXIMUM         72   1103 AM  96    2012  85    -13       93
                                      2011
  MINIMUM         54   1158 PM  42    2004  55     -1       64
  AVERAGE         63                        70     -7       79

PRECIPITATION (IN)
  YESTERDAY        T             0.68 1882   0.03  -0.03     0.00
  MONTH TO DATE    2.73                      1.57   1.16     2.78
  SINCE JUN 1      8.40                      5.71   2.69     5.51
  SINCE JAN 1     15.11                     11.24   3.87    10.75

SNOWFALL (IN)
  YESTERDAY        0.0
  MONTH TO DATE      0
  SINCE JUN 1        0
  SINCE JUL 1        0
  SNOW DEPTH       0


DEGREE DAYS
 HEATING
  YESTERDAY        2                         1      1        0
  MONTH TO DATE    2                         2      0        0
  SINCE JUN 1     37                        70    -33       29
  SINCE JUL 1      7                         8     -1        0

 COOLING
  YESTERDAY        0                         6     -6       14
  MONTH TO DATE  175                       228    -53      265
  SINCE JUN 1    585                       650    -65      781
  SINCE JAN 1    606                       672    -66      823
..................................................................


WIND (MPH)
  HIGHEST WIND SPEED    26   HIGHEST WIND DIRECTION    NW (330)
  HIGHEST GUST SPEED    32   HIGHEST GUST DIRECTION    NW (330)
  AVERAGE WIND SPEED    11.8


SKY COVER **
  POSSIBLE SUNSHINE  MM
  AVERAGE SKY COVER 0.6


WEATHER CONDITIONS
 THE FOLLOWING WEATHER WAS RECORDED YESTERDAY.
  NO SIGNIFICANT WEATHER WAS OBSERVED.


RELATIVE HUMIDITY (PERCENT)
 HIGHEST    93          1200 AM
 LOWEST     38          1000 AM
 AVERAGE    66

..........................................................


THE DENVER CO CLIMATE NORMALS FOR TODAY
                         NORMAL    RECORD    YEAR
 MAXIMUM TEMPERATURE (F)   85        97      2012
 MINIMUM TEMPERATURE (F)   55        44      1962


SUNRISE AND SUNSET
AUGUST 29 2014........SUNRISE   624 AM MDT   SUNSET   736 PM MDT
AUGUST 30 2014........SUNRISE   625 AM MDT   SUNSET   734 PM MDT


-  INDICATES NEGATIVE NUMBERS.
R  INDICATES RECORD WAS SET OR TIED.
MM INDICATES DATA IS MISSING.
T  INDICATES TRACE AMOUNT.

&&

** SUNSHINE DATA WILL NO LONGER BE AVAILABLE EFFECTIVE OCTOBER 1ST 2009.




$$
