000
CDUS45 KBOU 272326
CLIDEN


CLIMATE REPORT
NATIONAL WEATHER SERVICE DENVER CO
425 PM MST SAT DEC 27 2014


...................................

...THE DENVER CO CLIMATE SUMMARY FOR DECEMBER 27 2014...
VALID TODAY AS OF 0400 PM LOCAL TIME.

CLIMATE NORMAL PERIOD 1981 TO 2010
CLIMATE RECORD PERIOD 1872 TO 2014


WEATHER ITEM   OBSERVED TIME   RECORD YEAR NORMAL DEPARTURE LAST
                VALUE   (LST)  VALUE       VALUE  FROM      YEAR
                                                  NORMAL
..................................................................
TEMPERATURE (F)
 TODAY
  MAXIMUM         26    330 PM  75    1980  43    -17       60
  MINIMUM          5    402 AM -10    1904  17    -12       30
  AVERAGE         16                        30    -14       45

PRECIPITATION (IN)
  TODAY            0.00          0.38 1961   0.01  -0.01     0.00
  MONTH TO DATE    0.37                      0.31   0.06     0.21
  SINCE DEC 1      0.37                      0.31   0.06     0.21
  SINCE JAN 1     18.55                     14.26   4.29    17.56

DEGREE DAYS
 HEATING
  TODAY           49                        35     14       20
  MONTH TO DATE  811                       947   -136     1007
  SINCE DEC 1    811                       947   -136     1007
  SINCE JUL 1   2065                      2329   -264     2330

 COOLING
  TODAY            0                         0      0        0
  MONTH TO DATE    0                         0      0        0
  SINCE DEC 1      0                         0      0        0
  SINCE JAN 1    701                       769    -68      999
..................................................................


WIND (MPH)
  HIGHEST WIND SPEED    17   HIGHEST WIND DIRECTION    SW (210)
  HIGHEST GUST SPEED    21   HIGHEST GUST DIRECTION    SW (210)
  AVERAGE WIND SPEED    11.9


SKY COVER **
  POSSIBLE SUNSHINE  MM
  AVERAGE SKY COVER 0.1


WEATHER CONDITIONS
 THE FOLLOWING WEATHER WAS RECORDED TODAY.
  NO SIGNIFICANT WEATHER WAS OBSERVED.


RELATIVE HUMIDITY (PERCENT)
 HIGHEST    88           200 AM
 LOWEST     55          1200 PM
 AVERAGE    72

..........................................................


THE DENVER CO CLIMATE NORMALS FOR TOMORROW
                         NORMAL    RECORD    YEAR
 MAXIMUM TEMPERATURE (F)   43        65      1886
 MINIMUM TEMPERATURE (F)   17       -12      1983


SUNRISE AND SUNSET
DECEMBER 27 2014......SUNRISE   719 AM MST   SUNSET   441 PM MST
DECEMBER 28 2014......SUNRISE   719 AM MST   SUNSET   442 PM MST


-  INDICATES NEGATIVE NUMBERS.
R  INDICATES RECORD WAS SET OR TIED.
MM INDICATES DATA IS MISSING.
T  INDICATES TRACE AMOUNT.




$$
