000
CDUS45 KBOU 270757
CLIDEN


CLIMATE REPORT
NATIONAL WEATHER SERVICE DENVER/BOULDER CO
156 AM MDT FRI MAY 27 2016


...................................

...THE DENVER CO CLIMATE SUMMARY FOR MAY 26 2016...

CLIMATE NORMAL PERIOD 1981 TO 2010
CLIMATE RECORD PERIOD 1872 TO 2016


WEATHER ITEM   OBSERVED TIME   RECORD YEAR NORMAL DEPARTURE LAST
                VALUE   (LST)  VALUE       VALUE  FROM      YEAR
                                                  NORMAL
..................................................................
TEMPERATURE (F)
 YESTERDAY
  MAXIMUM         67   1126 AM  95    1942  75     -8       71
  MINIMUM         44    950 PM  32    1950  46     -2       46
  AVERAGE         56                        61     -5       59

PRECIPITATION (IN)
  YESTERDAY        1.15R         1.02 1967   0.07   1.08      T
  MONTH TO DATE    2.09                      1.74   0.35     3.72
  SINCE MAR 1      5.83                      4.37   1.46     7.16
  SINCE JAN 1      6.81                      5.15   1.66     8.79

SNOWFALL (IN)
  YESTERDAY        0.0
  MONTH TO DATE      T
  SINCE MAR 1       34
  SINCE JUL 1     72.8
  SNOW DEPTH       0


DEGREE DAYS
 HEATING
  YESTERDAY        9                         5      4        6
  MONTH TO DATE  290                       240     50      345
  SINCE MAR 1   1532                      1532      0     1437
  SINCE JUL 1   5520                      5971   -451     5550

 COOLING
  YESTERDAY        0                         1     -1        0
  MONTH TO DATE    3                        11     -8        0
  SINCE MAR 1      3                        12     -9        0
  SINCE JAN 1      3                        12     -9        0
..................................................................


WIND (MPH)
  HIGHEST WIND SPEED    26   HIGHEST WIND DIRECTION    NE (30)
  HIGHEST GUST SPEED    27   HIGHEST GUST DIRECTION    NE (40)
  AVERAGE WIND SPEED     8.6


SKY COVER **
  POSSIBLE SUNSHINE  MM
  AVERAGE SKY COVER 0.8


WEATHER CONDITIONS
 THE FOLLOWING WEATHER WAS RECORDED YESTERDAY.
  THUNDERSTORM
  RAIN
  LIGHT RAIN
  HAIL


RELATIVE HUMIDITY (PERCENT)
 HIGHEST    92          1000 PM
 LOWEST     48          1100 AM
 AVERAGE    70

..........................................................


THE DENVER CO CLIMATE NORMALS FOR TODAY
                         NORMAL    RECORD    YEAR
 MAXIMUM TEMPERATURE (F)   76        93      2006
 MINIMUM TEMPERATURE (F)   46        34      1950


SUNRISE AND SUNSET
MAY 27 2016...........SUNRISE   534 AM MDT   SUNSET   818 PM MDT
MAY 28 2016...........SUNRISE   533 AM MDT   SUNSET   819 PM MDT


-  INDICATES NEGATIVE NUMBERS.
R  INDICATES RECORD WAS SET OR TIED.
MM INDICATES DATA IS MISSING.
T  INDICATES TRACE AMOUNT.

&&

** SUNSHINE DATA WILL NO LONGER BE AVAILABLE EFFECTIVE OCTOBER 1ST 2009.




$$
