000
CDUS44 KSHV 200737
CLIDEQ


CLIMATE REPORT
NATIONAL WEATHER SERVICE SHREVEPORT, LA
234 AM CDT FRI OCT 20 2017


...................................

...THE DE QUEEN CLIMATE SUMMARY FOR OCTOBER 19 2017...

CLIMATE NORMAL PERIOD 1981 TO 2010
CLIMATE RECORD PERIOD 1902 TO 2017


WEATHER ITEM   OBSERVED TIME   RECORD YEAR NORMAL DEPARTURE LAST
                VALUE   (LST)  VALUE       VALUE  FROM      YEAR
                                                  NORMAL
..................................................................
TEMPERATURE (F)
 YESTERDAY
  MAXIMUM         82    255 PM  91    2004  75      7       87
  MINIMUM         44    600 AM  30    1948  50     -6       63
  AVERAGE         63                        62      1       75

PRECIPITATION (IN)
  YESTERDAY        0.00          3.17 2002   0.16  -0.16     0.00
  MONTH TO DATE    0.42                      2.83  -2.41     0.54
  SINCE DEC 1     36.38                     42.39  -6.01    40.81
  SINCE JAN 1     33.67                     38.03  -4.36    30.53

SNOWFALL (IN)
  YESTERDAY        0.0
  MONTH TO DATE    0.0
  SINCE SEP 1      0.0
  SINCE JUL 1      0.0
  SNOW DEPTH       0

DEGREE DAYS
 HEATING
  YESTERDAY        2                         4     -2        0
  MONTH TO DATE   40                        53    -13        8
  SINCE SEP 1     40                        62    -22       10
  SINCE JUL 1     40                        62    -22       10

 COOLING
  YESTERDAY        0                         2     -2       10
  MONTH TO DATE  108                        52     56      115
  SINCE SEP 1    400                       325     75      460
  SINCE JAN 1   2034                      1917    117     2197
..................................................................


WIND (MPH)
  HIGHEST WIND SPEED    12   HIGHEST WIND DIRECTION     E (100)
  HIGHEST GUST SPEED    16   HIGHEST GUST DIRECTION     E (90)
  AVERAGE WIND SPEED     1.9


SKY COVER
  POSSIBLE SUNSHINE  MM
  AVERAGE SKY COVER 0.2


WEATHER CONDITIONS
 THE FOLLOWING WEATHER WAS RECORDED YESTERDAY.
  FOG
  FOG W/VISIBILITY <= 1/4 MILE


RELATIVE HUMIDITY (PERCENT)
 HIGHEST   100          1200 AM
 LOWEST     34           300 PM
 AVERAGE    67

..........................................................


THE DE QUEEN CLIMATE NORMALS FOR TODAY
                         NORMAL    RECORD    YEAR
 MAXIMUM TEMPERATURE (F)   75        90      1969
 MINIMUM TEMPERATURE (F)   49        27      2011
                                             1989


SUNRISE AND SUNSET
OCTOBER 20 2017.......SUNRISE   727 AM CDT   SUNSET   637 PM CDT
OCTOBER 21 2017.......SUNRISE   728 AM CDT   SUNSET   636 PM CDT


-  INDICATES NEGATIVE NUMBERS.
R  INDICATES RECORD WAS SET OR TIED.
MM INDICATES DATA IS MISSING.
T  INDICATES TRACE AMOUNT.




$$
