000
CDUS44 KSHV 100914
CLIDEQ


CLIMATE REPORT
NATIONAL WEATHER SERVICE SHREVEPORT, LA
250 AM CST SAT DEC 10 2016


...................................

...THE DE QUEEN CLIMATE SUMMARY FOR DECEMBER 9 2016...

CLIMATE NORMAL PERIOD 1981 TO 2010
CLIMATE RECORD PERIOD 1902 TO 2016


WEATHER ITEM   OBSERVED TIME   RECORD YEAR NORMAL DEPARTURE LAST
                VALUE   (LST)  VALUE       VALUE  FROM      YEAR
                                                  NORMAL
..................................................................
TEMPERATURE (F)
 YESTERDAY
  MAXIMUM         41    248 PM  77    2012  56    -15       71
                                      1943
  MINIMUM         19    744 AM  10    2005  31    -12       36
  AVERAGE         30                        44    -14       54

PRECIPITATION (IN)
  YESTERDAY        0.00          2.82 1980   0.13  -0.13     0.00
  MONTH TO DATE    0.87                      1.09  -0.22     0.00
  SINCE DEC 1      0.87                      1.09  -0.22     0.00
  SINCE JAN 1     35.70                     45.72 -10.02    50.05

SNOWFALL (IN)
  YESTERDAY        0.0
  MONTH TO DATE    0.0
  SINCE DEC 1      0.0
  SINCE JUL 1      0.0
  SNOW DEPTH       0

DEGREE DAYS
 HEATING
  YESTERDAY       35                        21     14       11
  MONTH TO DATE  193                       183     10      167
  SINCE DEC 1    193                       183     10      167
  SINCE JUL 1    507                       709   -202      508

 COOLING
  YESTERDAY        0                         0      0        0
  MONTH TO DATE    0                         0      0        0
  SINCE DEC 1      0                         0      0        0
  SINCE JAN 1   2239                      1941    298     2149
..................................................................


WIND (MPH)
  HIGHEST WIND SPEED    10   HIGHEST WIND DIRECTION    SE (120)
  HIGHEST GUST SPEED    12   HIGHEST GUST DIRECTION    SE (120)
  AVERAGE WIND SPEED     1.5


SKY COVER
  POSSIBLE SUNSHINE  MM
  AVERAGE SKY COVER 0.5


WEATHER CONDITIONS
 THE FOLLOWING WEATHER WAS RECORDED YESTERDAY.
  HAZE


RELATIVE HUMIDITY (PERCENT)
 HIGHEST   100           100 AM
 LOWEST     34           200 PM
 AVERAGE    67

..........................................................


THE DE QUEEN CLIMATE NORMALS FOR TODAY
                         NORMAL    RECORD    YEAR
 MAXIMUM TEMPERATURE (F)   56        74      1970
 MINIMUM TEMPERATURE (F)   31        12      1977


SUNRISE AND SUNSET
DECEMBER 10 2016......SUNRISE   713 AM CST   SUNSET   509 PM CST
DECEMBER 11 2016......SUNRISE   713 AM CST   SUNSET   509 PM CST


-  INDICATES NEGATIVE NUMBERS.
R  INDICATES RECORD WAS SET OR TIED.
MM INDICATES DATA IS MISSING.
T  INDICATES TRACE AMOUNT.




$$
