000
CDUS44 KSHV 270845
CLIDEQ


CLIMATE REPORT
NATIONAL WEATHER SERVICE SHREVEPORT, LA
244 AM CST FRI FEB 27 2015


...................................

...THE DE QUEEN CLIMATE SUMMARY FOR FEBRUARY 26 2015...

CLIMATE NORMAL PERIOD 1981 TO 2010
CLIMATE RECORD PERIOD 1902 TO 2015


WEATHER ITEM   OBSERVED TIME   RECORD YEAR NORMAL DEPARTURE LAST
                VALUE   (LST)  VALUE       VALUE  FROM      YEAR
                                                  NORMAL
..................................................................
TEMPERATURE (F)
 YESTERDAY
  MAXIMUM         42    344 PM  79    1976  61    -19       46
  MINIMUM         27    218 AM  18    1960  35     -8       27
  AVERAGE         35                        48    -13       37

PRECIPITATION (IN)
  YESTERDAY        0.00          2.10 2000   0.11  -0.11     0.00
  MONTH TO DATE    1.35                      3.50  -2.15     1.02
  SINCE DEC 1      8.15                     11.18  -3.03     3.87
  SINCE JAN 1      6.43                      6.82  -0.39     1.94

SNOWFALL (IN)
  YESTERDAY        0.0
  MONTH TO DATE    5.1
  SINCE DEC 1      5.1
  SINCE JUL 1      5.6
  SNOW DEPTH       0

DEGREE DAYS
 HEATING
  YESTERDAY       30                        17     13       28
  MONTH TO DATE  622                       523     99      574
  SINCE DEC 1   1958                      1933     25     2102
  SINCE JUL 1   2580                      2459    121     2715

 COOLING
  YESTERDAY        0                         0      0        0
  MONTH TO DATE    0                         0      0        0
  SINCE DEC 1      0                         1     -1        3
  SINCE JAN 1      0                         1     -1        0
..................................................................


WIND (MPH)
  HIGHEST WIND SPEED    18   HIGHEST WIND DIRECTION     N (20)
  HIGHEST GUST SPEED    25   HIGHEST GUST DIRECTION     N (20)
  AVERAGE WIND SPEED     6.7


SKY COVER
  POSSIBLE SUNSHINE  MM
  AVERAGE SKY COVER 0.5


WEATHER CONDITIONS
 THE FOLLOWING WEATHER WAS RECORDED YESTERDAY.
  FOG
  FOG W/VISIBILITY <= 1/4 MILE


RELATIVE HUMIDITY (PERCENT)
 HIGHEST   100           100 AM
 LOWEST     44           400 PM
 AVERAGE    72

..........................................................


THE DE QUEEN CLIMATE NORMALS FOR TODAY
                         NORMAL    RECORD    YEAR
 MAXIMUM TEMPERATURE (F)   62        87      1986
 MINIMUM TEMPERATURE (F)   36        15      2014


SUNRISE AND SUNSET
FEBRUARY 27 2015......SUNRISE   649 AM CST   SUNSET   612 PM CST
FEBRUARY 28 2015......SUNRISE   648 AM CST   SUNSET   613 PM CST


-  INDICATES NEGATIVE NUMBERS.
R  INDICATES RECORD WAS SET OR TIED.
MM INDICATES DATA IS MISSING.
T  INDICATES TRACE AMOUNT.




$$
