000
CDUS44 KSHV 310805
CLIDEQ


CLIMATE REPORT
NATIONAL WEATHER SERVICE SHREVEPORT, LA
258 AM CDT TUE MAY 31 2016


...................................

...THE DE QUEEN CLIMATE SUMMARY FOR MAY 30 2016...

CLIMATE NORMAL PERIOD 1981 TO 2010
CLIMATE RECORD PERIOD 1902 TO 2016


WEATHER ITEM   OBSERVED TIME   RECORD YEAR NORMAL DEPARTURE LAST
                VALUE   (LST)  VALUE       VALUE  FROM      YEAR
                                                  NORMAL
..................................................................
TEMPERATURE (F)
 YESTERDAY
  MAXIMUM         83    424 PM  94    1977  84     -1       80
  MINIMUM         65    326 AM  46    1992  63      2       64
  AVERAGE         74                        74      0       72

PRECIPITATION (IN)
  YESTERDAY       MM             2.22 1994   0.12  MM        0.00
  MONTH TO DATE    1.33                      5.42  -4.09    13.53
  SINCE DEC 1     28.81                     25.35   3.46    31.47
  SINCE JAN 1     18.53                     20.99  -2.46    29.75

SNOWFALL (IN)
  YESTERDAY        0.0
  MONTH TO DATE    0.0
  SINCE MAR 1      0.0
  SINCE JUL 1      0.0
  SNOW DEPTH       0

DEGREE DAYS
 HEATING
  YESTERDAY        0                         0      0        0
  MONTH TO DATE   27                        21      6       10
  SINCE MAR 1    370                       551   -181      455
  SINCE JUL 1   2322                      3042   -720     3107

 COOLING
  YESTERDAY        9                         9      0        7
  MONTH TO DATE  135                       162    -27      181
  SINCE MAR 1    185                       207    -22      229
  SINCE JAN 1    185                       209    -24      229
..................................................................


WIND (MPH)
  HIGHEST WIND SPEED    14   HIGHEST WIND DIRECTION    SW (220)
  HIGHEST GUST SPEED    21   HIGHEST GUST DIRECTION    SW (220)
  AVERAGE WIND SPEED     3.1


SKY COVER
  POSSIBLE SUNSHINE  MM
  AVERAGE SKY COVER 0.4


WEATHER CONDITIONS
 THE FOLLOWING WEATHER WAS RECORDED YESTERDAY.
  THUNDERSTORM
  RAIN
  FOG


RELATIVE HUMIDITY (PERCENT)
 HIGHEST   100           300 AM
 LOWEST     65           500 PM
 AVERAGE    83

..........................................................


THE DE QUEEN CLIMATE NORMALS FOR TODAY
                         NORMAL    RECORD    YEAR
 MAXIMUM TEMPERATURE (F)   85        96      2003
 MINIMUM TEMPERATURE (F)   63        46      1992


SUNRISE AND SUNSET
MAY 31 2016...........SUNRISE   607 AM CDT   SUNSET   824 PM CDT
JUNE  1 2016..........SUNRISE   607 AM CDT   SUNSET   824 PM CDT


-  INDICATES NEGATIVE NUMBERS.
R  INDICATES RECORD WAS SET OR TIED.
MM INDICATES DATA IS MISSING.
T  INDICATES TRACE AMOUNT.




$$
