000
CDUS46 KOTX 310832
CLIDEW


CLIMATE REPORT
NATIONAL WEATHER SERVICE SPOKANE, WA
130 AM PDT MON AUG 31 2015


...................................

...THE DEER_PARK WA AIRPORT CLIMATE SUMMARY FOR AUGUST 30 2015...

CLIMATE NORMAL PERIOD 1981 TO 2010
CLIMATE RECORD PERIOD 9999 TO 9999


WEATHER ITEM   OBSERVED TIME   RECORD YEAR NORMAL DEPARTURE LAST
                VALUE   (LST)  VALUE       VALUE  FROM      YEAR
                                                  NORMAL
..................................................................
TEMPERATURE (F)
 YESTERDAY
  MAXIMUM         66    254 PM  MM      MM  80    -14       75
  MINIMUM         49   1135 PM  MM      MM  44      5       49
  AVERAGE         58                        62     -4       62

PRECIPITATION (IN)
  YESTERDAY        0.27         MM      MM   0.04   0.23     0.00
  MONTH TO DATE    0.41                      0.80  -0.39     0.89
  SINCE OCT 1     17.03                     21.22  -4.19    18.37
  SINCE JAN 1     10.64                     13.40  -2.76    14.57

SNOWFALL (IN)
  YESTERDAY       MM

DEGREE DAYS
 HEATING
  YESTERDAY        7                         4      3        3
  MONTH TO DATE   34                        71    -37       12
  SINCE JUN 1    126                       339   -213      236
  SINCE JUL 1     48                       139    -91       30

 COOLING
  YESTERDAY        0                         1     -1        0
  MONTH TO DATE  114                        73     41      134
  SINCE JUN 1    375                       167    208      346
  SINCE JAN 1    386                       170    216      346
..................................................................


WIND (MPH)
  HIGHEST WIND SPEED    24   HIGHEST WIND DIRECTION    SW (220)
  HIGHEST GUST SPEED    32   HIGHEST GUST DIRECTION    SW (210)
  AVERAGE WIND SPEED     8.8


SKY COVER
  POSSIBLE SUNSHINE  MM
  AVERAGE SKY COVER 0.5


WEATHER CONDITIONS
 THE FOLLOWING WEATHER WAS RECORDED YESTERDAY.
  THUNDERSTORM
  HEAVY RAIN
  RAIN
  LIGHT RAIN
  FOG
  HAZE


RELATIVE HUMIDITY (PERCENT)
 HIGHEST    89           800 AM
 LOWEST     40           600 PM
 AVERAGE    65

..........................................................


THE DEER_PARK WA AIRPORT CLIMATE NORMALS FOR TODAY
                         NORMAL    RECORD    YEAR
 MAXIMUM TEMPERATURE (F)   80        MM        MM
 MINIMUM TEMPERATURE (F)   44        MM        MM


SUNRISE AND SUNSET
AUGUST 31 2015........SUNRISE   606 AM PDT   SUNSET   733 PM PDT
SEPTEMBER  1 2015.....SUNRISE   607 AM PDT   SUNSET   731 PM PDT


-  INDICATES NEGATIVE NUMBERS.
R  INDICATES RECORD WAS SET OR TIED.
MM INDICATES DATA IS MISSING.
T  INDICATES TRACE AMOUNT.




$$
