000
CDUS44 KFWD 040701
CLIDFW


CLIMATE REPORT
NATIONAL WEATHER SERVICE FORT WORTH TX
200 AM CDT WED MAY 4 2016


...................................

...THE DALLAS FORT WORTH CLIMATE SUMMARY FOR MAY 3 2016...

CLIMATE NORMAL PERIOD 1981 TO 2010
CLIMATE RECORD PERIOD 1898 TO 2016


WEATHER ITEM   OBSERVED TIME   RECORD YEAR NORMAL DEPARTURE LAST
                VALUE   (LST)  VALUE       VALUE  FROM      YEAR
                                                  NORMAL
..................................................................
TEMPERATURE (F)
 YESTERDAY
  MAXIMUM         74    459 PM  97    1920  80     -6       79
  MINIMUM         48    546 AM  39    2013  60    -12       60
  AVERAGE         61                        70     -9       70

PRECIPITATION (IN)
  YESTERDAY        0.00          1.99 1979   0.16  -0.16     0.00
  MONTH TO DATE    0.60                      0.46   0.14     0.00
  SINCE MAR 1      7.87                      7.02   0.85     8.09
  SINCE JAN 1     11.11                     11.81  -0.70    14.67

DEGREE DAYS
 HEATING
  YESTERDAY        4                         1      3        0
  MONTH TO DATE    8                         3      5        0
  SINCE MAR 1    177                       347   -170      357
  SINCE JUL 1   1588                      2279   -691     2393

 COOLING
  YESTERDAY        0                         6     -6        5
  MONTH TO DATE    1                        17    -16       13
  SINCE MAR 1    162                       148     14      136
  SINCE JAN 1    173                       155     18      136
..................................................................


WIND (MPH)
  HIGHEST WIND SPEED    17   HIGHEST WIND DIRECTION    NE (30)
  HIGHEST GUST SPEED    23   HIGHEST GUST DIRECTION     N (360)
  AVERAGE WIND SPEED     5.8


SKY COVER
  POSSIBLE SUNSHINE  MM
  AVERAGE SKY COVER 0.2


WEATHER CONDITIONS
 THE FOLLOWING WEATHER WAS RECORDED YESTERDAY.
  NO SIGNIFICANT WEATHER WAS OBSERVED.


RELATIVE HUMIDITY (PERCENT)
 HIGHEST    86           600 AM
 LOWEST     33           400 PM
 AVERAGE    60

..........................................................


THE DALLAS FORT WORTH CLIMATE NORMALS FOR TODAY
                         NORMAL    RECORD    YEAR
 MAXIMUM TEMPERATURE (F)   80       100      1947
 MINIMUM TEMPERATURE (F)   61        39      2013


SUNRISE AND SUNSET
MAY  4 2016...........SUNRISE   637 AM CDT   SUNSET   813 PM CDT
MAY  5 2016...........SUNRISE   637 AM CDT   SUNSET   813 PM CDT


-  INDICATES NEGATIVE NUMBERS.
R  INDICATES RECORD WAS SET OR TIED.
MM INDICATES DATA IS MISSING.
T  INDICATES TRACE AMOUNT.




$$
