000
CDUS44 KFWD 280646
CLIDFW


CLIMATE REPORT
NATIONAL WEATHER SERVICE FORT WORTH TX
146 AM CDT THU JUL 28 2016


...................................

...THE DALLAS FORT WORTH CLIMATE SUMMARY FOR JULY 27 2016...

CLIMATE NORMAL PERIOD 1981 TO 2010
CLIMATE RECORD PERIOD 1898 TO 2016


WEATHER ITEM   OBSERVED TIME   RECORD YEAR NORMAL DEPARTURE LAST
                VALUE   (LST)  VALUE       VALUE  FROM      YEAR
                                                  NORMAL
..................................................................
TEMPERATURE (F)
 YESTERDAY
  MAXIMUM         96    235 PM 106    1944  97     -1      100
  MINIMUM         79    256 AM  68    1994  76      3       78
                                      1933
  AVERAGE         88                        86      2       89

PRECIPITATION (IN)
  YESTERDAY        0.00          2.95 1962   0.05  -0.05     0.00
  MONTH TO DATE    3.89                      1.94   1.95     0.92
  SINCE JUN 1      7.49                      5.73   1.76     4.87
  SINCE JAN 1     24.25                     21.98   2.27    36.50

DEGREE DAYS
 HEATING
  YESTERDAY        0                         0      0        0
  MONTH TO DATE    0                         0      0        0
  SINCE JUN 1      0                         0      0        0
  SINCE JUL 1      0                         0      0        0

 COOLING
  YESTERDAY       23                        21      2       24
  MONTH TO DATE  606                       546     60      591
  SINCE JUN 1   1180                      1037    143     1111
  SINCE JAN 1   1603                      1459    144     1430
..................................................................


WIND (MPH)
  HIGHEST WIND SPEED    23   HIGHEST WIND DIRECTION     N (360)
  HIGHEST GUST SPEED    28   HIGHEST GUST DIRECTION     N (360)
  AVERAGE WIND SPEED     6.5


SKY COVER
  POSSIBLE SUNSHINE  MM
  AVERAGE SKY COVER 0.7


WEATHER CONDITIONS
 THE FOLLOWING WEATHER WAS RECORDED YESTERDAY.
  THUNDERSTORM


RELATIVE HUMIDITY (PERCENT)
 HIGHEST    79           300 AM
 LOWEST     43           200 PM
 AVERAGE    61

..........................................................


THE DALLAS FORT WORTH CLIMATE NORMALS FOR TODAY
                         NORMAL    RECORD    YEAR
 MAXIMUM TEMPERATURE (F)   97       105      2008
                                             1995
 MINIMUM TEMPERATURE (F)   76        66      1994


SUNRISE AND SUNSET
JULY 28 2016..........SUNRISE   639 AM CDT   SUNSET   829 PM CDT
JULY 29 2016..........SUNRISE   640 AM CDT   SUNSET   829 PM CDT


-  INDICATES NEGATIVE NUMBERS.
R  INDICATES RECORD WAS SET OR TIED.
MM INDICATES DATA IS MISSING.
T  INDICATES TRACE AMOUNT.




$$
