000
CDUS44 KFWD 310642
CLIDFW


CLIMATE REPORT
NATIONAL WEATHER SERVICE FORT WORTH TX
141 AM CDT FRI JUL 31 2015

...THE DALLAS FORT WORTH CLIMATE SUMMARY FOR JULY 30 2015...

CLIMATE NORMAL PERIOD 1981 TO 2010
CLIMATE RECORD PERIOD 1898 TO 2015


WEATHER ITEM   OBSERVED TIME   RECORD YEAR NORMAL DEPARTURE LAST
                VALUE   (LST)  VALUE       VALUE  FROM      YEAR
                                                  NORMAL
..................................................................
TEMPERATURE (F)
 YESTERDAY
  MAXIMUM        104    310 PM 106    1986  97      7       91
                                      1980
                                      1957
  MINIMUM         80    415 AM  63    1971  76      4       73
  AVERAGE         92                        86      6       82

PRECIPITATION (IN)
  YESTERDAY        0.00          5.27 1933   0.05  -0.05     0.17
  MONTH TO DATE    0.92                      2.10  -1.18     0.98
  SINCE JUN 1      4.87                      5.89  -1.02     4.24
  SINCE JAN 1     36.50                     22.14  14.36    11.57

DEGREE DAYS
 HEATING
  YESTERDAY        0                         0      0        0
  MONTH TO DATE    0                         0      0        0
  SINCE JUN 1      0                         0      0        0
  SINCE JUL 1      0                         0      0        0

 COOLING
  YESTERDAY       27                        21      6       17
  MONTH TO DATE  669                       609     60      578
  SINCE JUN 1   1189                      1100     89     1105
  SINCE JAN 1   1508                      1522    -14     1581
..................................................................


WIND (MPH)
  HIGHEST WIND SPEED    18   HIGHEST WIND DIRECTION     E (100)
  HIGHEST GUST SPEED    24   HIGHEST GUST DIRECTION     E (100)
  AVERAGE WIND SPEED     5.2


SKY COVER
  POSSIBLE SUNSHINE  MM
  AVERAGE SKY COVER 0.2


WEATHER CONDITIONS
 THE FOLLOWING WEATHER WAS RECORDED YESTERDAY.
  HAZE


RELATIVE HUMIDITY (PERCENT)
 HIGHEST    62           400 AM
 LOWEST     25           300 PM
 AVERAGE    44

..........................................................


THE DALLAS FORT WORTH CLIMATE NORMALS FOR TODAY
                         NORMAL    RECORD    YEAR
 MAXIMUM TEMPERATURE (F)   97       106      2012
                                             1998
                                             1986
 MINIMUM TEMPERATURE (F)   76        60      1971


SUNRISE AND SUNSET
JULY 31 2015..........SUNRISE   641 AM CDT   SUNSET   828 PM CDT
AUGUST  1 2015........SUNRISE   642 AM CDT   SUNSET   827 PM CDT


-  INDICATES NEGATIVE NUMBERS.
R  INDICATES RECORD WAS SET OR TIED.
MM INDICATES DATA IS MISSING.
T  INDICATES TRACE AMOUNT.




$$
