000
CDUS44 KFWD 280640
CLIDFW

CLIMATE REPORT
NATIONAL WEATHER SERVICE FORT WORTH TX
1238 AM CST WED JAN 28 2015

...THE DALLAS FORT WORTH CLIMATE SUMMARY FOR JANUARY 27 2015...

CLIMATE NORMAL PERIOD 1981 TO 2010
CLIMATE RECORD PERIOD 1898 TO 2015


WEATHER ITEM   OBSERVED TIME   RECORD YEAR NORMAL DEPARTURE LAST
                VALUE   (LST)  VALUE       VALUE  FROM      YEAR
                                                  NORMAL
..................................................................
TEMPERATURE (F)
 YESTERDAY
  MAXIMUM         78    358 PM  81    1975  57     21       52
  MINIMUM         41    633 AM  12    1963  36      5       25
  AVERAGE         60                        47     13       39

PRECIPITATION (IN)
  YESTERDAY        0.00          0.77 2000   0.07  -0.07     0.00
  MONTH TO DATE    3.08                      1.81   1.27     0.33
  SINCE DEC 1      4.21                      4.36  -0.15     3.09
  SINCE JAN 1      3.08                      1.81   1.27     0.33

SNOWFALL (IN)
  YESTERDAY        0.0           1.1  1961   0.0    0.0      0.0
  MONTH TO DATE    T                         0.2   -0.2       T
  SINCE DEC 1      T                         0.5   -0.5      2.1
  SINCE JUL 1      T                         0.5   -0.5      2.1
  SNOW DEPTH       0

DEGREE DAYS
 HEATING
  YESTERDAY        5                        18    -13       26
  MONTH TO DATE  588                       522     66      513
  SINCE DEC 1   1044                      1080    -36     1184
  SINCE JUL 1   1462                      1434     28     1585

 COOLING
  YESTERDAY        0                         0      0        0
  MONTH TO DATE    0                         0      0        0
  SINCE DEC 1      1                         4     -3        0
  SINCE JAN 1      0                         0      0        0
..................................................................


WIND (MPH)
  HIGHEST WIND SPEED    10   HIGHEST WIND DIRECTION     S (200)
  HIGHEST GUST SPEED    13   HIGHEST GUST DIRECTION     S (200)
  AVERAGE WIND SPEED     3.6


SKY COVER
  POSSIBLE SUNSHINE  MM
  AVERAGE SKY COVER 0.3


WEATHER CONDITIONS
 THE FOLLOWING WEATHER WAS RECORDED YESTERDAY.
  NO SIGNIFICANT WEATHER WAS OBSERVED.


RELATIVE HUMIDITY (PERCENT)
 HIGHEST    76           700 AM
 LOWEST     22           400 PM
 AVERAGE    49

..........................................................


THE DALLAS FORT WORTH CLIMATE NORMALS FOR TODAY
                         NORMAL    RECORD    YEAR
 MAXIMUM TEMPERATURE (F)   58        85      1903
 MINIMUM TEMPERATURE (F)   36        11      1948


SUNRISE AND SUNSET
JANUARY 28 2015.......SUNRISE   726 AM CST   SUNSET   557 PM CST
JANUARY 29 2015.......SUNRISE   725 AM CST   SUNSET   558 PM CST


-  INDICATES NEGATIVE NUMBERS.
R  INDICATES RECORD WAS SET OR TIED.
MM INDICATES DATA IS MISSING.
T  INDICATES TRACE AMOUNT.




$$
