971
CDUS44 KFWD 220640
CLIDFW


CLIMATE REPORT
NATIONAL WEATHER SERVICE FORT WORTH TX
139 AM CDT FRI MAY 22 2015


...................................

...THE DALLAS FORT WORTH CLIMATE SUMMARY FOR MAY 21 2015...

CLIMATE NORMAL PERIOD 1981 TO 2010
CLIMATE RECORD PERIOD 1898 TO 2015


WEATHER ITEM   OBSERVED TIME   RECORD YEAR NORMAL DEPARTURE LAST
                VALUE   (LST)  VALUE       VALUE  FROM      YEAR
                                                  NORMAL
..................................................................
TEMPERATURE (F)
 YESTERDAY
  MAXIMUM         66    446 PM  99    2005  85    -19       89
  MINIMUM         55    849 AM  51    1947  66    -11       70
  AVERAGE         61                        75    -14       80

PRECIPITATION (IN)
  YESTERDAY        0.57          1.07 1983   0.15   0.42     0.00
  MONTH TO DATE    6.87                      3.34   3.53     1.23
  SINCE MAR 1     14.96                      9.90   5.06     4.42
  SINCE JAN 1     21.54                     14.69   6.85     5.16

DEGREE DAYS
 HEATING
  YESTERDAY        4                         0      4        0
  MONTH TO DATE    4                         6     -2        9
  SINCE MAR 1    361                       350     11      430
  SINCE JUL 1   2397                      2282    115     2603

 COOLING
  YESTERDAY        0                        10    -10       15
  MONTH TO DATE  141                       165    -24      181
  SINCE MAR 1    264                       296    -32      348
  SINCE JAN 1    264                       303    -39      348
..................................................................


WIND (MPH)
  HIGHEST WIND SPEED    25   HIGHEST WIND DIRECTION    NE (30)
  HIGHEST GUST SPEED    32   HIGHEST GUST DIRECTION    NE (40)
  AVERAGE WIND SPEED    10.3


SKY COVER
  POSSIBLE SUNSHINE  MM
  AVERAGE SKY COVER 1.0


WEATHER CONDITIONS
 THE FOLLOWING WEATHER WAS RECORDED YESTERDAY.
  THUNDERSTORM
  HEAVY RAIN
  RAIN
  LIGHT RAIN
  FOG


RELATIVE HUMIDITY (PERCENT)
 HIGHEST   100           500 AM
 LOWEST     73           400 PM
 AVERAGE    87

..........................................................


THE DALLAS FORT WORTH CLIMATE NORMALS FOR TODAY
                         NORMAL    RECORD    YEAR
 MAXIMUM TEMPERATURE (F)   85        99      2005
 MINIMUM TEMPERATURE (F)   66        51      1931


SUNRISE AND SUNSET
MAY 22 2015...........SUNRISE   625 AM CDT   SUNSET   825 PM CDT
MAY 23 2015...........SUNRISE   624 AM CDT   SUNSET   826 PM CDT


-  INDICATES NEGATIVE NUMBERS.
R  INDICATES RECORD WAS SET OR TIED.
MM INDICATES DATA IS MISSING.
T  INDICATES TRACE AMOUNT.




$$
