000
CDUS44 KFWD 120640
CLIDFW


CLIMATE REPORT
NATIONAL WEATHER SERVICE FORT WORTH TX
1240 AM CST TUE DEC 12 2017


...................................

...THE DALLAS FORT WORTH CLIMATE SUMMARY FOR DECEMBER 11 2017...

CLIMATE NORMAL PERIOD 1981 TO 2010
CLIMATE RECORD PERIOD 1898 TO 2017


WEATHER ITEM   OBSERVED TIME   RECORD YEAR NORMAL DEPARTURE LAST
                VALUE   (LST)  VALUE       VALUE  FROM      YEAR
                                                  NORMAL
..................................................................
TEMPERATURE (F)
 YESTERDAY
  MAXIMUM         79    340 PM  80    1996  58     21       74
                                      1938
  MINIMUM         37    741 AM  20    1914  38     -1       46
  AVERAGE         58                        48     10       60

PRECIPITATION (IN)
  YESTERDAY        0.00          1.98 1946   0.08  -0.08      T
  MONTH TO DATE    0.29                      0.94  -0.65     0.55
  SINCE DEC 1      0.29                      0.94  -0.65     0.55
  SINCE JAN 1     32.35                     34.53  -2.18    35.43

SNOWFALL (IN)
  YESTERDAY        0.0           1.4  1986   0.0    0.0      0.0
  MONTH TO DATE    0.0                       0.1   -0.1      0.0
  SINCE DEC 1      0.0                       0.1   -0.1      0.0
  SINCE JUL 1      0.0                       0.1   -0.1      0.0
  SNOW DEPTH       0

DEGREE DAYS
 HEATING
  YESTERDAY        7                        17    -10        5
  MONTH TO DATE  120                       178    -58      197
  SINCE DEC 1    120                       178    -58      197
  SINCE JUL 1    323                       532   -209      299

 COOLING
  YESTERDAY        0                         0      0        0
  MONTH TO DATE   12                         0     12        0
  SINCE DEC 1     12                         0     12        0
  SINCE JAN 1   3271                      2752    519     3207
..................................................................


WIND (MPH)
  HIGHEST WIND SPEED    20   HIGHEST WIND DIRECTION     W (250)
  HIGHEST GUST SPEED    24   HIGHEST GUST DIRECTION     W (260)
  AVERAGE WIND SPEED     8.9


SKY COVER
  POSSIBLE SUNSHINE  MM
  AVERAGE SKY COVER 0.3


WEATHER CONDITIONS
 THE FOLLOWING WEATHER WAS RECORDED YESTERDAY.
  NO SIGNIFICANT WEATHER WAS OBSERVED.


RELATIVE HUMIDITY (PERCENT)
 HIGHEST    64           800 AM
 LOWEST      7           400 PM
 AVERAGE    36

..........................................................


THE DALLAS FORT WORTH CLIMATE NORMALS FOR TODAY
                         NORMAL    RECORD    YEAR
 MAXIMUM TEMPERATURE (F)   57        83      1973
 MINIMUM TEMPERATURE (F)   37        18      1989
                                             1932


SUNRISE AND SUNSET
DECEMBER 12 2017......SUNRISE   722 AM CST   SUNSET   522 PM CST
DECEMBER 13 2017......SUNRISE   722 AM CST   SUNSET   523 PM CST


-  INDICATES NEGATIVE NUMBERS.
R  INDICATES RECORD WAS SET OR TIED.
MM INDICATES DATA IS MISSING.
T  INDICATES TRACE AMOUNT.




$$
