000
CDUS44 KFWD 290639
CLIDFW


CLIMATE REPORT
NATIONAL WEATHER SERVICE FORT WORTH TX
139 AM CDT SUN MAY 29 2016


...................................

...THE DALLAS FORT WORTH CLIMATE SUMMARY FOR MAY 28 2016...

CLIMATE NORMAL PERIOD 1981 TO 2010
CLIMATE RECORD PERIOD 1898 TO 2016


WEATHER ITEM   OBSERVED TIME   RECORD YEAR NORMAL DEPARTURE LAST
                VALUE   (LST)  VALUE       VALUE  FROM      YEAR
                                                  NORMAL
..................................................................
TEMPERATURE (F)
 YESTERDAY
  MAXIMUM         88    415 PM 107    1927  87      1       88
  MINIMUM         67    644 AM  51    1907  68     -1       64
  AVERAGE         78                        77      1       76

PRECIPITATION (IN)
  YESTERDAY        T             3.60 1936   0.16  -0.16     1.56
  MONTH TO DATE    4.02                      4.43  -0.41    13.87
  SINCE MAR 1     11.29                     10.99   0.30    21.96
  SINCE JAN 1     14.53                     15.78  -1.25    28.54

DEGREE DAYS
 HEATING
  YESTERDAY        0                         0      0        0
  MONTH TO DATE   12                         6      6        6
  SINCE MAR 1    181                       350   -169      363
  SINCE JUL 1   1592                      2282   -690     2399

 COOLING
  YESTERDAY       13                        12      1       11
  MONTH TO DATE  213                       246    -33      181
  SINCE MAR 1    374                       377     -3      304
  SINCE JAN 1    385                       384      1      304
..................................................................


WIND (MPH)
  HIGHEST WIND SPEED    16   HIGHEST WIND DIRECTION    SE (120)
  HIGHEST GUST SPEED    23   HIGHEST GUST DIRECTION    SE (140)
  AVERAGE WIND SPEED     8.6


SKY COVER
  POSSIBLE SUNSHINE  MM
  AVERAGE SKY COVER 0.8


WEATHER CONDITIONS
 THE FOLLOWING WEATHER WAS RECORDED YESTERDAY.
  LIGHT RAIN
  FOG


RELATIVE HUMIDITY (PERCENT)
 HIGHEST    93           400 AM
 LOWEST     61           300 PM
 AVERAGE    77

..........................................................


THE DALLAS FORT WORTH CLIMATE NORMALS FOR TODAY
                         NORMAL    RECORD    YEAR
 MAXIMUM TEMPERATURE (F)   87        99      1951
                                             1916
 MINIMUM TEMPERATURE (F)   68        46      1947


SUNRISE AND SUNSET
MAY 29 2016...........SUNRISE   621 AM CDT   SUNSET   830 PM CDT
MAY 30 2016...........SUNRISE   621 AM CDT   SUNSET   831 PM CDT


-  INDICATES NEGATIVE NUMBERS.
R  INDICATES RECORD WAS SET OR TIED.
MM INDICATES DATA IS MISSING.
T  INDICATES TRACE AMOUNT.




$$
