000
CDUS44 KFWD 270648
CLIDFW


CLIMATE REPORT
NATIONAL WEATHER SERVICE FORT WORTH TX
148 AM CDT SAT MAY 27 2017

...THE DALLAS FORT WORTH CLIMATE SUMMARY FOR MAY 26 2017...

CLIMATE NORMAL PERIOD 1981 TO 2010
CLIMATE RECORD PERIOD 1898 TO 2017


WEATHER ITEM   OBSERVED TIME   RECORD YEAR NORMAL DEPARTURE LAST
                VALUE   (LST)  VALUE       VALUE  FROM      YEAR
                                                  NORMAL
..................................................................
TEMPERATURE (F)
 YESTERDAY
  MAXIMUM         96    254 PM  99    1980  86     10       81
  MINIMUM         75    341 AM  50    1901  67      8       67
  AVERAGE         86                        77      9       74

PRECIPITATION (IN)
  YESTERDAY        0.00          2.96 1900   0.15  -0.15     0.15
  MONTH TO DATE    0.53                      4.11  -3.58     3.10
  SINCE MAR 1      4.97                     10.67  -5.70    10.37
  SINCE JAN 1     11.69                     15.46  -3.77    13.61

DEGREE DAYS
 HEATING
  YESTERDAY        0                         0      0        0
  MONTH TO DATE    0                         6     -6       12
  SINCE MAR 1    117                       350   -233      181
  SINCE JUL 1   1305                      2282   -977     1592

 COOLING
  YESTERDAY       21                        12      9        9
  MONTH TO DATE  254                       222     32      191
  SINCE MAR 1    537                       353    184      352
  SINCE JAN 1    605                       360    245      363
..................................................................


WIND (MPH)
  HIGHEST WIND SPEED    26   HIGHEST WIND DIRECTION    SW (210)
  HIGHEST GUST SPEED    32   HIGHEST GUST DIRECTION     S (200)
  AVERAGE WIND SPEED    17.8


SKY COVER
  POSSIBLE SUNSHINE  MM
  AVERAGE SKY COVER 0.7


WEATHER CONDITIONS
 THE FOLLOWING WEATHER WAS RECORDED YESTERDAY.
  NO SIGNIFICANT WEATHER WAS OBSERVED.


RELATIVE HUMIDITY (PERCENT)
 HIGHEST    87           500 AM
 LOWEST     49           300 PM
 AVERAGE    68

..........................................................


THE DALLAS FORT WORTH CLIMATE NORMALS FOR TODAY
                         NORMAL    RECORD    YEAR
 MAXIMUM TEMPERATURE (F)   87       103      1928
 MINIMUM TEMPERATURE (F)   67        47      1901


SUNRISE AND SUNSET
MAY 27 2017...........SUNRISE   622 AM CDT   SUNSET   829 PM CDT
MAY 28 2017...........SUNRISE   622 AM CDT   SUNSET   829 PM CDT


-  INDICATES NEGATIVE NUMBERS.
R  INDICATES RECORD WAS SET OR TIED.
MM INDICATES DATA IS MISSING.
T  INDICATES TRACE AMOUNT.




$$
