000
CDUS44 KFWD 102128
CLIDFW

CLIMATE REPORT
NATIONAL WEATHER SERVICE FORT WORTH TX
427 PM CDT THU JUL 10 2014


...................................

...THE DALLAS FORT WORTH CLIMATE SUMMARY FOR JULY 10 2014...
VALID AS OF 0400 PM LOCAL TIME.

CLIMATE NORMAL PERIOD 1981 TO 2010
CLIMATE RECORD PERIOD 1898 TO 2014


WEATHER ITEM   OBSERVED TIME   RECORD YEAR NORMAL DEPARTURE LAST
                VALUE   (LST)  VALUE       VALUE  FROM      YEAR
                                                  NORMAL
..................................................................
TEMPERATURE (F)
 TODAY
  MAXIMUM         98    325 PM 107    1917  95      3      102
  MINIMUM         78    619 AM  56    1905  75      3       82
  AVERAGE         88

PRECIPITATION (IN)
  TODAY            0.00          2.14 1907   0.08  -0.08     0.00
  MONTH TO DATE    T                         0.90  -0.90     0.00
  SINCE JUN 1      3.26                      4.69  -1.43     2.14
  SINCE JAN 1     10.59                     20.94 -10.35    15.30

..................................................................


WIND (MPH)
  HIGHEST WIND SPEED    22   HIGHEST WIND DIRECTION     S (180)
  HIGHEST GUST SPEED    28   HIGHEST GUST DIRECTION     S (190)
  AVERAGE WIND SPEED    12.5




..........................................................


THE DALLAS FORT WORTH CLIMATE NORMALS FOR TOMORROW
                         NORMAL    RECORD    YEAR
 MAXIMUM TEMPERATURE (F)   95       107      1980
 MINIMUM TEMPERATURE (F)   75        59      1905


SUNRISE AND SUNSET
JULY 10 2014..........SUNRISE   628 AM CDT   SUNSET   839 PM CDT
JULY 11 2014..........SUNRISE   628 AM CDT   SUNSET   839 PM CDT


-  INDICATES NEGATIVE NUMBERS.
R  INDICATES RECORD WAS SET OR TIED.
MM INDICATES DATA IS MISSING.
T  INDICATES TRACE AMOUNT.




$$
