832
CDUS44 KFWD 230651
CLIDFW

CLIMATE REPORT
NATIONAL WEATHER SERVICE FORT WORTH TX
1250 AM CST MON JAN 23 2017

...................................

...THE DALLAS FORT WORTH CLIMATE SUMMARY FOR JANUARY 22 2017...

CLIMATE NORMAL PERIOD 1981 TO 2010
CLIMATE RECORD PERIOD 1898 TO 2017


WEATHER ITEM   OBSERVED TIME   RECORD YEAR NORMAL DEPARTURE LAST
                VALUE   (LST)  VALUE       VALUE  FROM      YEAR
                                                  NORMAL
..................................................................
TEMPERATURE (F)
 YESTERDAY
  MAXIMUM         66    353 PM  85    1909  57      9       49
  MINIMUM         48   1153 PM   6    1918  36     12       31
  AVERAGE         57                        46     11       40

PRECIPITATION (IN)
  YESTERDAY        0.00          1.95 1932   0.07  -0.07     0.00
  MONTH TO DATE    4.39                      1.43   2.96     1.04
  SINCE DEC 1      4.99                      3.98   1.01     4.87
  SINCE JAN 1      4.39                      1.43   2.96     1.04

SNOWFALL (IN)
  YESTERDAY        0.0           4.0  1940   0.0    0.0      0.0
  MONTH TO DATE    0.1                       0.1    0.0      0.0
  SINCE DEC 1      0.1                       0.4   -0.3       T
  SINCE JUL 1      0.1                       0.4   -0.3       T
  SNOW DEPTH       0

DEGREE DAYS
 HEATING
  YESTERDAY        8                        19    -11       25
  MONTH TO DATE  326                       429   -103      430
  SINCE DEC 1    810                       987   -177      786
  SINCE JUL 1    912                      1341   -429     1001

 COOLING
  YESTERDAY        0                         0      0        0
  MONTH TO DATE    6                         0      6        0
  SINCE DEC 1     22                         4     18        9
  SINCE JAN 1      6                         0      6        0
..................................................................


WIND (MPH)
  HIGHEST WIND SPEED    39   HIGHEST WIND DIRECTION    NW (320)
  HIGHEST GUST SPEED    48   HIGHEST GUST DIRECTION    NW (320)
  AVERAGE WIND SPEED    18.6


SKY COVER
  POSSIBLE SUNSHINE  MM
  AVERAGE SKY COVER 0.4


WEATHER CONDITIONS
 THE FOLLOWING WEATHER WAS RECORDED YESTERDAY.
  NO SIGNIFICANT WEATHER WAS OBSERVED.


RELATIVE HUMIDITY (PERCENT)
 HIGHEST    71          1000 AM
 LOWEST     29           400 PM
 AVERAGE    50

..........................................................


THE DALLAS FORT WORTH CLIMATE NORMALS FOR TODAY
                         NORMAL    RECORD    YEAR
 MAXIMUM TEMPERATURE (F)   57        88      1943
 MINIMUM TEMPERATURE (F)   36         9      1966


SUNRISE AND SUNSET
JANUARY 23 2017.......SUNRISE   728 AM CST   SUNSET   552 PM CST
JANUARY 24 2017.......SUNRISE   728 AM CST   SUNSET   553 PM CST


-  INDICATES NEGATIVE NUMBERS.
R  INDICATES RECORD WAS SET OR TIED.
MM INDICATES DATA IS MISSING.
T  INDICATES TRACE AMOUNT.

$$
