000
CDUS43 KDDC 260711
CLIDGC


CLIMATE REPORT
NATIONAL WEATHER SERVICE DODGE CITY KS
207 AM CDT FRI AUG 26 2016


...................................

...THE DODGE CITY KS CLIMATE SUMMARY FOR AUGUST 25 2016...

CLIMATE NORMAL PERIOD 1981 TO 2010
CLIMATE RECORD PERIOD 1875 TO 2016


WEATHER ITEM   OBSERVED TIME   RECORD YEAR NORMAL DEPARTURE LAST
                VALUE   (LST)  VALUE       VALUE  FROM      YEAR
                                                  NORMAL
..................................................................
TEMPERATURE (F)
 YESTERDAY
  MAXIMUM         79    329 PM 106    1973  90    -11       88
                                      1936
  MINIMUM         60    620 AM  49    1928  64     -4       60
  AVERAGE         70                        77     -7       74

PRECIPITATION (IN)
  YESTERDAY        0.50          0.88 1998   0.09   0.41     0.00
  MONTH TO DATE    1.79                      2.26  -0.47     1.64
  SINCE JUN 1      9.80                      8.58   1.22     5.86
  SINCE JAN 1     20.92                     16.10   4.82    19.58

SNOWFALL (IN)
  YESTERDAY        0.0           0.0  2002   0.0    0.0      0.0
                                      2001
  MONTH TO DATE    0.0                       0.0    0.0      0.0
  SINCE JUN 1      0.0                       0.0    0.0      0.0
  SINCE JUL 1      0.0                       0.0    0.0      0.0
  SNOW DEPTH       0

DEGREE DAYS
 HEATING
  YESTERDAY        0                         0      0        0
  MONTH TO DATE    0                         0      0        1
  SINCE JUN 1      1                        14    -13        2
  SINCE JUL 1      0                         1     -1        2

 COOLING
  YESTERDAY        5                        12     -7        9
  MONTH TO DATE  321                       341    -20      268
  SINCE JUN 1   1148                      1071     77     1067
  SINCE JAN 1   1206                      1180     26     1128
..................................................................


WIND (MPH)
  HIGHEST WIND SPEED    17   HIGHEST WIND DIRECTION     N (10)
  HIGHEST GUST SPEED    22   HIGHEST GUST DIRECTION     N (20)
  AVERAGE WIND SPEED     7.7


SKY COVER
  POSSIBLE SUNSHINE  MM
  AVERAGE SKY COVER 0.6


WEATHER CONDITIONS
 THE FOLLOWING WEATHER WAS RECORDED YESTERDAY.
  THUNDERSTORM
  HEAVY RAIN
  RAIN
  LIGHT RAIN
  FOG


RELATIVE HUMIDITY (PERCENT)
 HIGHEST   100           400 AM
 LOWEST     54           400 PM
 AVERAGE    77

..........................................................


THE DODGE CITY KS CLIMATE NORMALS FOR TODAY
                         NORMAL    RECORD    YEAR
 MAXIMUM TEMPERATURE (F)   89       106      2011
 MINIMUM TEMPERATURE (F)   64        45      1910


SUNRISE AND SUNSET
AUGUST 26 2016........SUNRISE   705 AM CDT   SUNSET   817 PM CDT
AUGUST 27 2016........SUNRISE   706 AM CDT   SUNSET   816 PM CDT


-  INDICATES NEGATIVE NUMBERS.
R  INDICATES RECORD WAS SET OR TIED.
MM INDICATES DATA IS MISSING.
T  INDICATES TRACE AMOUNT.




$$
