000
CDUS43 KDDC 011426
CLIDGC


CLIMATE REPORT
NATIONAL WEATHER SERVICE DODGE CITY KS
826 AM CST SUN FEB 1 2015


...................................

...THE DODGE CITY KS CLIMATE SUMMARY FOR FEBRUARY 1 2015...
VALID AS OF 0800 AM LOCAL TIME.

CLIMATE NORMAL PERIOD 1981 TO 2010
CLIMATE RECORD PERIOD 1875 TO 2015


WEATHER ITEM   OBSERVED TIME   RECORD YEAR NORMAL DEPARTURE LAST
                VALUE   (LST)  VALUE       VALUE  FROM      YEAR
                                                  NORMAL
..................................................................
TEMPERATURE (F)
 TODAY
  MAXIMUM         35   1205 AM  86    1963  46    -11       28
  MINIMUM         21    759 AM -15    1951  21      0       15
  AVERAGE         28                        33     -5       22

PRECIPITATION (IN)
  TODAY            0.03          0.57 1941   0.02   0.01     0.00
  MONTH TO DATE    0.03                      0.02   0.01     0.00
  SINCE DEC 1      1.69                      1.44   0.25     0.72
  SINCE JAN 1      0.69                      0.60   0.09     0.24

SNOWFALL (IN)
  TODAY            T             3.8  1983   0.2   -0.2      0.0
  MONTH TO DATE    T                         0.2   -0.2      0.0
  SINCE DEC 1      8.3                       9.2   -0.9      9.5
  SINCE JUL 1     10.5                      11.4   -0.9     14.5
  SNOW DEPTH       0

..................................................................


WIND (MPH)
  HIGHEST WIND SPEED    30   HIGHEST WIND DIRECTION    NW (330)
  HIGHEST GUST SPEED    42   HIGHEST GUST DIRECTION     N (350)
  AVERAGE WIND SPEED    24.4



WEATHER CONDITIONS
 THE FOLLOWING WEATHER WAS RECORDED TODAY.
  LIGHT RAIN
  LIGHT SNOW
  FOG


RELATIVE HUMIDITY (PERCENT)
 HIGHEST    85           400 AM
 LOWEST     71           800 AM

..........................................................


THE DODGE CITY KS CLIMATE NORMALS FOR TOMORROW
                         NORMAL    RECORD    YEAR
 MAXIMUM TEMPERATURE (F)   46        74      2003
 MINIMUM TEMPERATURE (F)   21       -11      1902


SUNRISE AND SUNSET
FEBRUARY  1 2015......SUNRISE   744 AM CST   SUNSET   603 PM CST
FEBRUARY  2 2015......SUNRISE   743 AM CST   SUNSET   604 PM CST


-  INDICATES NEGATIVE NUMBERS.
R  INDICATES RECORD WAS SET OR TIED.
MM INDICATES DATA IS MISSING.
T  INDICATES TRACE AMOUNT.




$$
