000
CDUS43 KDDC 250706
CLIDGC


CLIMATE REPORT
NATIONAL WEATHER SERVICE DODGE CITY KS
205 AM CDT MON SEP 25 2017


...................................

...THE DODGE CITY KS CLIMATE SUMMARY FOR SEPTEMBER 24 2017...

CLIMATE NORMAL PERIOD 1981 TO 2010
CLIMATE RECORD PERIOD 1875 TO 2017


WEATHER ITEM   OBSERVED TIME   RECORD YEAR NORMAL DEPARTURE LAST
                VALUE   (LST)  VALUE       VALUE  FROM      YEAR
                                                  NORMAL
..................................................................
TEMPERATURE (F)
 YESTERDAY
  MAXIMUM         82    420 PM  97    1933  79      3       80
  MINIMUM         61    639 AM  33    2000  52      9       56
                                      1989
  AVERAGE         72                        66      6       68

PRECIPITATION (IN)
  YESTERDAY        0.43          2.52 1959   0.05   0.38     0.02
  MONTH TO DATE    0.51                      1.40  -0.89     0.31
  SINCE SEP 1      0.51                      1.40  -0.89     0.31
  SINCE JAN 1     24.16                     17.99   6.17    22.32

SNOWFALL (IN)
  YESTERDAY        0.0           0.0  2002   0.0    0.0      0.0
                                      2001
  MONTH TO DATE    0.0                       0.0    0.0      0.0
  SINCE SEP 1      0.0                       0.0    0.0      0.0
  SINCE JUL 1      0.0                       0.0    0.0      0.0
  SNOW DEPTH       0

DEGREE DAYS
 HEATING
  YESTERDAY        0                         3     -3        0
  MONTH TO DATE    7                        35    -28        6
  SINCE SEP 1      7                        35    -28        6
  SINCE JUL 1      7                        39    -32        6

 COOLING
  YESTERDAY        7                         4      3        3
  MONTH TO DATE  244                       167     77      235
  SINCE SEP 1    244                       167     77      235
  SINCE JAN 1   1476                      1413     63     1489
..................................................................


WIND (MPH)
  HIGHEST WIND SPEED    25   HIGHEST WIND DIRECTION     S (170)
  HIGHEST GUST SPEED    33   HIGHEST GUST DIRECTION     S (160)
  AVERAGE WIND SPEED    12.0


SKY COVER
  POSSIBLE SUNSHINE  MM
  AVERAGE SKY COVER 0.8


WEATHER CONDITIONS
 THE FOLLOWING WEATHER WAS RECORDED YESTERDAY.
  HEAVY RAIN
  RAIN
  LIGHT RAIN
  FOG


RELATIVE HUMIDITY (PERCENT)
 HIGHEST   100          1000 AM
 LOWEST     54           400 PM
 AVERAGE    77

..........................................................


THE DODGE CITY KS CLIMATE NORMALS FOR TODAY
                         NORMAL    RECORD    YEAR
 MAXIMUM TEMPERATURE (F)   78        98      1998
 MINIMUM TEMPERATURE (F)   52        31      2000


SUNRISE AND SUNSET
SEPTEMBER 25 2017.....SUNRISE   730 AM CDT   SUNSET   732 PM CDT
SEPTEMBER 26 2017.....SUNRISE   731 AM CDT   SUNSET   730 PM CDT


-  INDICATES NEGATIVE NUMBERS.
R  INDICATES RECORD WAS SET OR TIED.
MM INDICATES DATA IS MISSING.
T  INDICATES TRACE AMOUNT.




$$
