000
CDUS45 KCYS 300735
CLIDGW


CLIMATE REPORT
NATIONAL WEATHER SERVICE CHEYENNE WY
134 AM MDT WED JUL 30 2014


...................................

...THE DOUGLAS WY AIRPORT CLIMATE SUMMARY FOR JULY 29 2014...

CLIMATE NORMAL PERIOD 1981 TO 2010
CLIMATE RECORD PERIOD 1998 TO 2014


WEATHER ITEM   OBSERVED TIME   RECORD YEAR NORMAL DEPARTURE LAST
                VALUE   (LST)  VALUE       VALUE  FROM      YEAR
                                                  NORMAL
..................................................................
TEMPERATURE (F)
 YESTERDAY
  MAXIMUM         79   1158 AM 105    2006  89    -10       84
  MINIMUM         57   1159 PM  47    2009  55      2       56
  AVERAGE         68                        72     -4       70

PRECIPITATION (IN)
  YESTERDAY        0.19          0.37 2010   0.04   0.15     0.13
  MONTH TO DATE    2.15                      1.29   0.86     0.60
  SINCE JAN 1      8.98                      8.84   0.14     5.79

DEGREE DAYS
 HEATING
  YESTERDAY        0                         0      0        0
  MONTH TO DATE   14                         9      5        0
  SINCE JUN 1    157                       119     38       56
  SINCE JUL 1     14                         9      5        0

 COOLING
  YESTERDAY        3                         8     -5        5
  MONTH TO DATE  203                       191     12      266
  SINCE JUN 1    230                       262    -32      372
  SINCE JAN 1    235                       268    -33      388
..................................................................


WIND (MPH)
  HIGHEST WIND SPEED    24   HIGHEST WIND DIRECTION    NW (300)
  HIGHEST GUST SPEED    26   HIGHEST GUST DIRECTION    NE (50)
  AVERAGE WIND SPEED     9.4


SKY COVER
  AVERAGE SKY COVER 0.6


WEATHER CONDITIONS
 THE FOLLOWING WEATHER WAS RECORDED YESTERDAY.
  THUNDERSTORM
  LIGHT RAIN
  FOG


RELATIVE HUMIDITY (PERCENT)
 HIGHEST    87           700 PM
 LOWEST     39          1200 PM
 AVERAGE    63

..........................................................


THE DOUGLAS WY AIRPORT CLIMATE NORMALS FOR TODAY
                         NORMAL    RECORD    YEAR
 MAXIMUM TEMPERATURE (F)   89       103      2006
 MINIMUM TEMPERATURE (F)   55        42      2009


SUNRISE AND SUNSET
JULY 30 2014..........SUNRISE   551 AM MDT   SUNSET   824 PM MDT
JULY 31 2014..........SUNRISE   552 AM MDT   SUNSET   823 PM MDT


-  INDICATES NEGATIVE NUMBERS.
R  INDICATES RECORD WAS SET OR TIED.
MM INDICATES DATA IS MISSING.
T  INDICATES TRACE AMOUNT.




$$
