971
CDUS45 KCYS 050728
CLIDGW


CLIMATE REPORT
NATIONAL WEATHER SERVICE CHEYENNE WY
128 AM MDT THU MAY 5 2016


...................................

...THE DOUGLAS WY AIRPORT CLIMATE SUMMARY FOR MAY 4 2016...

CLIMATE NORMAL PERIOD 1981 TO 2010
CLIMATE RECORD PERIOD 1998 TO 2016


WEATHER ITEM   OBSERVED TIME   RECORD YEAR NORMAL DEPARTURE LAST
                VALUE   (LST)  VALUE       VALUE  FROM      YEAR
                                                  NORMAL
..................................................................
TEMPERATURE (F)
 YESTERDAY
  MAXIMUM         75    449 PM  86    2000  64     11       59
  MINIMUM         33    406 AM  28    2008  34     -1       45
                                      2002
  AVERAGE         54                        49      5       52

PRECIPITATION (IN)
  YESTERDAY        0.00          0.19 2006   0.08  -0.08     0.01
  MONTH TO DATE    0.00                      0.33  -0.33     0.22
  SINCE JAN 1      5.45                      3.48   1.97     4.85

DEGREE DAYS
 HEATING
  YESTERDAY       11                        16     -5       13
  MONTH TO DATE   68                        66      2       40
  SINCE MAR 1   1517                      1623   -106     1402
  SINCE JUL 1   6328                      7023   -695     6405

 COOLING
  YESTERDAY        0                         0      0        0
  MONTH TO DATE    0                         0      0        0
  SINCE MAR 1      0                         0      0        1
  SINCE JAN 1      0                         0      0        1
..................................................................


WIND (MPH)
  HIGHEST WIND SPEED    13   HIGHEST WIND DIRECTION     E (110)
  HIGHEST GUST SPEED    15   HIGHEST GUST DIRECTION    SW (220)
  AVERAGE WIND SPEED     4.6


SKY COVER
  AVERAGE SKY COVER 0.0


WEATHER CONDITIONS
 THE FOLLOWING WEATHER WAS RECORDED YESTERDAY.
  NO SIGNIFICANT WEATHER WAS OBSERVED.


RELATIVE HUMIDITY (PERCENT)
 HIGHEST   100           500 AM
 LOWEST     23           400 PM
 AVERAGE    62

..........................................................


THE DOUGLAS WY AIRPORT CLIMATE NORMALS FOR TODAY
                         NORMAL    RECORD    YEAR
 MAXIMUM TEMPERATURE (F)   64        89      2000
 MINIMUM TEMPERATURE (F)   35        22      2011
                                             2010


SUNRISE AND SUNSET
MAY  5 2016...........SUNRISE   550 AM MDT   SUNSET   807 PM MDT
MAY  6 2016...........SUNRISE   548 AM MDT   SUNSET   808 PM MDT


-  INDICATES NEGATIVE NUMBERS.
R  INDICATES RECORD WAS SET OR TIED.
MM INDICATES DATA IS MISSING.
T  INDICATES TRACE AMOUNT.




$$
