000
CDUS45 KCYS 280326
CLIDGW


CLIMATE REPORT
NATIONAL WEATHER SERVICE CHEYENNE WY
925 PM MDT WED AUG 27 2014


...................................

...THE DOUGLAS WY AIRPORT CLIMATE SUMMARY FOR AUGUST 27 2014...
VALID TODAY AS OF 0900 PM LOCAL TIME.

CLIMATE NORMAL PERIOD 1981 TO 2010
CLIMATE RECORD PERIOD 1998 TO 2014


WEATHER ITEM   OBSERVED TIME   RECORD YEAR NORMAL DEPARTURE LAST
                VALUE   (LST)  VALUE       VALUE  FROM      YEAR
                                                  NORMAL
..................................................................
TEMPERATURE (F)
 TODAY
  MAXIMUM         67    450 PM  99    2011  84    -17       94
  MINIMUM         55    305 AM  43    2009  50      5       65
                                      2005
  AVERAGE         61                        67     -6       80

PRECIPITATION (IN)
  TODAY            0.29R         0.09 2006   0.04   0.25     0.01
  MONTH TO DATE    1.41                      0.97   0.44     0.43
  SINCE JAN 1     10.39                      9.88   0.51     6.22

DEGREE DAYS
 HEATING
  TODAY            4                         2      2        0
  MONTH TO DATE   18                        19     -1        0
  SINCE JUN 1    175                       144     31       56
  SINCE JUL 1     32                        34     -2        0

 COOLING
  TODAY            0                         4     -4       15
  MONTH TO DATE  131                       162    -31      206
  SINCE JUN 1    364                       438    -74      590
  SINCE JAN 1    369                       444    -75      606
..................................................................


WIND (MPH)
  HIGHEST WIND SPEED    13   HIGHEST WIND DIRECTION     N (20)
  HIGHEST GUST SPEED    17   HIGHEST GUST DIRECTION     N (10)
  AVERAGE WIND SPEED     6.4


SKY COVER
  AVERAGE SKY COVER 0.8


WEATHER CONDITIONS
 THE FOLLOWING WEATHER WAS RECORDED TODAY.
  RAIN
  LIGHT RAIN
  FOG
  FOG W/VISIBILITY <= 1/4 MILE


RELATIVE HUMIDITY (PERCENT)
 HIGHEST   100           400 AM
 LOWEST     73           500 PM
 AVERAGE    87

..........................................................


THE DOUGLAS WY AIRPORT CLIMATE NORMALS FOR TOMORROW
                         NORMAL    RECORD    YEAR
 MAXIMUM TEMPERATURE (F)   84        98      2012
 MINIMUM TEMPERATURE (F)   50        34      2004


SUNRISE AND SUNSET
AUGUST 27 2014........SUNRISE   621 AM MDT   SUNSET   744 PM MDT
AUGUST 28 2014........SUNRISE   622 AM MDT   SUNSET   743 PM MDT


-  INDICATES NEGATIVE NUMBERS.
R  INDICATES RECORD WAS SET OR TIED.
MM INDICATES DATA IS MISSING.
T  INDICATES TRACE AMOUNT.




$$
