000
CDUS45 KCYS 230740
CLIDGW


CLIMATE REPORT
NATIONAL WEATHER SERVICE CHEYENNE WY
1239 AM MST SUN NOV 23 2014


...................................

...THE DOUGLAS WY AIRPORT CLIMATE SUMMARY FOR NOVEMBER 22 2014...

CLIMATE NORMAL PERIOD 1981 TO 2010
CLIMATE RECORD PERIOD 1998 TO 2014


WEATHER ITEM   OBSERVED TIME   RECORD YEAR NORMAL DEPARTURE LAST
                VALUE   (LST)  VALUE       VALUE  FROM      YEAR
                                                  NORMAL
..................................................................
TEMPERATURE (F)
 YESTERDAY
  MAXIMUM         MM        MM  65    2006  43     MM       26
  MINIMUM         MM        MM -12    2013  17     MM      -12
  AVERAGE         MM                        30     MM        7

PRECIPITATION (IN)
  YESTERDAY        0.00          0.02 2003   0.02  -0.02     0.00
  MONTH TO DATE    0.14                      0.51  -0.37     0.22
  SINCE JAN 1     12.14                     12.85  -0.71     9.48

DEGREE DAYS
 HEATING
  YESTERDAY       MM                        35     MM       58
  MONTH TO DATE  747                       660     87      655
  SINCE SEP 1   1368                      1486   -118     1473
  SINCE JUL 1   1405                      1527   -122     1473

 COOLING
  YESTERDAY       MM                         0     MM        0
  MONTH TO DATE    0                         0      0        0
  SINCE SEP 1     24                        28     -4       88
  SINCE JAN 1    401                       486    -85      739
..................................................................


WIND (MPH)
  HIGHEST WIND SPEED    36   HIGHEST WIND DIRECTION     W (270)
  HIGHEST GUST SPEED    56   HIGHEST GUST DIRECTION     W (260)
  AVERAGE WIND SPEED    20.4


SKY COVER
  AVERAGE SKY COVER 0.0


WEATHER CONDITIONS
 THE FOLLOWING WEATHER WAS RECORDED YESTERDAY.
  NO SIGNIFICANT WEATHER WAS OBSERVED.


RELATIVE HUMIDITY (PERCENT)
 HIGHEST    MM
 LOWEST     MM
 AVERAGE    MM

..........................................................


THE DOUGLAS WY AIRPORT CLIMATE NORMALS FOR TODAY
                         NORMAL    RECORD    YEAR
 MAXIMUM TEMPERATURE (F)   43        64      2006
 MINIMUM TEMPERATURE (F)   16        -3      2003


SUNRISE AND SUNSET
NOVEMBER 23 2014......SUNRISE   703 AM MST   SUNSET   432 PM MST
NOVEMBER 24 2014......SUNRISE   704 AM MST   SUNSET   432 PM MST


-  INDICATES NEGATIVE NUMBERS.
R  INDICATES RECORD WAS SET OR TIED.
MM INDICATES DATA IS MISSING.
T  INDICATES TRACE AMOUNT.




$$
