000
CDUS45 KCYS 230733
CLIDGW


CLIMATE REPORT
NATIONAL WEATHER SERVICE CHEYENNE WY
131 AM MDT WED APR 23 2014


...................................

...THE DOUGLAS WY AIRPORT CLIMATE SUMMARY FOR APRIL 22 2014...

CLIMATE NORMAL PERIOD 1981 TO 2010
CLIMATE RECORD PERIOD 1998 TO 2014


WEATHER ITEM   OBSERVED TIME   RECORD YEAR NORMAL DEPARTURE LAST
                VALUE   (LST)  VALUE       VALUE  FROM      YEAR
                                                  NORMAL
..................................................................
TEMPERATURE (F)
 YESTERDAY
  MAXIMUM         64   1258 PM  79    2006  60      4       38
  MINIMUM         39    428 AM  19    2013  31      8       19
  AVERAGE         52                        45      7       29

PRECIPITATION (IN)
  YESTERDAY        0.01          0.26 2010   0.06  -0.05     0.03
  MONTH TO DATE    0.73                      1.00  -0.27     1.85
  SINCE JAN 1      2.97                      2.64   0.33     2.82

DEGREE DAYS
 HEATING
  YESTERDAY       13                        20     -7       36
  MONTH TO DATE  472                       493    -21      656
  SINCE MAR 1   1364                      1411    -47     1569
  SINCE JUL 1   6954                      6811    143     6600

 COOLING
  YESTERDAY        0                         0      0        0
  MONTH TO DATE    0                         0      0        0
  SINCE MAR 1      0                         0      0        0
  SINCE JAN 1      0                         0      0        0
..................................................................


WIND (MPH)
  HIGHEST WIND SPEED    21   HIGHEST WIND DIRECTION     S (160)
  HIGHEST GUST SPEED    25   HIGHEST GUST DIRECTION     S (160)
  AVERAGE WIND SPEED     8.4


SKY COVER
  AVERAGE SKY COVER 0.3


WEATHER CONDITIONS
 THE FOLLOWING WEATHER WAS RECORDED YESTERDAY.
  THUNDERSTORM
  LIGHT RAIN


RELATIVE HUMIDITY (PERCENT)
 HIGHEST    79           500 AM
 LOWEST     42          1200 PM
 AVERAGE    61

..........................................................


THE DOUGLAS WY AIRPORT CLIMATE NORMALS FOR TODAY
                         NORMAL    RECORD    YEAR
 MAXIMUM TEMPERATURE (F)   60        85      2012
 MINIMUM TEMPERATURE (F)   31        13      2013


SUNRISE AND SUNSET
APRIL 23 2014.........SUNRISE   607 AM MDT   SUNSET   753 PM MDT
APRIL 24 2014.........SUNRISE   606 AM MDT   SUNSET   754 PM MDT


-  INDICATES NEGATIVE NUMBERS.
R  INDICATES RECORD WAS SET OR TIED.
MM INDICATES DATA IS MISSING.
T  INDICATES TRACE AMOUNT.




$$
