000
CDUS45 KCYS 020728
CLIDGW


CLIMATE REPORT
NATIONAL WEATHER SERVICE CHEYENNE WY
127 AM MDT THU OCT 2 2014


...................................

...THE DOUGLAS WY AIRPORT CLIMATE SUMMARY FOR OCTOBER 1 2014...

CLIMATE NORMAL PERIOD 1981 TO 2010
CLIMATE RECORD PERIOD 1998 TO 2014


WEATHER ITEM   OBSERVED TIME   RECORD YEAR NORMAL DEPARTURE LAST
                VALUE   (LST)  VALUE       VALUE  FROM      YEAR
                                                  NORMAL
..................................................................
TEMPERATURE (F)
 YESTERDAY
  MAXIMUM         49    501 AM  89    2011  67    -18       76
  MINIMUM         35   1033 PM  28    2003  35      0       35
  AVERAGE         42                        51     -9       56

PRECIPITATION (IN)
  YESTERDAY        0.22R         0.19 2002   0.05   0.17     0.00
  MONTH TO DATE    0.22                      0.05   0.17     0.00
  SINCE JAN 1     11.80                     11.33   0.47     7.26

DEGREE DAYS
 HEATING
  YESTERDAY       23                        14      9        9
  MONTH TO DATE   23                        14      9        9
  SINCE SEP 1    195                       242    -47      147
  SINCE JUL 1    232                       283    -51      147

 COOLING
  YESTERDAY        0                         0      0        0
  MONTH TO DATE    0                         0      0        0
  SINCE SEP 1     24                        28     -4       88
  SINCE JAN 1    401                       486    -85      739
..................................................................


WIND (MPH)
  HIGHEST WIND SPEED    18   HIGHEST WIND DIRECTION     N (360)
  HIGHEST GUST SPEED    24   HIGHEST GUST DIRECTION     N (360)
  AVERAGE WIND SPEED     6.6


SKY COVER
  AVERAGE SKY COVER 0.8


WEATHER CONDITIONS
 THE FOLLOWING WEATHER WAS RECORDED YESTERDAY.
  RAIN
  LIGHT RAIN
  FOG


RELATIVE HUMIDITY (PERCENT)
 HIGHEST   100          1000 PM
 LOWEST     76           400 PM
 AVERAGE    88

..........................................................


THE DOUGLAS WY AIRPORT CLIMATE NORMALS FOR TODAY
                         NORMAL    RECORD    YEAR
 MAXIMUM TEMPERATURE (F)   67        86      2011
 MINIMUM TEMPERATURE (F)   35        29      2009


SUNRISE AND SUNSET
OCTOBER  2 2014.......SUNRISE   700 AM MDT   SUNSET   641 PM MDT
OCTOBER  3 2014.......SUNRISE   701 AM MDT   SUNSET   639 PM MDT


-  INDICATES NEGATIVE NUMBERS.
R  INDICATES RECORD WAS SET OR TIED.
MM INDICATES DATA IS MISSING.
T  INDICATES TRACE AMOUNT.




$$
