651
CDUS44 KTAE 240632
CLIDHN


CLIMATE REPORT
NATIONAL WEATHER SERVICE TALLAHASSEE FL
231 AM EDT MON JUL 24 2017

...................................

...THE DOTHAN CLIMATE SUMMARY FOR JULY 23 2017...

CLIMATE NORMAL PERIOD 1981 TO 2010
CLIMATE RECORD PERIOD 1965 TO 2017


WEATHER ITEM   OBSERVED TIME   NORMAL DEPARTURE LAST
                VALUE   (LST)  VALUE  FROM      YEAR
                                      NORMAL
......................................................
TEMPERATURE (F)
 YESTERDAY
  MAXIMUM         92    139 PM  92      0       92
  MINIMUM         75    619 AM  72      3       73
  AVERAGE         84            82      2       83

PRECIPITATION (IN)
  YESTERDAY        0.00          0.19  -0.19     0.04
  MONTH TO DATE    1.93          4.41  -2.48     6.70
  SINCE JUN 1      7.32         10.01  -2.69    11.79
  SINCE JAN 1     34.57         32.37   2.20    36.21

SNOWFALL (IN)
  YESTERDAY        0.0

DEGREE DAYS
 COOLING
  YESTERDAY       19            17      2       18
  MONTH TO DATE  398           390      8      421
  SINCE JUN 1    807           834    -27      912
  SINCE JAN 1   1403          1247    156     1365
......................................................


WIND (MPH)
  HIGHEST WIND SPEED    18   HIGHEST WIND DIRECTION     S (200)
  HIGHEST GUST SPEED    23   HIGHEST GUST DIRECTION     S (200)
  AVERAGE WIND SPEED     7.4





-  INDICATES NEGATIVE NUMBERS.
R  INDICATES RECORD WAS SET OR TIED.
MM INDICATES DATA IS MISSING.
T  INDICATES TRACE AMOUNT.

$$
