000
CDUS44 KTAE 230640
CLIDHN


CLIMATE REPORT
NATIONAL WEATHER SERVICE TALLAHASSEE FL
239 AM EDT WED JUL 23 2014


...................................

...THE DOTHAN CLIMATE SUMMARY FOR JULY 22 2014...

CLIMATE NORMAL PERIOD 1981 TO 2010
CLIMATE RECORD PERIOD 1965 TO 2014


WEATHER ITEM   OBSERVED TIME   NORMAL DEPARTURE LAST
                VALUE   (LST)  VALUE  FROM      YEAR
                                      NORMAL
......................................................
TEMPERATURE (F)
 YESTERDAY
  MAXIMUM         88    429 PM  92     -4       85
  MINIMUM         72   1040 PM  72      0       72
  AVERAGE         80            82     -2       79

PRECIPITATION (IN)
  YESTERDAY        1.00          0.19   0.81     0.14
  MONTH TO DATE    2.97          4.22  -1.25    14.12
  SINCE JUN 1      5.45          9.82  -4.37    18.71
  SINCE JAN 1     35.52         32.18   3.34    46.01

SNOWFALL (IN)
  YESTERDAY        0.0

DEGREE DAYS
 COOLING
  YESTERDAY       15            17     -2       14
  MONTH TO DATE  359           373    -14      306
  SINCE JUN 1    833           817     16      766
  SINCE JAN 1   1218          1230    -12     1138
......................................................










-  INDICATES NEGATIVE NUMBERS.
R  INDICATES RECORD WAS SET OR TIED.
MM INDICATES DATA IS MISSING.
T  INDICATES TRACE AMOUNT.




$$
