000
CDUS44 KTAE 290641
CLIDHN


CLIMATE REPORT
NATIONAL WEATHER SERVICE TALLAHASSEE FL
235 AM EDT SUN MAR 29 2015


...................................

...THE DOTHAN CLIMATE SUMMARY FOR MARCH 28 2015...

CLIMATE NORMAL PERIOD 1981 TO 2010
CLIMATE RECORD PERIOD 1965 TO 2015


WEATHER ITEM   OBSERVED TIME   NORMAL DEPARTURE LAST
                VALUE   (LST)  VALUE  FROM      YEAR
                                      NORMAL
......................................................
TEMPERATURE (F)
 YESTERDAY
  MAXIMUM         61    211 PM  73    -12       65
  MINIMUM         38    534 AM  49    -11       56
  AVERAGE         50            61    -11       61

PRECIPITATION (IN)
  YESTERDAY        0.00          0.23  -0.23     1.91
  MONTH TO DATE    4.31          5.13  -0.82     4.61
  SINCE MAR 1      4.31          5.13  -0.82     4.61
  SINCE JAN 1     10.98         14.53  -3.55    12.34

SNOWFALL (IN)
  YESTERDAY        0.0

DEGREE DAYS
 HEATING
  YESTERDAY       15             5     10        4
  MONTH TO DATE  119           197    -78      249
  SINCE MAR 1    119           197    -78      249
  SINCE JUL 1   1806          1756     50     1914

 COOLING
  YESTERDAY        0             1     -1        0
  MONTH TO DATE   74            27     47        2
  SINCE MAR 1     74            27     47        2
  SINCE JAN 1     78            37     41       11
......................................................


WIND (MPH)
  HIGHEST WIND SPEED    24   HIGHEST WIND DIRECTION    NW (330)
  HIGHEST GUST SPEED    30   HIGHEST GUST DIRECTION    NW (310)
  AVERAGE WIND SPEED     9.4








-  INDICATES NEGATIVE NUMBERS.
R  INDICATES RECORD WAS SET OR TIED.
MM INDICATES DATA IS MISSING.
T  INDICATES TRACE AMOUNT.




$$
