000
CDUS44 KTAE 212238
CLIDHN


CLIMATE REPORT
NATIONAL WEATHER SERVICE TALLAHASSEE FL
537 PM EST TUE FEB 21 2017


...................................

...THE DOTHAN CLIMATE SUMMARY FOR FEBRUARY 21 2017...
VALID TODAY AS OF 0500 PM LOCAL TIME.

CLIMATE NORMAL PERIOD 1981 TO 2010
CLIMATE RECORD PERIOD 1965 TO 2017


WEATHER ITEM   OBSERVED TIME   NORMAL DEPARTURE LAST
                VALUE   (LST)  VALUE  FROM      YEAR
                                      NORMAL
......................................................
TEMPERATURE (F)
 TODAY
  MAXIMUM         68   1202 PM  66      2       73
  MINIMUM         56   1233 AM  42     14       56
  AVERAGE         62            54      8       65

PRECIPITATION (IN)
  TODAY            0.65          0.17   0.48     0.00
  MONTH TO DATE    2.65          3.63  -0.98     4.53
  SINCE DEC 1     27.49         12.65  14.84    18.95
  SINCE JAN 1     17.13          8.26   8.87     8.82

......................................................










-  INDICATES NEGATIVE NUMBERS.
R  INDICATES RECORD WAS SET OR TIED.
MM INDICATES DATA IS MISSING.
T  INDICATES TRACE AMOUNT.




$$
