000
CDUS44 KTAE 290911
CLIDHN


CLIMATE REPORT
NATIONAL WEATHER SERVICE TALLAHASSEE FL
511 AM EDT SAT AUG 29 2015


...................................

...THE DOTHAN CLIMATE SUMMARY FOR AUGUST 28 2015...

CLIMATE NORMAL PERIOD 1981 TO 2010
CLIMATE RECORD PERIOD 1965 TO 2015


WEATHER ITEM   OBSERVED TIME   NORMAL DEPARTURE LAST
                VALUE   (LST)  VALUE  FROM      YEAR
                                      NORMAL
......................................................
TEMPERATURE (F)
 YESTERDAY
  MAXIMUM         91   1206 PM  91      0       93
  MINIMUM         72   1159 PM  70      2       63
  AVERAGE         82            80      2       78

PRECIPITATION (IN)
  YESTERDAY        0.17          0.13   0.04     0.00
  MONTH TO DATE    3.89          4.12  -0.23     2.17
  SINCE JUN 1     11.20         15.67  -4.47     9.86
  SINCE JAN 1     35.45         38.03  -2.58    39.93

SNOWFALL (IN)
  YESTERDAY        0.0

DEGREE DAYS
 COOLING
  YESTERDAY       17            15      2       13
  MONTH TO DATE  508           455     53      475
  SINCE JUN 1   1587          1423    164     1444
  SINCE JAN 1   2175          1836    339     1829
......................................................


WIND (MPH)
  HIGHEST WIND SPEED    18   HIGHEST WIND DIRECTION    NE (50)
  HIGHEST GUST SPEED    29   HIGHEST GUST DIRECTION    NE (60)
  AVERAGE WIND SPEED     7.2








-  INDICATES NEGATIVE NUMBERS.
R  INDICATES RECORD WAS SET OR TIED.
MM INDICATES DATA IS MISSING.
T  INDICATES TRACE AMOUNT.




$$
